{"id":5099,"date":"2023-12-08T17:09:05","date_gmt":"2023-12-08T16:09:05","guid":{"rendered":"https:\/\/alliancefr.se\/uppsala\/?page_id=5099"},"modified":"2026-02-15T15:18:25","modified_gmt":"2026-02-15T14:18:25","slug":"journee-a-theme","status":"publish","type":"page","link":"https:\/\/alliancefr.se\/uppsala\/journee-a-theme\/","title":{"rendered":"Journ\u00e9e \u00e0 th\u00e8me"},"content":{"rendered":"\t\t<div data-elementor-type=\"wp-page\" data-elementor-id=\"5099\" class=\"elementor elementor-5099\">\n\t\t\t\t\t\t<section class=\"elementor-section elementor-top-section elementor-element elementor-element-0e51e39 elementor-section-boxed elementor-section-height-default elementor-section-height-default\" data-id=\"0e51e39\" data-element_type=\"section\">\n\t\t\t\t\t\t<div class=\"elementor-container elementor-column-gap-default\">\n\t\t\t\t\t<div class=\"elementor-column elementor-col-100 elementor-top-column elementor-element elementor-element-ac96306\" data-id=\"ac96306\" data-element_type=\"column\">\n\t\t\t<div class=\"elementor-widget-wrap elementor-element-populated\">\n\t\t\t\t\t\t<div class=\"elementor-element elementor-element-61376ae elementor-widget elementor-widget-text-editor\" data-id=\"61376ae\" data-element_type=\"widget\" data-widget_type=\"text-editor.default\">\n\t\t\t\t<div class=\"elementor-widget-container\">\n\t\t\t\t\t\t\t\t\t<p>La Journ\u00e9e \u00e0 th\u00e8me 2026 de l\u2019Alliance fran\u00e7aise d\u2019Upsal a eu lieu le 14 f\u00e9vrier 2026.<\/p><p>Merci \u00e0 tous et toutes d&rsquo;avoir particip\u00e9 et \u00e0 l&rsquo;ann\u00e9e prochaine pour une nouvelle journ\u00e9e \u00e0 th\u00e8me !<\/p>\t\t\t\t\t\t\t\t<\/div>\n\t\t\t\t<\/div>\n\t\t\t\t\t<\/div>\n\t\t<\/div>\n\t\t\t\t\t<\/div>\n\t\t<\/section>\n\t\t\t\t<\/div>\n\t\t","protected":false},"excerpt":{"rendered":"<p>La Journ\u00e9e \u00e0 th\u00e8me 2026 de l\u2019Alliance fran\u00e7aise d\u2019Upsal a eu lieu le 14 f\u00e9vrier 2026. Merci \u00e0 tous et toutes d&rsquo;avoir particip\u00e9 et \u00e0 l&rsquo;ann\u00e9e prochaine pour une nouvelle journ\u00e9e \u00e0 th\u00e8me !<\/p>\n","protected":false},"author":1,"featured_media":0,"parent":0,"menu_order":0,"comment_status":"closed","ping_status":"closed","template":"","meta":{"om_disable_all_campaigns":false,"_monsterinsights_skip_tracking":false,"_monsterinsights_sitenote_active":false,"_monsterinsights_sitenote_note":"","_monsterinsights_sitenote_category":0,"_uf_show_specific_survey":0,"_uf_disable_surveys":false,"footnotes":""},"class_list":["post-5099","page","type-page","status-publish","hentry"],"aioseo_notices":[],"rttpg_featured_image_url":null,"rttpg_author":{"display_name":"Super.admin","author_link":"https:\/\/alliancefr.se\/uppsala\/author\/admin2174\/"},"rttpg_comment":0,"rttpg_category":" <a href=\"https:\/\/alliancefr.se\/uppsala\/\" rel=\"tag\">Fran\u00e7ais<\/a>","rttpg_excerpt":"La Journ\u00e9e \u00e0 th\u00e8me 2026 de l\u2019Alliance fran\u00e7aise d\u2019Upsal a eu lieu le 14 f\u00e9vrier 2026. Merci \u00e0 tous et toutes d&rsquo;avoir particip\u00e9 et \u00e0 l&rsquo;ann\u00e9e prochaine pour une nouvelle journ\u00e9e \u00e0 th\u00e8me !","_links":{"self":[{"href":"https:\/\/alliancefr.se\/uppsala\/wp-json\/wp\/v2\/pages\/5099","targetHints":{"allow":["GET"]}}],"collection":[{"href":"https:\/\/alliancefr.se\/uppsala\/wp-json\/wp\/v2\/pages"}],"about":[{"href":"https:\/\/alliancefr.se\/uppsala\/wp-json\/wp\/v2\/types\/page"}],"author":[{"embeddable":true,"href":"https:\/\/alliancefr.se\/uppsala\/wp-json\/wp\/v2\/users\/1"}],"replies":[{"embeddable":true,"href":"https:\/\/alliancefr.se\/uppsala\/wp-json\/wp\/v2\/comments?post=5099"}],"version-history":[{"count":25,"href":"https:\/\/alliancefr.se\/uppsala\/wp-json\/wp\/v2\/pages\/5099\/revisions"}],"predecessor-version":[{"id":8029,"href":"https:\/\/alliancefr.se\/uppsala\/wp-json\/wp\/v2\/pages\/5099\/revisions\/8029"}],"wp:attachment":[{"href":"https:\/\/alliancefr.se\/uppsala\/wp-json\/wp\/v2\/media?parent=5099"}],"curies":[{"name":"wp","href":"https:\/\/api.w.org\/{rel}","templated":true}]}}