{"id":4060,"date":"2023-04-08T08:21:00","date_gmt":"2023-04-08T06:21:00","guid":{"rendered":"https:\/\/alliancefr.se\/uppsala\/veronique-simons-presentation\/"},"modified":"2026-04-04T10:53:13","modified_gmt":"2026-04-04T08:53:13","slug":"veronique-simon-2","status":"publish","type":"page","link":"https:\/\/alliancefr.se\/uppsala\/sv\/veronique-simon-2\/","title":{"rendered":"V\u00e9ronique Simon"},"content":{"rendered":"\t\t<div data-elementor-type=\"wp-page\" data-elementor-id=\"4060\" class=\"elementor elementor-4060\">\n\t\t\t\t\t\t<section class=\"elementor-section elementor-top-section elementor-element elementor-element-53921d8a elementor-section-boxed elementor-section-height-default elementor-section-height-default\" data-id=\"53921d8a\" data-element_type=\"section\">\n\t\t\t\t\t\t<div class=\"elementor-container elementor-column-gap-default\">\n\t\t\t\t\t<div class=\"elementor-column elementor-col-100 elementor-top-column elementor-element elementor-element-70ff4eb5\" data-id=\"70ff4eb5\" data-element_type=\"column\">\n\t\t\t<div class=\"elementor-widget-wrap elementor-element-populated\">\n\t\t\t\t\t\t<div class=\"elementor-element elementor-element-3c0a77a7 elementor-widget elementor-widget-text-editor\" data-id=\"3c0a77a7\" data-element_type=\"widget\" data-widget_type=\"text-editor.default\">\n\t\t\t\t<div class=\"elementor-widget-container\">\n\t\t\t\t\t\t\t\t\t\n<figure class=\"wp-block-image aligncenter size-large is-resized\"><img decoding=\"async\" class=\"wp-image-4061\" style=\"width: 384px;height: 512px\" src=\"https:\/\/alliancefrancaisedupsal.files.wordpress.com\/2023\/04\/veronique-simon-img_0527-kopia.jpeg?w=768\" alt=\"\" \/>\n<figcaption class=\"wp-element-caption\">V\u00e9ronique Simon<\/figcaption>\n<\/figure>\n\n<p>Vid \u00e5rsm\u00f6te f\u00f6r Alliance Fran\u00e7aise d\u2019Upsal 2026 omvaldes V\u00e9ronique Simon till vice ordf\u00f6rande. H\u00e4r V\u00e9roniques presentation:<\/p>\n<p>Jag \u00e4r f\u00f6dd i Lorient, i Bretagne, och uppv\u00e4xt i Brest. Bretagne, dess kultur och landskap, s\u00e4rskilt Atlanten, har alltid spelat en viktig roll i mitt liv.<\/p>\n<p>Efter studier i bland annat litteratur i Brest flyttade jag som 20-\u00e5rig till Paris, f\u00f6r att l\u00e4sa teater, och sedan, 1987, till Sverige. I Sverige har jag bott i V\u00e4ster\u00e5s och flyttade sedan till Uppsala f\u00f6r mina universitetsstudier.<br \/>1998 disputerade jag vid Uppsala universitet med en avhandling om Alain Robbe-Grillet, med titel\u00a0<em>Alain Robbe-Grillet \u2013 Les sables mouvants du texte<\/em>. 2001 fick jag anst\u00e4llning vid Karlstads universitet som universitetslektor i franska.<\/p>\n<p>Sedan 2009 bor jag \u00e5terigen i Uppsala d\u00e4r jag numera arbetar som universitetslektor med inriktning flerspr\u00e5kighet med s\u00e4rskilt fokus p\u00e5 nyanl\u00e4nda elevers inkludering i det svenska skolsystemet. Jag har \u00e4ven genom \u00e5ren haft en stark koppling till Forum f\u00f6r Afrikastudier vid Uppsala universitet, vars styrelseordf\u00f6rande jag var 2018-2022.<\/p>\n<p>Den frankofona litteraturen \u00e4r ett av mina stora intressen i livet. Jag har under mina \u00e5r som b\u00e5de doktorand och universitetslektor haft den \u00e4ran att, oftast i samarbete med franska ambassaden i Sverige, bjuda in ett antal f\u00f6rel\u00e4sare. Min k\u00e4rlek f\u00f6r litteratur f\u00f6rs\u00f6ker jag att sprida, och jag \u00e4r till exempel numera, i samarbete med Institut fran\u00e7ais de Su\u00e8de, medansvarig f\u00f6r \u201dLe choix Goncourt des pays nordiques\u201d.<\/p>\n<p>Mina \u00f6vriga, privata sysslor har ofta med invandringsfr\u00e5gor att g\u00f6ra. Jag gillar \u00e4ven att laga mat och ta hand om min lilla kolonilott!<\/p>\n<p>Mitt engagemang f\u00f6r Alliance Fran\u00e7aise \u00e4r inget nytt: jag var i slutet p\u00e5 90-talet styrelseledamot vid Alliance Fran\u00e7aise d\u2019Upsal, och sedan, under min tid i Karlstad, ordf\u00f6rande f\u00f6r Alliance Fran\u00e7aise du V\u00e4rmland.<br \/>Jag har \u00e4ven f\u00f6rel\u00e4st f\u00f6r ett antal Alliances Fran\u00e7aises runtomkring i Sverige. Jag blev 2022 invald i styrelsen f\u00f6r Alliance Fran\u00e7aise d\u2019Upsal, och tackar djupt f\u00f6r att jag sedan 2023 f\u00e5tt tr\u00e4da in som vice ordf\u00f6rande.<\/p>\n<p>Det ska bli roligt och sp\u00e4nnande att tillsammans med ordf\u00f6randen Sten Bernhardsson, styrelsen och alla medlemmar forts\u00e4tta arbeta f\u00f6r Alliance Fran\u00e7aise d\u2019Upsals v\u00e4lm\u00e5ende och framtid.<\/p>\n\n<p><em>V\u00e9ronique Simon, vice ordf\u00f6rande AFU<\/em><\/p>\n\t\t\t\t\t\t\t\t<\/div>\n\t\t\t\t<\/div>\n\t\t\t\t\t<\/div>\n\t\t<\/div>\n\t\t\t\t\t<\/div>\n\t\t<\/section>\n\t\t\t\t<\/div>\n\t\t","protected":false},"excerpt":{"rendered":"<p>Vid \u00e5rsm\u00f6te f\u00f6r Alliance Fran\u00e7aise d\u2019Upsal 2026 omvaldes V\u00e9ronique Simon till vice ordf\u00f6rande. H\u00e4r V\u00e9roniques presentation: Jag \u00e4r f\u00f6dd i Lorient, i Bretagne, och uppv\u00e4xt i Brest. Bretagne, dess kultur och landskap, s\u00e4rskilt Atlanten, har alltid spelat en viktig roll i mitt liv. Efter studier i bland annat litteratur i Brest flyttade jag som 20-\u00e5rig till Paris, f\u00f6r att l\u00e4sa teater, och sedan, 1987, till Sverige. I Sverige har jag bott i V\u00e4ster\u00e5s och flyttade sedan till Uppsala f\u00f6r mina universitetsstudier.1998 disputerade jag vid Uppsala universitet med en avhandling om Alain Robbe-Grillet, med titel\u00a0Alain Robbe-Grillet \u2013 Les sables mouvants du texte. 2001 fick jag anst\u00e4llning vid Karlstads universitet som universitetslektor i franska. Sedan 2009 bor jag \u00e5terigen i Uppsala d\u00e4r jag numera arbetar som universitetslektor med inriktning flerspr\u00e5kighet med s\u00e4rskilt fokus p\u00e5 nyanl\u00e4nda elevers inkludering i det svenska skolsystemet. Jag har \u00e4ven genom \u00e5ren haft en stark koppling till Forum f\u00f6r Afrikastudier vid Uppsala universitet, vars styrelseordf\u00f6rande jag var 2018-2022. Den frankofona litteraturen \u00e4r ett av mina stora intressen i livet. Jag har under mina \u00e5r som b\u00e5de doktorand och universitetslektor haft den \u00e4ran att, oftast i samarbete med franska ambassaden i Sverige, bjuda in ett antal f\u00f6rel\u00e4sare. Min k\u00e4rlek f\u00f6r litteratur f\u00f6rs\u00f6ker jag att sprida, och jag \u00e4r till exempel numera, i samarbete med Institut fran\u00e7ais de Su\u00e8de, medansvarig f\u00f6r \u201dLe choix Goncourt des pays nordiques\u201d. Mina \u00f6vriga, privata sysslor har ofta med invandringsfr\u00e5gor att g\u00f6ra. Jag gillar \u00e4ven att laga mat och ta hand om min lilla kolonilott! Mitt engagemang f\u00f6r Alliance Fran\u00e7aise \u00e4r inget nytt: jag var i slutet p\u00e5 90-talet styrelseledamot vid Alliance Fran\u00e7aise d\u2019Upsal, och sedan, under min tid i Karlstad, ordf\u00f6rande f\u00f6r Alliance Fran\u00e7aise du V\u00e4rmland.Jag har \u00e4ven f\u00f6rel\u00e4st f\u00f6r ett antal Alliances Fran\u00e7aises runtomkring i Sverige. Jag blev 2022 invald i styrelsen f\u00f6r Alliance Fran\u00e7aise d\u2019Upsal, och tackar djupt f\u00f6r att jag sedan 2023 f\u00e5tt tr\u00e4da in som vice ordf\u00f6rande. Det ska bli roligt och sp\u00e4nnande att tillsammans med ordf\u00f6randen Sten Bernhardsson, styrelsen och alla medlemmar forts\u00e4tta arbeta f\u00f6r Alliance Fran\u00e7aise d\u2019Upsals v\u00e4lm\u00e5ende och framtid. V\u00e9ronique Simon, vice ordf\u00f6rande AFU<\/p>\n","protected":false},"author":1,"featured_media":0,"parent":0,"menu_order":0,"comment_status":"closed","ping_status":"closed","template":"","meta":{"om_disable_all_campaigns":false,"_monsterinsights_skip_tracking":false,"_monsterinsights_sitenote_active":false,"_monsterinsights_sitenote_note":"","_monsterinsights_sitenote_category":0,"_uf_show_specific_survey":0,"_uf_disable_surveys":false,"footnotes":""},"class_list":["post-4060","page","type-page","status-publish","hentry"],"aioseo_notices":[],"rttpg_featured_image_url":null,"rttpg_author":{"display_name":"Super.admin","author_link":"https:\/\/alliancefr.se\/uppsala\/author\/admin2174\/"},"rttpg_comment":0,"rttpg_category":" <a href=\"https:\/\/alliancefr.se\/uppsala\/sv\/\" rel=\"tag\">Svenska<\/a>","rttpg_excerpt":"Vid \u00e5rsm\u00f6te f\u00f6r Alliance Fran\u00e7aise d\u2019Upsal 2026 omvaldes V\u00e9ronique Simon till vice ordf\u00f6rande. H\u00e4r V\u00e9roniques presentation: Jag \u00e4r f\u00f6dd i Lorient, i Bretagne, och uppv\u00e4xt i Brest. Bretagne, dess kultur och landskap, s\u00e4rskilt Atlanten, har alltid spelat en viktig roll i mitt liv. Efter studier i bland annat litteratur i Brest flyttade jag som 20-\u00e5rig\u2026","_links":{"self":[{"href":"https:\/\/alliancefr.se\/uppsala\/wp-json\/wp\/v2\/pages\/4060","targetHints":{"allow":["GET"]}}],"collection":[{"href":"https:\/\/alliancefr.se\/uppsala\/wp-json\/wp\/v2\/pages"}],"about":[{"href":"https:\/\/alliancefr.se\/uppsala\/wp-json\/wp\/v2\/types\/page"}],"author":[{"embeddable":true,"href":"https:\/\/alliancefr.se\/uppsala\/wp-json\/wp\/v2\/users\/1"}],"replies":[{"embeddable":true,"href":"https:\/\/alliancefr.se\/uppsala\/wp-json\/wp\/v2\/comments?post=4060"}],"version-history":[{"count":15,"href":"https:\/\/alliancefr.se\/uppsala\/wp-json\/wp\/v2\/pages\/4060\/revisions"}],"predecessor-version":[{"id":8232,"href":"https:\/\/alliancefr.se\/uppsala\/wp-json\/wp\/v2\/pages\/4060\/revisions\/8232"}],"wp:attachment":[{"href":"https:\/\/alliancefr.se\/uppsala\/wp-json\/wp\/v2\/media?parent=4060"}],"curies":[{"name":"wp","href":"https:\/\/api.w.org\/{rel}","templated":true}]}}