{"id":3732,"date":"2023-02-02T11:33:15","date_gmt":"2023-02-02T10:33:15","guid":{"rendered":"https:\/\/alliancefr.se\/uppsala\/temadagen-2\/"},"modified":"2026-02-15T15:16:49","modified_gmt":"2026-02-15T14:16:49","slug":"temadagen-2","status":"publish","type":"page","link":"https:\/\/alliancefr.se\/uppsala\/sv\/temadagen-2\/","title":{"rendered":"Temadagen"},"content":{"rendered":"\t\t<div data-elementor-type=\"wp-page\" data-elementor-id=\"3732\" class=\"elementor elementor-3732\">\n\t\t\t\t\t\t<section class=\"elementor-section elementor-top-section elementor-element elementor-element-43d8e162 elementor-section-boxed elementor-section-height-default elementor-section-height-default\" data-id=\"43d8e162\" data-element_type=\"section\">\n\t\t\t\t\t\t<div class=\"elementor-container elementor-column-gap-default\">\n\t\t\t\t\t<div class=\"elementor-column elementor-col-100 elementor-top-column elementor-element elementor-element-16c38a59\" data-id=\"16c38a59\" data-element_type=\"column\">\n\t\t\t<div class=\"elementor-widget-wrap elementor-element-populated\">\n\t\t\t\t\t\t<div class=\"elementor-element elementor-element-2f09fea5 elementor-widget elementor-widget-text-editor\" data-id=\"2f09fea5\" data-element_type=\"widget\" data-widget_type=\"text-editor.default\">\n\t\t\t\t<div class=\"elementor-widget-container\">\n\t\t\t\t\t\t\t\t\t\n<p>Alliance Fran\u00e7aise d\u2019Upsal&rsquo;s stora temadag 2026 \u00e4gde rum den 14 februari 2026, kl.9-15.<\/p>\n<p>Tack till alla som deltog!<\/p>\n<p>Vi ses n\u00e4sta \u00e5r f\u00f6r en ny temadag!<\/p>\n<p class=\"has-text-align-justify\">\u00a0<\/p>\n\t\t\t\t\t\t\t\t<\/div>\n\t\t\t\t<\/div>\n\t\t\t\t\t<\/div>\n\t\t<\/div>\n\t\t\t\t\t<\/div>\n\t\t<\/section>\n\t\t\t\t<\/div>\n\t\t","protected":false},"excerpt":{"rendered":"<p>Alliance Fran\u00e7aise d\u2019Upsal&rsquo;s stora temadag 2026 \u00e4gde rum den 14 februari 2026, kl.9-15. Tack till alla som deltog! Vi ses n\u00e4sta \u00e5r f\u00f6r en ny temadag! \u00a0<\/p>\n","protected":false},"author":1,"featured_media":0,"parent":0,"menu_order":0,"comment_status":"closed","ping_status":"closed","template":"","meta":{"om_disable_all_campaigns":false,"_monsterinsights_skip_tracking":false,"_monsterinsights_sitenote_active":false,"_monsterinsights_sitenote_note":"","_monsterinsights_sitenote_category":0,"_uf_show_specific_survey":0,"_uf_disable_surveys":false,"footnotes":""},"class_list":["post-3732","page","type-page","status-publish","hentry"],"aioseo_notices":[],"rttpg_featured_image_url":null,"rttpg_author":{"display_name":"Super.admin","author_link":"https:\/\/alliancefr.se\/uppsala\/author\/admin2174\/"},"rttpg_comment":0,"rttpg_category":" <a href=\"https:\/\/alliancefr.se\/uppsala\/sv\/\" rel=\"tag\">Svenska<\/a>","rttpg_excerpt":"Alliance Fran\u00e7aise d\u2019Upsal&rsquo;s stora temadag 2026 \u00e4gde rum den 14 februari 2026, kl.9-15. Tack till alla som deltog! Vi ses n\u00e4sta \u00e5r f\u00f6r en ny temadag! \u00a0","_links":{"self":[{"href":"https:\/\/alliancefr.se\/uppsala\/wp-json\/wp\/v2\/pages\/3732","targetHints":{"allow":["GET"]}}],"collection":[{"href":"https:\/\/alliancefr.se\/uppsala\/wp-json\/wp\/v2\/pages"}],"about":[{"href":"https:\/\/alliancefr.se\/uppsala\/wp-json\/wp\/v2\/types\/page"}],"author":[{"embeddable":true,"href":"https:\/\/alliancefr.se\/uppsala\/wp-json\/wp\/v2\/users\/1"}],"replies":[{"embeddable":true,"href":"https:\/\/alliancefr.se\/uppsala\/wp-json\/wp\/v2\/comments?post=3732"}],"version-history":[{"count":25,"href":"https:\/\/alliancefr.se\/uppsala\/wp-json\/wp\/v2\/pages\/3732\/revisions"}],"predecessor-version":[{"id":8026,"href":"https:\/\/alliancefr.se\/uppsala\/wp-json\/wp\/v2\/pages\/3732\/revisions\/8026"}],"wp:attachment":[{"href":"https:\/\/alliancefr.se\/uppsala\/wp-json\/wp\/v2\/media?parent=3732"}],"curies":[{"name":"wp","href":"https:\/\/api.w.org\/{rel}","templated":true}]}}