{"id":4039,"date":"2024-09-02T19:14:28","date_gmt":"2024-09-02T17:14:28","guid":{"rendered":"https:\/\/alliancefr.se\/stockholm\/?page_id=4039"},"modified":"2024-11-05T10:55:09","modified_gmt":"2024-11-05T09:55:09","slug":"var-ungdomssektion","status":"publish","type":"page","link":"https:\/\/alliancefr.se\/stockholm\/var-ungdomssektion\/","title":{"rendered":"AF Douce France"},"content":{"rendered":"\t\t<div data-elementor-type=\"wp-page\" data-elementor-id=\"4039\" class=\"elementor elementor-4039\">\n\t\t\t\t<div class=\"elementor-element elementor-element-5f5ba38 e-flex e-con-boxed e-con e-parent\" data-id=\"5f5ba38\" data-element_type=\"container\">\n\t\t\t\t\t<div class=\"e-con-inner\">\n\t\t\t\t<div class=\"elementor-element elementor-element-2593d15 elementor-widget elementor-widget-image\" data-id=\"2593d15\" data-element_type=\"widget\" data-widget_type=\"image.default\">\n\t\t\t\t<div class=\"elementor-widget-container\">\n\t\t\t\t\t\t\t\t\t\t\t\t\t\t\t<img fetchpriority=\"high\" decoding=\"async\" width=\"960\" height=\"355\" src=\"https:\/\/alliancefr.se\/stockholm\/wp-content\/uploads\/sites\/21\/2024\/10\/Douce-France-1024x379.jpg\" class=\"attachment-large size-large wp-image-4093\" alt=\"\" \/>\t\t\t\t\t\t\t\t\t\t\t\t\t\t\t<\/div>\n\t\t\t\t<\/div>\n\t\t\t\t<div class=\"elementor-element elementor-element-32bc6eb elementor-widget elementor-widget-text-editor\" data-id=\"32bc6eb\" data-element_type=\"widget\" data-widget_type=\"text-editor.default\">\n\t\t\t\t<div class=\"elementor-widget-container\">\n\t\t\t\t\t\t\t\t\t<h6 style=\"font-weight: 400;\"><strong>V\u00e4lkommen till\u00a0AF Douce France\u00a0<\/strong><\/h6><p style=\"font-weight: 400;\">\u201dAF\u00a0Douce France\u00a0\u00bb \u00e4r ett initiativ fr\u00e5n Alliance Fran\u00e7aise Stockholm, f\u00f6r att erbjuda en spontan m\u00f6tesplats f\u00f6r frankofiler.<\/p><p style=\"font-weight: 400;\">Alla\u00a0\u00e4r v\u00e4lkomna hit f\u00f6r att\u00a0njuta av\u00a0fransk kultur p\u00e5 ett avslappnat s\u00e4tt.\u00a0Oavsett om du \u00e4lskar fransk musik, mat eller spr\u00e5k,\u00a0anordnar\u00a0AF\u00a0Douce France\u00a0event\u00a0f\u00f6r dig som vill utforska det franska\u00a0<em>savoir-vivre<\/em>.<\/p><p style=\"font-weight: 400;\">Alla event\u00a0kommer att annonseras 2-3 veckor innan s\u00e5 f\u00f6lj oss p\u00e5 <a href=\"https:\/\/www.facebook.com\/profile.php?id=61564978442895\">Facebook<\/a>\u00a0 f\u00f6r att inte missa.<\/p><p style=\"font-weight: 400;\">Du kan ocks\u00e5 bli medlem\u00a0i Alliance\u00a0Fran\u00e7aise Stockholm\u00a0f\u00f6r att f\u00e5\u00a0v\u00e5ra inbjudningar direkt p\u00e5 mail.<\/p>\t\t\t\t\t\t\t\t<\/div>\n\t\t\t\t<\/div>\n\t\t\t\t\t<\/div>\n\t\t\t\t<\/div>\n\t\t<div class=\"elementor-element elementor-element-391b2fc e-flex e-con-boxed e-con e-parent\" data-id=\"391b2fc\" data-element_type=\"container\">\n\t\t\t\t\t<div class=\"e-con-inner\">\n\t\t\t\t\t<\/div>\n\t\t\t\t<\/div>\n\t\t\t\t<\/div>\n\t\t","protected":false},"excerpt":{"rendered":"<p>V\u00e4lkommen till\u00a0AF Douce France\u00a0 \u201dAF\u00a0Douce France\u00a0\u00bb \u00e4r ett initiativ fr\u00e5n Alliance Fran\u00e7aise Stockholm, f\u00f6r att erbjuda en spontan m\u00f6tesplats f\u00f6r frankofiler. Alla\u00a0\u00e4r v\u00e4lkomna hit f\u00f6r att\u00a0njuta av\u00a0fransk kultur p\u00e5 ett avslappnat s\u00e4tt.\u00a0Oavsett om du \u00e4lskar fransk musik, mat eller spr\u00e5k,\u00a0anordnar\u00a0AF\u00a0Douce France\u00a0event\u00a0f\u00f6r dig som vill utforska det franska\u00a0savoir-vivre. Alla event\u00a0kommer att annonseras 2-3 veckor innan s\u00e5 f\u00f6lj oss p\u00e5 Facebook\u00a0 f\u00f6r att inte missa. Du kan ocks\u00e5 bli medlem\u00a0i Alliance\u00a0Fran\u00e7aise Stockholm\u00a0f\u00f6r att f\u00e5\u00a0v\u00e5ra inbjudningar direkt p\u00e5 mail.<\/p>\n","protected":false},"author":1,"featured_media":0,"parent":0,"menu_order":0,"comment_status":"closed","ping_status":"closed","template":"","meta":{"om_disable_all_campaigns":false,"_monsterinsights_skip_tracking":false,"_monsterinsights_sitenote_active":false,"_monsterinsights_sitenote_note":"","_monsterinsights_sitenote_category":0,"_uf_show_specific_survey":0,"_uf_disable_surveys":false,"footnotes":""},"class_list":["post-4039","page","type-page","status-publish","hentry"],"aioseo_notices":[],"rttpg_featured_image_url":null,"rttpg_author":{"display_name":"Super.admin","author_link":"https:\/\/alliancefr.se\/stockholm\/author\/admin2174\/"},"rttpg_comment":0,"rttpg_category":" <a href=\"https:\/\/alliancefr.se\/stockholm\/\" rel=\"tag\">Svenska<\/a>","rttpg_excerpt":"V\u00e4lkommen till\u00a0AF Douce France\u00a0 \u201dAF\u00a0Douce France\u00a0\u00bb \u00e4r ett initiativ fr\u00e5n Alliance Fran\u00e7aise Stockholm, f\u00f6r att erbjuda en spontan m\u00f6tesplats f\u00f6r frankofiler. Alla\u00a0\u00e4r v\u00e4lkomna hit f\u00f6r att\u00a0njuta av\u00a0fransk kultur p\u00e5 ett avslappnat s\u00e4tt.\u00a0Oavsett om du \u00e4lskar fransk musik, mat eller spr\u00e5k,\u00a0anordnar\u00a0AF\u00a0Douce France\u00a0event\u00a0f\u00f6r dig som vill utforska det franska\u00a0savoir-vivre. Alla event\u00a0kommer att annonseras 2-3 veckor innan s\u00e5\u2026","_links":{"self":[{"href":"https:\/\/alliancefr.se\/stockholm\/wp-json\/wp\/v2\/pages\/4039","targetHints":{"allow":["GET"]}}],"collection":[{"href":"https:\/\/alliancefr.se\/stockholm\/wp-json\/wp\/v2\/pages"}],"about":[{"href":"https:\/\/alliancefr.se\/stockholm\/wp-json\/wp\/v2\/types\/page"}],"author":[{"embeddable":true,"href":"https:\/\/alliancefr.se\/stockholm\/wp-json\/wp\/v2\/users\/1"}],"replies":[{"embeddable":true,"href":"https:\/\/alliancefr.se\/stockholm\/wp-json\/wp\/v2\/comments?post=4039"}],"version-history":[{"count":8,"href":"https:\/\/alliancefr.se\/stockholm\/wp-json\/wp\/v2\/pages\/4039\/revisions"}],"predecessor-version":[{"id":4105,"href":"https:\/\/alliancefr.se\/stockholm\/wp-json\/wp\/v2\/pages\/4039\/revisions\/4105"}],"wp:attachment":[{"href":"https:\/\/alliancefr.se\/stockholm\/wp-json\/wp\/v2\/media?parent=4039"}],"curies":[{"name":"wp","href":"https:\/\/api.w.org\/{rel}","templated":true}]}}