{"id":3862,"date":"2024-08-28T15:48:05","date_gmt":"2024-08-28T13:48:05","guid":{"rendered":"https:\/\/alliancefr.se\/stockholm\/?page_id=3862"},"modified":"2026-03-02T10:26:29","modified_gmt":"2026-03-02T09:26:29","slug":"larare","status":"publish","type":"page","link":"https:\/\/alliancefr.se\/stockholm\/larare\/","title":{"rendered":"L\u00e4rare"},"content":{"rendered":"\t\t<div data-elementor-type=\"wp-page\" data-elementor-id=\"3862\" class=\"elementor elementor-3862\">\n\t\t\t\t<div class=\"elementor-element elementor-element-6242df9 e-flex e-con-boxed e-con e-parent\" data-id=\"6242df9\" data-element_type=\"container\">\n\t\t\t\t\t<div class=\"e-con-inner\">\n\t\t\t\t<div class=\"elementor-element elementor-element-7160729 elementor-widget elementor-widget-heading\" data-id=\"7160729\" data-element_type=\"widget\" data-widget_type=\"heading.default\">\n\t\t\t\t<div class=\"elementor-widget-container\">\n\t\t\t\t\t<h6 class=\"elementor-heading-title elementor-size-default\">Stipendier f\u00f6r l\u00e4rare med undervisning i franska<\/h6>\t\t\t\t<\/div>\n\t\t\t\t<\/div>\n\t\t\t\t\t<\/div>\n\t\t\t\t<\/div>\n\t\t<div class=\"elementor-element elementor-element-6c24633 e-flex e-con-boxed e-con e-parent\" data-id=\"6c24633\" data-element_type=\"container\">\n\t\t\t\t\t<div class=\"e-con-inner\">\n\t\t\t\t<div class=\"elementor-element elementor-element-7771bbb elementor-widget elementor-widget-text-editor\" data-id=\"7771bbb\" data-element_type=\"widget\" data-widget_type=\"text-editor.default\">\n\t\t\t\t<div class=\"elementor-widget-container\">\n\t\t\t\t\t\t\t\t\t<p style=\"font-weight: 400;\">Tv\u00e5 stipendier finns att s\u00f6ka f\u00f6r beh\u00f6riga och verksamma l\u00e4rare med undervisning i franska. Varje stipendium Varje stipendium \u00e4r mellan 10.000 och 15.000 SEK.\u00a0<strong>Stipendierna kan inte s\u00f6kas av l\u00e4rare med franska som modersm\u00e5l<\/strong>. Ans\u00f6kan ska avse vidareutbildning genom att bedriva spr\u00e5kstudier i Frankrike, i f\u00f6rsta hand p\u00e5 Alliance Fran\u00e7aise i Frankrike (Le CAVILAM \u2013 Alliance Fran\u00e7aise de Vichy, Label Quality FLE).<\/p><p style=\"font-weight: 400;\">Senast tv\u00e5 m\u00e5nader efter avslutad kurs ska rapport ins\u00e4ndas till Alliance Fran\u00e7aise i Stockholm.<\/p><p style=\"font-weight: 400;\">Ofullst\u00e4ndiga ans\u00f6kningar beaktas inte. Nedanst\u00e5ende handlingar skall ins\u00e4ndas vid ans\u00f6kan.<\/p><ol><li>Till ans\u00f6kningssystemet<\/li><li>Kort redog\u00f6relse f\u00f6r varf\u00f6r man s\u00f6ker stipendiet (h\u00f6gst en halv A4 sida)<\/li><li>Projektplan, tidsplan och syfte (en halv sida)<\/li><li>Tj\u00e4nstg\u00f6ringsintyg fr\u00e5n rektor<\/li><li>Rekommendation fr\u00e5n rektor<\/li><\/ol><p style=\"font-weight: 400;\">Ans\u00f6kningstiden \u00e4r\u00a0<strong>mellan den 1 mars och den 15 april<\/strong>\u00a0varje \u00e5r. Observera att ans\u00f6kan inte kan g\u00f6ras retroaktivt. Ans\u00f6kan om stipendium ska skickas till det elektroniska ans\u00f6kningssystemet\u00a0<strong>senast 15 april kl. 23.59<\/strong>. Stipendium kan inte s\u00f6kas per e-post. Du f\u00e5r svar endast om du har f\u00e5tt din ans\u00f6kan beviljad.<\/p><p style=\"font-weight: 400;\"><a href=\"https:\/\/docs.google.com\/forms\/d\/e\/1FAIpQLSewDAcHsn99q-MHcrwa5yRXxubRzMfj4ZsIQsQTcrGANcHUWQ\/viewform?usp=header\"><u>Till ans\u00f6kningssystemet<\/u><\/a><\/p><p style=\"font-weight: 400;\"><strong>\u00a0<\/strong><\/p><p style=\"font-weight: 400;\"><strong>STIPENDIER 2024\u00a0 <\/strong>(15\u00a0000sek)<\/p><p style=\"font-weight: 400;\">Karin Rylander (Halmstad \u2013 Ajaccio\/Europaspr\u00e5k \u2013 1 vecka)<\/p><p style=\"font-weight: 400;\">Mathilda Ros\u00e9n (V\u00e4llingby \u2013 Vichy CAVILAM \u2013 1 vecka)<\/p>\t\t\t\t\t\t\t\t<\/div>\n\t\t\t\t<\/div>\n\t\t\t\t\t<\/div>\n\t\t\t\t<\/div>\n\t\t\t\t<\/div>\n\t\t","protected":false},"excerpt":{"rendered":"<p>Stipendier f\u00f6r l\u00e4rare med undervisning i franska Tv\u00e5 stipendier finns att s\u00f6ka f\u00f6r beh\u00f6riga och verksamma l\u00e4rare med undervisning i franska. Varje stipendium Varje stipendium \u00e4r mellan 10.000 och 15.000 SEK.\u00a0Stipendierna kan inte s\u00f6kas av l\u00e4rare med franska som modersm\u00e5l. Ans\u00f6kan ska avse vidareutbildning genom att bedriva spr\u00e5kstudier i Frankrike, i f\u00f6rsta hand p\u00e5 Alliance Fran\u00e7aise i Frankrike (Le CAVILAM \u2013 Alliance Fran\u00e7aise de Vichy, Label Quality FLE). Senast tv\u00e5 m\u00e5nader efter avslutad kurs ska rapport ins\u00e4ndas till Alliance Fran\u00e7aise i Stockholm. Ofullst\u00e4ndiga ans\u00f6kningar beaktas inte. Nedanst\u00e5ende handlingar skall ins\u00e4ndas vid ans\u00f6kan. Till ans\u00f6kningssystemet Kort redog\u00f6relse f\u00f6r varf\u00f6r man s\u00f6ker stipendiet (h\u00f6gst en halv A4 sida) Projektplan, tidsplan och syfte (en halv sida) Tj\u00e4nstg\u00f6ringsintyg fr\u00e5n rektor Rekommendation fr\u00e5n rektor Ans\u00f6kningstiden \u00e4r\u00a0mellan den 1 mars och den 15 april\u00a0varje \u00e5r. Observera att ans\u00f6kan inte kan g\u00f6ras retroaktivt. Ans\u00f6kan om stipendium ska skickas till det elektroniska ans\u00f6kningssystemet\u00a0senast 15 april kl. 23.59. Stipendium kan inte s\u00f6kas per e-post. Du f\u00e5r svar endast om du har f\u00e5tt din ans\u00f6kan beviljad. Till ans\u00f6kningssystemet \u00a0 STIPENDIER 2024\u00a0 (15\u00a0000sek) Karin Rylander (Halmstad \u2013 Ajaccio\/Europaspr\u00e5k \u2013 1 vecka) Mathilda Ros\u00e9n (V\u00e4llingby \u2013 Vichy CAVILAM \u2013 1 vecka)<\/p>\n","protected":false},"author":1,"featured_media":0,"parent":0,"menu_order":0,"comment_status":"closed","ping_status":"closed","template":"","meta":{"om_disable_all_campaigns":false,"_monsterinsights_skip_tracking":false,"_monsterinsights_sitenote_active":false,"_monsterinsights_sitenote_note":"","_monsterinsights_sitenote_category":0,"_uf_show_specific_survey":0,"_uf_disable_surveys":false,"footnotes":""},"class_list":["post-3862","page","type-page","status-publish","hentry"],"aioseo_notices":[],"rttpg_featured_image_url":null,"rttpg_author":{"display_name":"Super.admin","author_link":"https:\/\/alliancefr.se\/stockholm\/author\/admin2174\/"},"rttpg_comment":0,"rttpg_category":" <a href=\"https:\/\/alliancefr.se\/stockholm\/\" rel=\"tag\">Svenska<\/a>","rttpg_excerpt":"Stipendier f\u00f6r l\u00e4rare med undervisning i franska Tv\u00e5 stipendier finns att s\u00f6ka f\u00f6r beh\u00f6riga och verksamma l\u00e4rare med undervisning i franska. Varje stipendium Varje stipendium \u00e4r mellan 10.000 och 15.000 SEK.\u00a0Stipendierna kan inte s\u00f6kas av l\u00e4rare med franska som modersm\u00e5l. Ans\u00f6kan ska avse vidareutbildning genom att bedriva spr\u00e5kstudier i Frankrike, i f\u00f6rsta hand p\u00e5 Alliance\u2026","_links":{"self":[{"href":"https:\/\/alliancefr.se\/stockholm\/wp-json\/wp\/v2\/pages\/3862","targetHints":{"allow":["GET"]}}],"collection":[{"href":"https:\/\/alliancefr.se\/stockholm\/wp-json\/wp\/v2\/pages"}],"about":[{"href":"https:\/\/alliancefr.se\/stockholm\/wp-json\/wp\/v2\/types\/page"}],"author":[{"embeddable":true,"href":"https:\/\/alliancefr.se\/stockholm\/wp-json\/wp\/v2\/users\/1"}],"replies":[{"embeddable":true,"href":"https:\/\/alliancefr.se\/stockholm\/wp-json\/wp\/v2\/comments?post=3862"}],"version-history":[{"count":24,"href":"https:\/\/alliancefr.se\/stockholm\/wp-json\/wp\/v2\/pages\/3862\/revisions"}],"predecessor-version":[{"id":4850,"href":"https:\/\/alliancefr.se\/stockholm\/wp-json\/wp\/v2\/pages\/3862\/revisions\/4850"}],"wp:attachment":[{"href":"https:\/\/alliancefr.se\/stockholm\/wp-json\/wp\/v2\/media?parent=3862"}],"curies":[{"name":"wp","href":"https:\/\/api.w.org\/{rel}","templated":true}]}}