{"id":47,"date":"2017-06-29T10:04:14","date_gmt":"2017-06-29T08:04:14","guid":{"rendered":"http:\/\/alliancefr.se\/ostersund\/nos-partenaires\/"},"modified":"2023-10-03T17:20:02","modified_gmt":"2023-10-03T15:20:02","slug":"nos-partenaires","status":"publish","type":"page","link":"https:\/\/alliancefr.se\/ostersund\/nos-partenaires\/","title":{"rendered":"Nos partenaires"},"content":{"rendered":"\t\t<div data-elementor-type=\"wp-post\" data-elementor-id=\"47\" class=\"elementor elementor-47\">\n\t\t\t\t\t\t<section class=\"elementor-section elementor-top-section elementor-element elementor-element-1185d257 elementor-section-boxed elementor-section-height-default elementor-section-height-default\" data-id=\"1185d257\" data-element_type=\"section\">\n\t\t\t\t\t\t<div class=\"elementor-container elementor-column-gap-default\">\n\t\t\t\t\t<div class=\"elementor-column elementor-col-100 elementor-top-column elementor-element elementor-element-4fd7e387\" data-id=\"4fd7e387\" data-element_type=\"column\">\n\t\t\t<div class=\"elementor-widget-wrap elementor-element-populated\">\n\t\t\t\t\t\t<div class=\"elementor-element elementor-element-758c57da elementor-widget elementor-widget-text-editor\" data-id=\"758c57da\" data-element_type=\"widget\" data-widget_type=\"text-editor.default\">\n\t\t\t\t<div class=\"elementor-widget-container\">\n\t\t\t\t\t\t\t\t\t<section><p>L\u2019Alliance Fran\u00e7aise d&rsquo;\u00d6stersund travaille avec un vaste r\u00e9seau de partenaires, locaux ou fran\u00e7ais, priv\u00e9s, publics ou encore institutionnels. Ils contribuent au dynamisme de notre association et rendent possibles certaines de nos activit\u00e9s. Ils nous apportent de la visibilit\u00e9 et des ressources. De notre c\u00f4t\u00e9 nous apportons une vitrine de qualit\u00e9 \u00e0 leur contribution, mais aussi nos comp\u00e9tences chaque fois que cela est possible. L\u2019Alliance est constamment \u00e0 la recherche de nouveaux partenaires, souhaitant nous aider mat\u00e9riellement ou porter des projets innovants avec nous. N\u2019h\u00e9sitez pas \u00e0 prendre <a href=\"http:\/\/alliancefr.se\/ostersund\/contact\/\">contact<\/a><\/p><\/section>\t\t\t\t\t\t\t\t<\/div>\n\t\t\t\t<\/div>\n\t\t\t\t\t<\/div>\n\t\t<\/div>\n\t\t\t\t\t<\/div>\n\t\t<\/section>\n\t\t\t\t<\/div>\n\t\t","protected":false},"excerpt":{"rendered":"<p>L\u2019Alliance Fran\u00e7aise d&rsquo;\u00d6stersund travaille avec un vaste r\u00e9seau de partenaires, locaux ou fran\u00e7ais, priv\u00e9s, publics ou encore institutionnels. Ils contribuent au dynamisme de notre association et rendent possibles certaines de nos activit\u00e9s. Ils nous apportent de la visibilit\u00e9 et des ressources. De notre c\u00f4t\u00e9 nous apportons une vitrine de qualit\u00e9 \u00e0 leur contribution, mais aussi nos comp\u00e9tences chaque fois que cela est possible. L\u2019Alliance est constamment \u00e0 la recherche de nouveaux partenaires, souhaitant nous aider mat\u00e9riellement ou porter des projets innovants avec nous. N\u2019h\u00e9sitez pas \u00e0 prendre contact<\/p>\n","protected":false},"author":4,"featured_media":0,"parent":0,"menu_order":0,"comment_status":"closed","ping_status":"closed","template":"","meta":{"om_disable_all_campaigns":false,"_monsterinsights_skip_tracking":false,"_monsterinsights_sitenote_active":false,"_monsterinsights_sitenote_note":"","_monsterinsights_sitenote_category":0,"_uf_show_specific_survey":0,"_uf_disable_surveys":false,"footnotes":""},"class_list":["post-47","page","type-page","status-publish","hentry"],"aioseo_notices":[],"rttpg_featured_image_url":null,"rttpg_author":{"display_name":"admin","author_link":"https:\/\/alliancefr.se\/ostersund\/author\/admin\/"},"rttpg_comment":0,"rttpg_category":" <a href=\"https:\/\/alliancefr.se\/ostersund\/\" rel=\"tag\">Fran\u00e7ais<\/a>","rttpg_excerpt":"L\u2019Alliance Fran\u00e7aise d&rsquo;\u00d6stersund travaille avec un vaste r\u00e9seau de partenaires, locaux ou fran\u00e7ais, priv\u00e9s, publics ou encore institutionnels. Ils contribuent au dynamisme de notre association et rendent possibles certaines de nos activit\u00e9s. Ils nous apportent de la visibilit\u00e9 et des ressources. De notre c\u00f4t\u00e9 nous apportons une vitrine de qualit\u00e9 \u00e0 leur contribution, mais aussi\u2026","_links":{"self":[{"href":"https:\/\/alliancefr.se\/ostersund\/wp-json\/wp\/v2\/pages\/47","targetHints":{"allow":["GET"]}}],"collection":[{"href":"https:\/\/alliancefr.se\/ostersund\/wp-json\/wp\/v2\/pages"}],"about":[{"href":"https:\/\/alliancefr.se\/ostersund\/wp-json\/wp\/v2\/types\/page"}],"author":[{"embeddable":true,"href":"https:\/\/alliancefr.se\/ostersund\/wp-json\/wp\/v2\/users\/4"}],"replies":[{"embeddable":true,"href":"https:\/\/alliancefr.se\/ostersund\/wp-json\/wp\/v2\/comments?post=47"}],"version-history":[{"count":4,"href":"https:\/\/alliancefr.se\/ostersund\/wp-json\/wp\/v2\/pages\/47\/revisions"}],"predecessor-version":[{"id":644,"href":"https:\/\/alliancefr.se\/ostersund\/wp-json\/wp\/v2\/pages\/47\/revisions\/644"}],"wp:attachment":[{"href":"https:\/\/alliancefr.se\/ostersund\/wp-json\/wp\/v2\/media?parent=47"}],"curies":[{"name":"wp","href":"https:\/\/api.w.org\/{rel}","templated":true}]}}