{"id":311,"date":"2019-05-21T13:19:19","date_gmt":"2019-05-21T11:19:19","guid":{"rendered":"http:\/\/alliancefr.se\/ostersund\/archives\/"},"modified":"2023-10-03T17:14:23","modified_gmt":"2023-10-03T15:14:23","slug":"archives","status":"publish","type":"page","link":"https:\/\/alliancefr.se\/ostersund\/archives\/","title":{"rendered":"Archives"},"content":{"rendered":"\t\t<div data-elementor-type=\"wp-post\" data-elementor-id=\"311\" class=\"elementor elementor-311\">\n\t\t\t\t\t\t<section class=\"elementor-section elementor-top-section elementor-element elementor-element-5b75700b elementor-section-boxed elementor-section-height-default elementor-section-height-default\" data-id=\"5b75700b\" data-element_type=\"section\">\n\t\t\t\t\t\t<div class=\"elementor-container elementor-column-gap-default\">\n\t\t\t\t\t<div class=\"elementor-column elementor-col-100 elementor-top-column elementor-element elementor-element-43d84b1e\" data-id=\"43d84b1e\" data-element_type=\"column\">\n\t\t\t<div class=\"elementor-widget-wrap elementor-element-populated\">\n\t\t\t\t\t\t<div class=\"elementor-element elementor-element-6aba859 elementor-widget elementor-widget-text-editor\" data-id=\"6aba859\" data-element_type=\"widget\" data-widget_type=\"text-editor.default\">\n\t\t\t\t<div class=\"elementor-widget-container\">\n\t\t\t\t\t\t\t\t\t<p>Vous trouverez ci-dessous, les archives des activit\u00e9s de l&rsquo;Alliance Fran\u00e7aise d&rsquo;\u00d6stersund !<\/p><ul><li><a href=\"http:\/\/alliancefr.se\/ostersund\/programme-printemps-2019\/\">Programme Printemps 2019<\/a><\/li><li><a href=\"http:\/\/alliancefr.se\/ostersund\/programme-automne-2018\/\">Programme Automne 2018<\/a><\/li><li><a href=\"http:\/\/alliancefr.se\/ostersund\/programme-printemps-2018\/\">Programme Printemps 2018<\/a><\/li><\/ul>\t\t\t\t\t\t\t\t<\/div>\n\t\t\t\t<\/div>\n\t\t\t\t\t<\/div>\n\t\t<\/div>\n\t\t\t\t\t<\/div>\n\t\t<\/section>\n\t\t\t\t<\/div>\n\t\t","protected":false},"excerpt":{"rendered":"<p>Vous trouverez ci-dessous, les archives des activit\u00e9s de l&rsquo;Alliance Fran\u00e7aise d&rsquo;\u00d6stersund ! Programme Printemps 2019 Programme Automne 2018 Programme Printemps 2018<\/p>\n","protected":false},"author":4,"featured_media":0,"parent":0,"menu_order":0,"comment_status":"closed","ping_status":"closed","template":"","meta":{"om_disable_all_campaigns":false,"_monsterinsights_skip_tracking":false,"_monsterinsights_sitenote_active":false,"_monsterinsights_sitenote_note":"","_monsterinsights_sitenote_category":0,"_uf_show_specific_survey":0,"_uf_disable_surveys":false,"footnotes":""},"class_list":["post-311","page","type-page","status-publish","hentry"],"aioseo_notices":[],"rttpg_featured_image_url":null,"rttpg_author":{"display_name":"admin","author_link":"https:\/\/alliancefr.se\/ostersund\/author\/admin\/"},"rttpg_comment":0,"rttpg_category":" <a href=\"https:\/\/alliancefr.se\/ostersund\/\" rel=\"tag\">Fran\u00e7ais<\/a>","rttpg_excerpt":"Vous trouverez ci-dessous, les archives des activit\u00e9s de l&rsquo;Alliance Fran\u00e7aise d&rsquo;\u00d6stersund ! Programme Printemps 2019 Programme Automne 2018 Programme Printemps 2018","_links":{"self":[{"href":"https:\/\/alliancefr.se\/ostersund\/wp-json\/wp\/v2\/pages\/311","targetHints":{"allow":["GET"]}}],"collection":[{"href":"https:\/\/alliancefr.se\/ostersund\/wp-json\/wp\/v2\/pages"}],"about":[{"href":"https:\/\/alliancefr.se\/ostersund\/wp-json\/wp\/v2\/types\/page"}],"author":[{"embeddable":true,"href":"https:\/\/alliancefr.se\/ostersund\/wp-json\/wp\/v2\/users\/4"}],"replies":[{"embeddable":true,"href":"https:\/\/alliancefr.se\/ostersund\/wp-json\/wp\/v2\/comments?post=311"}],"version-history":[{"count":4,"href":"https:\/\/alliancefr.se\/ostersund\/wp-json\/wp\/v2\/pages\/311\/revisions"}],"predecessor-version":[{"id":635,"href":"https:\/\/alliancefr.se\/ostersund\/wp-json\/wp\/v2\/pages\/311\/revisions\/635"}],"wp:attachment":[{"href":"https:\/\/alliancefr.se\/ostersund\/wp-json\/wp\/v2\/media?parent=311"}],"curies":[{"name":"wp","href":"https:\/\/api.w.org\/{rel}","templated":true}]}}