{"id":23,"date":"2017-06-29T09:41:14","date_gmt":"2017-06-29T07:41:14","guid":{"rendered":"http:\/\/alliancefr.se\/ostersund\/le-reseau-af\/"},"modified":"2023-10-03T17:31:32","modified_gmt":"2023-10-03T15:31:32","slug":"le-reseau-af","status":"publish","type":"page","link":"https:\/\/alliancefr.se\/ostersund\/le-reseau-af\/","title":{"rendered":"Le r\u00e9seau AF"},"content":{"rendered":"\t\t<div data-elementor-type=\"wp-post\" data-elementor-id=\"23\" class=\"elementor elementor-23\">\n\t\t\t\t\t\t<section class=\"elementor-section elementor-top-section elementor-element elementor-element-1626ab0f elementor-section-boxed elementor-section-height-default elementor-section-height-default\" data-id=\"1626ab0f\" data-element_type=\"section\">\n\t\t\t\t\t\t<div class=\"elementor-container elementor-column-gap-default\">\n\t\t\t\t\t<div class=\"elementor-column elementor-col-100 elementor-top-column elementor-element elementor-element-151d4dfb\" data-id=\"151d4dfb\" data-element_type=\"column\">\n\t\t\t<div class=\"elementor-widget-wrap elementor-element-populated\">\n\t\t\t\t\t\t<div class=\"elementor-element elementor-element-42e12c8a elementor-widget elementor-widget-text-editor\" data-id=\"42e12c8a\" data-element_type=\"widget\" data-widget_type=\"text-editor.default\">\n\t\t\t\t<div class=\"elementor-widget-container\">\n\t\t\t\t\t\t\t\t\t<h3><a href=\"http:\/\/www.alliancefrancaise-orebro.eu\/wp-content\/uploads\/2015\/04\/FAF.jpg\"><img fetchpriority=\"high\" decoding=\"async\" src=\"http:\/\/www.alliancefrancaise-orebro.eu\/wp-content\/uploads\/2015\/04\/FAF-200x300.jpg\" alt=\"B\u00e2timent Fondation Alliance fran\u00e7aise, Paris\" width=\"200\" height=\"300\" \/><\/a>Histoire du r\u00e9seau<\/h3><p>L&rsquo;Alliance fran\u00e7aise a \u00e9t\u00e9 fond\u00e9e en 1883 \u00e0 Paris, pour promouvoir la langue et la culture fran\u00e7aise \u00e0 travers le monde suite \u00e0 la d\u00e9faite de la France face \u00e0 la Prusse en 1870. Ce r\u00e9seau mondial francophone fonctionne sur un syst\u00e8me de franchise, c&rsquo;est \u00e0 dire que la cr\u00e9ation d&rsquo;une nouvelle Alliance fran\u00e7aise provient d&rsquo;une initiative locale, et que les associations, qui sont r\u00e9gies par le droit local sont autonomes et se financent elles-m\u00eames.<\/p><p>Aujourd&rsquo;hui le r\u00e9seau comporte plus de 800 Alliances fran\u00e7aises r\u00e9parties dans 136 pays. Elles ont vocation \u00e0 donner des cours de fran\u00e7ais, et \u00e0 proposer un programme culturel francophone. Depuis 2007, les Alliances fran\u00e7aises du monde entier sont r\u00e9unies autour de la Fondation Alliance fran\u00e7aise, qui est un soutien et une r\u00e9f\u00e9rence pour toutes les associations.<\/p><h3><a href=\"http:\/\/alliancefr.se\/\">Les Alliances fran\u00e7aises de Su\u00e8de<\/a><\/h3><p>En Su\u00e8de, la premi\u00e8re Alliance fran\u00e7aise a \u00e9t\u00e9 cr\u00e9\u00e9e \u00e0 Stockholm en 1889, et a \u00e9t\u00e9 rapidement suivie par celles d\u2019Uppsala et de G\u00f6teborg. L\u2019Alliance Fran\u00e7aise d\u2019\u00d6stersund a elle \u00e9t\u00e9 cr\u00e9\u00e9e en 1946. \u00a0A ce jour, le r\u00e9seau Alliance Fran\u00e7aise de Su\u00e8de compte 15 alliances, qui font partie des Alliances fran\u00e7aises avec un statut particulier dans la promotion de la francophonie. En effet, en raison de la tradition tr\u00e8s ancr\u00e9e en Su\u00e8de des f\u00e9d\u00e9rations d&rsquo;\u00e9ducation populaire que sont Medborgarskolan et Folkh\u00f6gskolan, les Alliances su\u00e9doises ne donnent pas de cours de fran\u00e7ais. Elles proposent en revanche de nombreuses activit\u00e9s et conf\u00e9rences en fran\u00e7ais et en su\u00e9dois autour des cultures francophones. Dans le cadre de la coop\u00e9ration entres les Alliances Fran\u00e7aises de Su\u00e8de, une r\u00e9union nationale est tenue chaque ann\u00e9e dans une ville du r\u00e9seau. En 2017, cette r\u00e9union s\u2019est tenue \u00e0 Stockholm. Ici, sont discut\u00e9s les projets pass\u00e9s et \u00e0 venir, comme par exemple le d\u00e9veloppement des partenariats ou la circulation des conf\u00e9renciers entre les diff\u00e9rentes Alliances et villes de Su\u00e8de.<\/p>\t\t\t\t\t\t\t\t<\/div>\n\t\t\t\t<\/div>\n\t\t\t\t\t<\/div>\n\t\t<\/div>\n\t\t\t\t\t<\/div>\n\t\t<\/section>\n\t\t\t\t<\/div>\n\t\t","protected":false},"excerpt":{"rendered":"<p>Histoire du r\u00e9seau L&rsquo;Alliance fran\u00e7aise a \u00e9t\u00e9 fond\u00e9e en 1883 \u00e0 Paris, pour promouvoir la langue et la culture fran\u00e7aise \u00e0 travers le monde suite \u00e0 la d\u00e9faite de la France face \u00e0 la Prusse en 1870. Ce r\u00e9seau mondial francophone fonctionne sur un syst\u00e8me de franchise, c&rsquo;est \u00e0 dire que la cr\u00e9ation d&rsquo;une nouvelle Alliance fran\u00e7aise provient d&rsquo;une initiative locale, et que les associations, qui sont r\u00e9gies par le droit local sont autonomes et se financent elles-m\u00eames. Aujourd&rsquo;hui le r\u00e9seau comporte plus de 800 Alliances fran\u00e7aises r\u00e9parties dans 136 pays. Elles ont vocation \u00e0 donner des cours de fran\u00e7ais, et \u00e0 proposer un programme culturel francophone. Depuis 2007, les Alliances fran\u00e7aises du monde entier sont r\u00e9unies autour de la Fondation Alliance fran\u00e7aise, qui est un soutien et une r\u00e9f\u00e9rence pour toutes les associations. Les Alliances fran\u00e7aises de Su\u00e8de En Su\u00e8de, la premi\u00e8re Alliance fran\u00e7aise a \u00e9t\u00e9 cr\u00e9\u00e9e \u00e0 Stockholm en 1889, et a \u00e9t\u00e9 rapidement suivie par celles d\u2019Uppsala et de G\u00f6teborg. L\u2019Alliance Fran\u00e7aise d\u2019\u00d6stersund a elle \u00e9t\u00e9 cr\u00e9\u00e9e en 1946. \u00a0A ce jour, le r\u00e9seau Alliance Fran\u00e7aise de Su\u00e8de compte 15 alliances, qui font partie des Alliances fran\u00e7aises avec un statut particulier dans la promotion de la francophonie. En effet, en raison de la tradition tr\u00e8s ancr\u00e9e en Su\u00e8de des f\u00e9d\u00e9rations d&rsquo;\u00e9ducation populaire que sont Medborgarskolan et Folkh\u00f6gskolan, les Alliances su\u00e9doises ne donnent pas de cours de fran\u00e7ais. Elles proposent en revanche de nombreuses activit\u00e9s et conf\u00e9rences en fran\u00e7ais et en su\u00e9dois autour des cultures francophones. Dans le cadre de la coop\u00e9ration entres les Alliances Fran\u00e7aises de Su\u00e8de, une r\u00e9union nationale est tenue chaque ann\u00e9e dans une ville du r\u00e9seau. En 2017, cette r\u00e9union s\u2019est tenue \u00e0 Stockholm. Ici, sont discut\u00e9s les projets pass\u00e9s et \u00e0 venir, comme par exemple le d\u00e9veloppement des partenariats ou la circulation des conf\u00e9renciers entre les diff\u00e9rentes Alliances et villes de Su\u00e8de.<\/p>\n","protected":false},"author":4,"featured_media":0,"parent":0,"menu_order":0,"comment_status":"closed","ping_status":"closed","template":"","meta":{"om_disable_all_campaigns":false,"_monsterinsights_skip_tracking":false,"_monsterinsights_sitenote_active":false,"_monsterinsights_sitenote_note":"","_monsterinsights_sitenote_category":0,"_uf_show_specific_survey":0,"_uf_disable_surveys":false,"footnotes":""},"class_list":["post-23","page","type-page","status-publish","hentry"],"aioseo_notices":[],"rttpg_featured_image_url":null,"rttpg_author":{"display_name":"admin","author_link":"https:\/\/alliancefr.se\/ostersund\/author\/admin\/"},"rttpg_comment":0,"rttpg_category":" <a href=\"https:\/\/alliancefr.se\/ostersund\/\" rel=\"tag\">Fran\u00e7ais<\/a>","rttpg_excerpt":"Histoire du r\u00e9seau L&rsquo;Alliance fran\u00e7aise a \u00e9t\u00e9 fond\u00e9e en 1883 \u00e0 Paris, pour promouvoir la langue et la culture fran\u00e7aise \u00e0 travers le monde suite \u00e0 la d\u00e9faite de la France face \u00e0 la Prusse en 1870. Ce r\u00e9seau mondial francophone fonctionne sur un syst\u00e8me de franchise, c&rsquo;est \u00e0 dire que la cr\u00e9ation d&rsquo;une nouvelle\u2026","_links":{"self":[{"href":"https:\/\/alliancefr.se\/ostersund\/wp-json\/wp\/v2\/pages\/23","targetHints":{"allow":["GET"]}}],"collection":[{"href":"https:\/\/alliancefr.se\/ostersund\/wp-json\/wp\/v2\/pages"}],"about":[{"href":"https:\/\/alliancefr.se\/ostersund\/wp-json\/wp\/v2\/types\/page"}],"author":[{"embeddable":true,"href":"https:\/\/alliancefr.se\/ostersund\/wp-json\/wp\/v2\/users\/4"}],"replies":[{"embeddable":true,"href":"https:\/\/alliancefr.se\/ostersund\/wp-json\/wp\/v2\/comments?post=23"}],"version-history":[{"count":5,"href":"https:\/\/alliancefr.se\/ostersund\/wp-json\/wp\/v2\/pages\/23\/revisions"}],"predecessor-version":[{"id":656,"href":"https:\/\/alliancefr.se\/ostersund\/wp-json\/wp\/v2\/pages\/23\/revisions\/656"}],"wp:attachment":[{"href":"https:\/\/alliancefr.se\/ostersund\/wp-json\/wp\/v2\/media?parent=23"}],"curies":[{"name":"wp","href":"https:\/\/api.w.org\/{rel}","templated":true}]}}