{"id":9955,"date":"2023-10-10T16:38:17","date_gmt":"2023-10-10T14:38:17","guid":{"rendered":"http:\/\/alliancefr.se\/orebro\/?page_id=9955"},"modified":"2023-10-26T12:30:16","modified_gmt":"2023-10-26T10:30:16","slug":"defi-inter-alliances","status":"publish","type":"page","link":"https:\/\/alliancefr.se\/orebro\/defi-inter-alliances\/","title":{"rendered":"D\u00e9fi Inter-Alliances"},"content":{"rendered":"\t\t<div data-elementor-type=\"wp-page\" data-elementor-id=\"9955\" class=\"elementor elementor-9955\">\n\t\t\t\t\t\t<section class=\"elementor-section elementor-top-section elementor-element elementor-element-6fd27f1f elementor-section-boxed elementor-section-height-default elementor-section-height-default\" data-id=\"6fd27f1f\" data-element_type=\"section\">\n\t\t\t\t\t\t<div class=\"elementor-container elementor-column-gap-default\">\n\t\t\t\t\t<div class=\"elementor-column elementor-col-100 elementor-top-column elementor-element elementor-element-31899fe2\" data-id=\"31899fe2\" data-element_type=\"column\">\n\t\t\t<div class=\"elementor-widget-wrap elementor-element-populated\">\n\t\t\t\t\t\t<div class=\"elementor-element elementor-element-18ead9d5 elementor-widget elementor-widget-image\" data-id=\"18ead9d5\" data-element_type=\"widget\" data-widget_type=\"image.default\">\n\t\t\t\t<div class=\"elementor-widget-container\">\n\t\t\t\t\t\t\t\t\t\t\t\t\t\t\t<img fetchpriority=\"high\" decoding=\"async\" width=\"960\" height=\"540\" src=\"https:\/\/alliancefr.se\/orebro\/wp-content\/uploads\/sites\/5\/2023\/10\/Defi-Inter-Alliances-Orebro-2-1024x576.png\" class=\"attachment-large size-large wp-image-9958\" alt=\"\" \/>\t\t\t\t\t\t\t\t\t\t\t\t\t\t\t<\/div>\n\t\t\t\t<\/div>\n\t\t\t\t<div class=\"elementor-element elementor-element-1b5ffbd6 elementor-widget elementor-widget-text-editor\" data-id=\"1b5ffbd6\" data-element_type=\"widget\" data-widget_type=\"text-editor.default\">\n\t\t\t\t<div class=\"elementor-widget-container\">\n\t\t\t\t\t\t\t\t\t<p><strong>Date :<\/strong>\u00a09 novembre de 18h30 \u00e0 19h<\/p><p><strong>Lieu :\u00a0<\/strong><a href=\"https:\/\/www.google.com\/maps\/place\/Medborgarskolan\/@59.2699553,15.2040385,17z\/data=!3m2!4b1!5s0x465c14e135111529:0x1ef871e5e5a5907c!4m6!3m5!1s0x465c151db9ef28d9:0x205ad7b875350eb8!8m2!3d59.2699553!4d15.2066134!16s%2Fg%2F1hc3pv_w1?entry=ttu\">Medborgarskolan<\/a><\/p><p><strong><img decoding=\"async\" class=\"emoji\" role=\"img\" src=\"https:\/\/s.w.org\/images\/core\/emoji\/14.0.0\/svg\/1f1eb-1f1f7.svg\" alt=\"\ud83c\uddeb\ud83c\uddf7\" \/>\u00a0C\u2019est parti pour le d\u00e9fi Inter-Alliances !\u00a0<img decoding=\"async\" class=\"emoji\" role=\"img\" src=\"https:\/\/s.w.org\/images\/core\/emoji\/14.0.0\/svg\/1f973.svg\" alt=\"\ud83e\udd73\" \/><\/strong><\/p><p><strong>Venez participer \u00e0 un quiz en pr\u00e9sentiel ou en ligne sur la culture fran\u00e7aise, et affrontez les membres de votre Alliance Fran\u00e7aise !<\/strong>\u00a0<img decoding=\"async\" class=\"emoji\" role=\"img\" src=\"https:\/\/s.w.org\/images\/core\/emoji\/14.0.0\/svg\/1f3a8.svg\" alt=\"\ud83c\udfa8\" \/><img decoding=\"async\" class=\"emoji\" role=\"img\" src=\"https:\/\/s.w.org\/images\/core\/emoji\/14.0.0\/svg\/1f3ac.svg\" alt=\"\ud83c\udfac\" \/><img decoding=\"async\" class=\"emoji\" role=\"img\" src=\"https:\/\/s.w.org\/images\/core\/emoji\/14.0.0\/svg\/1f1eb-1f1f7.svg\" alt=\"\ud83c\uddeb\ud83c\uddf7\" \/><\/p><p>Si vous gagnez au niveau local, vous affronterez ensuite les membres des autres Alliances Fran\u00e7aises de Su\u00e8de puis du monde !\u00a0<img decoding=\"async\" class=\"emoji\" role=\"img\" src=\"https:\/\/s.w.org\/images\/core\/emoji\/14.0.0\/svg\/1f30d.svg\" alt=\"\ud83c\udf0d\" \/><\/p><p>Un \u00e9v\u00e9nement \u00e0 Medborgarskolan ou en ligne (via Zoom) ludique et convivial d\u2019une dur\u00e9e de 30 minutes\u00a0<img decoding=\"async\" class=\"emoji\" role=\"img\" src=\"https:\/\/s.w.org\/images\/core\/emoji\/14.0.0\/svg\/23f1.svg\" alt=\"\u23f1\" \/><\/p><p><img decoding=\"async\" class=\"emoji\" role=\"img\" src=\"https:\/\/s.w.org\/images\/core\/emoji\/14.0.0\/svg\/1f947.svg\" alt=\"\ud83e\udd47\" \/>\u00a0\u00c0 gagner \u00e0 l\u2019\u00e9chelle nationale : un dipl\u00f4me ainsi qu\u2019un lot culturel surprise\u00a0<img decoding=\"async\" class=\"emoji\" role=\"img\" src=\"https:\/\/s.w.org\/images\/core\/emoji\/14.0.0\/svg\/1f4da.svg\" alt=\"\ud83d\udcda\" \/><img decoding=\"async\" class=\"emoji\" role=\"img\" src=\"https:\/\/s.w.org\/images\/core\/emoji\/14.0.0\/svg\/1f39f.svg\" alt=\"\ud83c\udf9f\" \/><img decoding=\"async\" class=\"emoji\" role=\"img\" src=\"https:\/\/s.w.org\/images\/core\/emoji\/14.0.0\/svg\/1f469-1f3fc-200d-1f393.svg\" alt=\"\ud83d\udc69\ud83c\udffc\u200d\ud83c\udf93\" \/><\/p><p><img decoding=\"async\" class=\"emoji\" role=\"img\" src=\"https:\/\/s.w.org\/images\/core\/emoji\/14.0.0\/svg\/1f3c6.svg\" alt=\"\ud83c\udfc6\" \/>\u00a0\u00c0 gagner si vous remportez les trois \u00e9preuves : un s\u00e9jour en France de 15 jours dans une Alliance Fran\u00e7aise, h\u00e9bergement inclus en demi-pension !\u00a0<img decoding=\"async\" class=\"emoji\" role=\"img\" src=\"https:\/\/s.w.org\/images\/core\/emoji\/14.0.0\/svg\/1f1eb-1f1f7.svg\" alt=\"\ud83c\uddeb\ud83c\uddf7\" \/><img decoding=\"async\" class=\"emoji\" role=\"img\" src=\"https:\/\/s.w.org\/images\/core\/emoji\/14.0.0\/svg\/1f60d.svg\" alt=\"\ud83d\ude0d\" \/><img decoding=\"async\" class=\"emoji\" role=\"img\" src=\"https:\/\/s.w.org\/images\/core\/emoji\/14.0.0\/svg\/1f950.svg\" alt=\"\ud83e\udd50\" \/><\/p><p><strong><img decoding=\"async\" class=\"emoji\" role=\"img\" src=\"https:\/\/s.w.org\/images\/core\/emoji\/14.0.0\/svg\/261d-1f3fb.svg\" alt=\"\u261d\ud83c\udffb\" \/>Pour participer, il faut \u00eatre membre de l\u2019Alliance Fran\u00e7aise d\u2019\u00d6rebro et avoir au minimum un niveau A2 (si vous avez compris ce message, c&rsquo;est que vous pouvez participer !)\u00a0<img decoding=\"async\" class=\"emoji\" role=\"img\" src=\"https:\/\/s.w.org\/images\/core\/emoji\/14.0.0\/svg\/1f60a.svg\" alt=\"\ud83d\ude0a\" \/><\/strong><\/p><p>On vous attend nombreux !\u00a0<img decoding=\"async\" class=\"emoji\" role=\"img\" src=\"https:\/\/s.w.org\/images\/core\/emoji\/14.0.0\/svg\/1f609.svg\" alt=\"\ud83d\ude09\" \/><\/p><p><strong>Le r\u00e8glement:<\/strong> <a href=\"https:\/\/alliancefr.se\/orebro\/wp-content\/uploads\/sites\/5\/2023\/10\/Defi-Inter-Alliances-Reglement-Francais.pdf\">PDF en fran\u00e7ais<\/a> et<a href=\"https:\/\/alliancefr.se\/orebro\/wp-content\/uploads\/sites\/5\/2023\/10\/Defi-Inter-Alliances-Terms-and-Conditions-Anglais-.pdf\"> ici en anglais<\/a><\/p><p><img decoding=\"async\" class=\"emoji\" role=\"img\" src=\"https:\/\/s.w.org\/images\/core\/emoji\/14.0.0\/svg\/1f4e9.svg\" alt=\"\ud83d\udce9\" \/> Inscrivez-vous (nom, pr\u00e9nom) \u00e0 l&rsquo;adresse mail suivante : <a href=\"mailto:orebro@alliancefr.se\"><span style=\"font-weight: 400;\">orebro@alliancefr.se<\/span><\/a><\/p>\t\t\t\t\t\t\t\t<\/div>\n\t\t\t\t<\/div>\n\t\t\t\t\t<\/div>\n\t\t<\/div>\n\t\t\t\t\t<\/div>\n\t\t<\/section>\n\t\t\t\t<section class=\"elementor-section elementor-top-section elementor-element elementor-element-22cd0c12 elementor-section-boxed elementor-section-height-default elementor-section-height-default\" data-id=\"22cd0c12\" data-element_type=\"section\">\n\t\t\t\t\t\t<div class=\"elementor-container elementor-column-gap-default\">\n\t\t\t\t\t<div class=\"elementor-column elementor-col-100 elementor-top-column elementor-element elementor-element-749c1e85\" data-id=\"749c1e85\" data-element_type=\"column\">\n\t\t\t<div class=\"elementor-widget-wrap\">\n\t\t\t\t\t\t\t<\/div>\n\t\t<\/div>\n\t\t\t\t\t<\/div>\n\t\t<\/section>\n\t\t\t\t<\/div>\n\t\t","protected":false},"excerpt":{"rendered":"<p>Date :\u00a09 novembre de 18h30 \u00e0 19h Lieu :\u00a0Medborgarskolan \u00a0C\u2019est parti pour le d\u00e9fi Inter-Alliances !\u00a0 Venez participer \u00e0 un quiz en pr\u00e9sentiel ou en ligne sur la culture fran\u00e7aise, et affrontez les membres de votre Alliance Fran\u00e7aise !\u00a0 Si vous gagnez au niveau local, vous affronterez ensuite les membres des autres Alliances Fran\u00e7aises de Su\u00e8de puis du monde !\u00a0 Un \u00e9v\u00e9nement \u00e0 Medborgarskolan ou en ligne (via Zoom) ludique et convivial d\u2019une dur\u00e9e de 30 minutes\u00a0 \u00a0\u00c0 gagner \u00e0 l\u2019\u00e9chelle nationale : un dipl\u00f4me ainsi qu\u2019un lot culturel surprise\u00a0 \u00a0\u00c0 gagner si vous remportez les trois \u00e9preuves : un s\u00e9jour en France de 15 jours dans une Alliance Fran\u00e7aise, h\u00e9bergement inclus en demi-pension !\u00a0 Pour participer, il faut \u00eatre membre de l\u2019Alliance Fran\u00e7aise d\u2019\u00d6rebro et avoir au minimum un niveau A2 (si vous avez compris ce message, c&rsquo;est que vous pouvez participer !)\u00a0 On vous attend nombreux !\u00a0 Le r\u00e8glement: PDF en fran\u00e7ais et ici en anglais Inscrivez-vous (nom, pr\u00e9nom) \u00e0 l&rsquo;adresse mail suivante : orebro@alliancefr.se<\/p>\n","protected":false},"author":1,"featured_media":0,"parent":0,"menu_order":0,"comment_status":"closed","ping_status":"closed","template":"","meta":{"om_disable_all_campaigns":false,"_monsterinsights_skip_tracking":false,"_monsterinsights_sitenote_active":false,"_monsterinsights_sitenote_note":"","_monsterinsights_sitenote_category":0,"_uf_show_specific_survey":0,"_uf_disable_surveys":false,"footnotes":""},"class_list":["post-9955","page","type-page","status-publish","hentry"],"aioseo_notices":[],"rttpg_featured_image_url":null,"rttpg_author":{"display_name":"Super.admin","author_link":"https:\/\/alliancefr.se\/orebro\/author\/admin2174\/"},"rttpg_comment":0,"rttpg_category":" <a href=\"https:\/\/alliancefr.se\/orebro\/\" rel=\"tag\">Fran\u00e7ais<\/a>","rttpg_excerpt":"Date :\u00a09 novembre de 18h30 \u00e0 19h Lieu :\u00a0Medborgarskolan \u00a0C\u2019est parti pour le d\u00e9fi Inter-Alliances !\u00a0 Venez participer \u00e0 un quiz en pr\u00e9sentiel ou en ligne sur la culture fran\u00e7aise, et affrontez les membres de votre Alliance Fran\u00e7aise !\u00a0 Si vous gagnez au niveau local, vous affronterez ensuite les membres des autres Alliances Fran\u00e7aises de\u2026","_links":{"self":[{"href":"https:\/\/alliancefr.se\/orebro\/wp-json\/wp\/v2\/pages\/9955","targetHints":{"allow":["GET"]}}],"collection":[{"href":"https:\/\/alliancefr.se\/orebro\/wp-json\/wp\/v2\/pages"}],"about":[{"href":"https:\/\/alliancefr.se\/orebro\/wp-json\/wp\/v2\/types\/page"}],"author":[{"embeddable":true,"href":"https:\/\/alliancefr.se\/orebro\/wp-json\/wp\/v2\/users\/1"}],"replies":[{"embeddable":true,"href":"https:\/\/alliancefr.se\/orebro\/wp-json\/wp\/v2\/comments?post=9955"}],"version-history":[{"count":13,"href":"https:\/\/alliancefr.se\/orebro\/wp-json\/wp\/v2\/pages\/9955\/revisions"}],"predecessor-version":[{"id":10398,"href":"https:\/\/alliancefr.se\/orebro\/wp-json\/wp\/v2\/pages\/9955\/revisions\/10398"}],"wp:attachment":[{"href":"https:\/\/alliancefr.se\/orebro\/wp-json\/wp\/v2\/media?parent=9955"}],"curies":[{"name":"wp","href":"https:\/\/api.w.org\/{rel}","templated":true}]}}