{"id":8763,"date":"2023-04-25T14:56:22","date_gmt":"2023-04-25T12:56:22","guid":{"rendered":"http:\/\/alliancefr.se\/orebro4\/le-festival-du-film-francais\/"},"modified":"2023-12-27T19:33:49","modified_gmt":"2023-12-27T18:33:49","slug":"le-festival-du-film-francais","status":"publish","type":"page","link":"https:\/\/alliancefr.se\/orebro\/le-festival-du-film-francais\/","title":{"rendered":"Le Festival du film fran\u00e7ais du 12 au 16 mai 2023"},"content":{"rendered":"\t\t<div data-elementor-type=\"wp-page\" data-elementor-id=\"8763\" class=\"elementor elementor-8763\">\n\t\t\t\t\t\t<section class=\"elementor-section elementor-top-section elementor-element elementor-element-672d17a3 elementor-section-boxed elementor-section-height-default elementor-section-height-default\" data-id=\"672d17a3\" data-element_type=\"section\">\n\t\t\t\t\t\t<div class=\"elementor-container elementor-column-gap-default\">\n\t\t\t\t\t<div class=\"elementor-column elementor-col-100 elementor-top-column elementor-element elementor-element-595ee90c\" data-id=\"595ee90c\" data-element_type=\"column\">\n\t\t\t<div class=\"elementor-widget-wrap elementor-element-populated\">\n\t\t\t\t\t\t<div class=\"elementor-element elementor-element-731a1446 elementor-widget elementor-widget-text-editor\" data-id=\"731a1446\" data-element_type=\"widget\" data-widget_type=\"text-editor.default\">\n\t\t\t\t<div class=\"elementor-widget-container\">\n\t\t\t\t\t\t\t\t\t\n<p>\u00a0<\/p>\n\n<p>\u00a0<\/p>\n\n<p><img fetchpriority=\"high\" decoding=\"async\" class=\"alignnone size-full wp-image-10702\" src=\"https:\/\/alliancefr.se\/orebro\/wp-content\/uploads\/sites\/5\/2023\/12\/Banniere-evenements-Facebook.png\" alt=\"\" width=\"1920\" height=\"1080\" \/><\/p>\n<p dir=\"ltr\" style=\"line-height: 1.38;margin-top: 0pt;margin-bottom: 0pt;text-align: center\">En collaboration avec l\u2019Alliance Fran\u00e7aise, <strong>le Roxy<\/strong> organise pendant cinq jours <br \/><a href=\"https:\/\/extra.orebro.se\/bioroxy\/program\/franskfilmfestival.4.2a7c2a4917ffd5aafa7e6a.html#Programmetdagfordag\">une programmation 100% fran\u00e7aise<\/a>. <br \/>Du cin\u00e9ma des ann\u00e9es 1950, aux derniers films r\u00e9compens\u00e9s aux C\u00e9sars, entre Com\u00e9die, Drame et Animation, chacun pourra s\u2019y retrouver.\u00a0<\/p>\n<p dir=\"ltr\" style=\"line-height: 1.38;margin-top: 0pt;margin-bottom: 0pt;text-align: center\"><strong>Une vraie immersion dans la culture fran\u00e7aise du 7\u00e8me art !\u00a0<\/strong><\/p>\n<p style=\"text-align: center\">\u00a0<\/p>\n<p dir=\"ltr\" style=\"line-height: 1.38;margin-top: 0pt;margin-bottom: 0pt;text-align: center\">Films en fran\u00e7ais sous-titr\u00e9s en su\u00e9dois.<\/p>\n<p dir=\"ltr\" style=\"line-height: 1.38;margin-top: 0pt;margin-bottom: 0pt;text-align: center\">Achats des billets de cin\u00e9ma sur <a href=\"https:\/\/www.bio.se\/biografer\/bio-roxy\">le site du Roxy,<\/a> ou directement sur place.<\/p>\n<h2>D\u00eener fran\u00e7ais au Boulebar le 12 mai<\/h2>\n<p><img decoding=\"async\" class=\"alignnone size-full wp-image-10703\" src=\"https:\/\/alliancefr.se\/orebro\/wp-content\/uploads\/sites\/5\/2023\/12\/Banniere-evenements-Facebook-1.png\" alt=\"\" width=\"1920\" height=\"1080\" \/><\/p>\n<p dir=\"ltr\" style=\"line-height: 1.38;margin-top: 0pt;margin-bottom: 0pt;text-align: center\">Vendredi 12 mai 20h au Boulebar (places tr\u00e8s limit\u00e9es)<\/p>\n<p dir=\"ltr\" style=\"line-height: 1.38;margin-top: 0pt;margin-bottom: 0pt;text-align: center\">Envie d\u2019un repas fran\u00e7ais (entr\u00e9e + plat + caf\u00e9\/th\u00e9) au restaurant Boulebar <br \/>apr\u00e8s votre s\u00e9ance du vendredi 12 mai pour 395kr par personne ?\u00a0<\/p>\n<p dir=\"ltr\" style=\"line-height: 1.38;margin-top: 0pt;margin-bottom: 0pt;text-align: center\">R\u00e9servez \u00e0 l\u2019adresse mail suivante avant le 5 mai en pr\u00e9cisant quel plat vous souhaitez, <br \/>ainsi que vos allergies : <a style=\"text-decoration: none\" href=\"mailto:contact@alliancefrancaise-orebro.eu\">contact@alliancefrancaise-orebro.eu<\/a><\/p>\n<p dir=\"ltr\" style=\"line-height: 1.38;margin-top: 0pt;margin-bottom: 0pt;text-align: center\">Merci d\u2019inclure une preuve de l\u2019achat d\u2019un billet (s\u00e9ance de 18h ou 18h15 le 12 mai)<\/p>\t\t\t\t\t\t\t\t<\/div>\n\t\t\t\t<\/div>\n\t\t\t\t\t<\/div>\n\t\t<\/div>\n\t\t\t\t\t<\/div>\n\t\t<\/section>\n\t\t\t\t<\/div>\n\t\t","protected":false},"excerpt":{"rendered":"<p>\u00a0 \u00a0 En collaboration avec l\u2019Alliance Fran\u00e7aise, le Roxy organise pendant cinq jours une programmation 100% fran\u00e7aise. Du cin\u00e9ma des ann\u00e9es 1950, aux derniers films r\u00e9compens\u00e9s aux C\u00e9sars, entre Com\u00e9die, Drame et Animation, chacun pourra s\u2019y retrouver.\u00a0 Une vraie immersion dans la culture fran\u00e7aise du 7\u00e8me art !\u00a0 \u00a0 Films en fran\u00e7ais sous-titr\u00e9s en su\u00e9dois. Achats des billets de cin\u00e9ma sur le site du Roxy, ou directement sur place. D\u00eener fran\u00e7ais au Boulebar le 12 mai Vendredi 12 mai 20h au Boulebar (places tr\u00e8s limit\u00e9es) Envie d\u2019un repas fran\u00e7ais (entr\u00e9e + plat + caf\u00e9\/th\u00e9) au restaurant Boulebar apr\u00e8s votre s\u00e9ance du vendredi 12 mai pour 395kr par personne ?\u00a0 R\u00e9servez \u00e0 l\u2019adresse mail suivante avant le 5 mai en pr\u00e9cisant quel plat vous souhaitez, ainsi que vos allergies : contact@alliancefrancaise-orebro.eu Merci d\u2019inclure une preuve de l\u2019achat d\u2019un billet (s\u00e9ance de 18h ou 18h15 le 12 mai)<\/p>\n","protected":false},"author":1,"featured_media":0,"parent":0,"menu_order":0,"comment_status":"closed","ping_status":"closed","template":"","meta":{"om_disable_all_campaigns":false,"_monsterinsights_skip_tracking":false,"_monsterinsights_sitenote_active":false,"_monsterinsights_sitenote_note":"","_monsterinsights_sitenote_category":0,"_uf_show_specific_survey":0,"_uf_disable_surveys":false,"footnotes":""},"class_list":["post-8763","page","type-page","status-publish","hentry"],"aioseo_notices":[],"rttpg_featured_image_url":null,"rttpg_author":{"display_name":"Super.admin","author_link":"https:\/\/alliancefr.se\/orebro\/author\/admin2174\/"},"rttpg_comment":0,"rttpg_category":" <a href=\"https:\/\/alliancefr.se\/orebro\/\" rel=\"tag\">Fran\u00e7ais<\/a>","rttpg_excerpt":"\u00a0 \u00a0 En collaboration avec l\u2019Alliance Fran\u00e7aise, le Roxy organise pendant cinq jours une programmation 100% fran\u00e7aise. Du cin\u00e9ma des ann\u00e9es 1950, aux derniers films r\u00e9compens\u00e9s aux C\u00e9sars, entre Com\u00e9die, Drame et Animation, chacun pourra s\u2019y retrouver.\u00a0 Une vraie immersion dans la culture fran\u00e7aise du 7\u00e8me art !\u00a0 \u00a0 Films en fran\u00e7ais sous-titr\u00e9s en su\u00e9dois.\u2026","_links":{"self":[{"href":"https:\/\/alliancefr.se\/orebro\/wp-json\/wp\/v2\/pages\/8763","targetHints":{"allow":["GET"]}}],"collection":[{"href":"https:\/\/alliancefr.se\/orebro\/wp-json\/wp\/v2\/pages"}],"about":[{"href":"https:\/\/alliancefr.se\/orebro\/wp-json\/wp\/v2\/types\/page"}],"author":[{"embeddable":true,"href":"https:\/\/alliancefr.se\/orebro\/wp-json\/wp\/v2\/users\/1"}],"replies":[{"embeddable":true,"href":"https:\/\/alliancefr.se\/orebro\/wp-json\/wp\/v2\/comments?post=8763"}],"version-history":[{"count":11,"href":"https:\/\/alliancefr.se\/orebro\/wp-json\/wp\/v2\/pages\/8763\/revisions"}],"predecessor-version":[{"id":10712,"href":"https:\/\/alliancefr.se\/orebro\/wp-json\/wp\/v2\/pages\/8763\/revisions\/10712"}],"wp:attachment":[{"href":"https:\/\/alliancefr.se\/orebro\/wp-json\/wp\/v2\/media?parent=8763"}],"curies":[{"name":"wp","href":"https:\/\/api.w.org\/{rel}","templated":true}]}}