{"id":584,"date":"2015-04-27T13:18:56","date_gmt":"2015-04-27T11:18:56","guid":{"rendered":"http:\/\/alliancefr.se\/orebro4\/le-reseau-af-2\/"},"modified":"2025-04-18T14:35:52","modified_gmt":"2025-04-18T12:35:52","slug":"le-reseau-af","status":"publish","type":"page","link":"https:\/\/alliancefr.se\/orebro\/le-reseau-af\/","title":{"rendered":"Le r\u00e9seau AF"},"content":{"rendered":"\t\t<div data-elementor-type=\"wp-post\" data-elementor-id=\"584\" class=\"elementor elementor-584\">\n\t\t\t\t\t\t<section class=\"elementor-section elementor-top-section elementor-element elementor-element-1d2afb12 elementor-section-boxed elementor-section-height-default elementor-section-height-default\" data-id=\"1d2afb12\" data-element_type=\"section\">\n\t\t\t\t\t\t<div class=\"elementor-container elementor-column-gap-default\">\n\t\t\t\t\t<div class=\"elementor-column elementor-col-100 elementor-top-column elementor-element elementor-element-49f8ce89\" data-id=\"49f8ce89\" data-element_type=\"column\">\n\t\t\t<div class=\"elementor-widget-wrap\">\n\t\t\t\t\t\t\t<\/div>\n\t\t<\/div>\n\t\t\t\t\t<\/div>\n\t\t<\/section>\n\t\t\t\t<section class=\"elementor-section elementor-top-section elementor-element elementor-element-c1f3260 elementor-section-boxed elementor-section-height-default elementor-section-height-default\" data-id=\"c1f3260\" data-element_type=\"section\">\n\t\t\t\t\t\t<div class=\"elementor-container elementor-column-gap-default\">\n\t\t\t\t\t<div class=\"elementor-column elementor-col-100 elementor-top-column elementor-element elementor-element-4322c1f\" data-id=\"4322c1f\" data-element_type=\"column\">\n\t\t\t<div class=\"elementor-widget-wrap elementor-element-populated\">\n\t\t\t\t\t\t<div class=\"elementor-element elementor-element-a6cd513 elementor-widget elementor-widget-html\" data-id=\"a6cd513\" data-element_type=\"widget\" data-widget_type=\"html.default\">\n\t\t\t\t<div class=\"elementor-widget-container\">\n\t\t\t\t\t<iframe src=\"https:\/\/www.google.com\/maps\/d\/u\/0\/embed?mid=1-Yn-iFEIDAYmm-9Ljx97FtBfG59mbLk&amp;ehbc=2E312F&amp;noprof=1\" width=\"640\" height=\"480\"><\/iframe>\t\t\t\t<\/div>\n\t\t\t\t<\/div>\n\t\t\t\t<div class=\"elementor-element elementor-element-333a78a6 elementor-widget elementor-widget-text-editor\" data-id=\"333a78a6\" data-element_type=\"widget\" data-widget_type=\"text-editor.default\">\n\t\t\t\t<div class=\"elementor-widget-container\">\n\t\t\t\t\t\t\t\t\t<h3><strong>Le r\u00e9seau des Alliances Fran\u00e7aises de Su\u00e8de<\/strong><\/h3><p>En Su\u00e8de, la premi\u00e8re Alliance Fran\u00e7aise a \u00e9t\u00e9 cr\u00e9\u00e9e \u00e0 Stockholm en 1889, et a \u00e9t\u00e9 rapidement suivie par celles d\u2019Uppsala et de G\u00f6teborg. L\u2019Alliance Fran\u00e7aise d\u2019\u00d6rebro, quant \u00e0 elle, a \u00e9t\u00e9 cr\u00e9\u00e9e en 1935, et a f\u00eat\u00e9 ses 80 ans en 2015. \u00c0 ce jour, le r\u00e9seau Alliance Fran\u00e7aise de Su\u00e8de compte 17 alliances, qui font partie des Alliances Fran\u00e7aises avec un statut particulier dans la promotion de la francophonie. En effet, en raison de la tradition tr\u00e8s ancr\u00e9e en Su\u00e8de des f\u00e9d\u00e9rations d&rsquo;\u00e9ducation populaire que sont Medborgarskolan et Folkh\u00f6gskolan, les Alliances su\u00e9doises ne donnent pas de cours de fran\u00e7ais. <strong>Elles proposent en revanche de nombreuses activit\u00e9s et conf\u00e9rences en fran\u00e7ais et en su\u00e9dois autour des cultures francophones.<\/strong> Dans le cadre de la coop\u00e9ration entres les Alliances Fran\u00e7aises de Su\u00e8de, une r\u00e9union nationale est tenue chaque ann\u00e9e dans une ville du r\u00e9seau.\u00a0<\/p><p><!--\/pixgridder:column[col=1]--><!--\/pixgridder:row[cols=1]--><\/p>\t\t\t\t\t\t\t\t<\/div>\n\t\t\t\t<\/div>\n\t\t\t\t\t<\/div>\n\t\t<\/div>\n\t\t\t\t\t<\/div>\n\t\t<\/section>\n\t\t\t\t<section class=\"elementor-section elementor-top-section elementor-element elementor-element-1c70d85 elementor-section-boxed elementor-section-height-default elementor-section-height-default\" data-id=\"1c70d85\" data-element_type=\"section\">\n\t\t\t\t\t\t<div class=\"elementor-container elementor-column-gap-default\">\n\t\t\t\t\t<div class=\"elementor-column elementor-col-100 elementor-top-column elementor-element elementor-element-0f31c48\" data-id=\"0f31c48\" data-element_type=\"column\">\n\t\t\t<div class=\"elementor-widget-wrap elementor-element-populated\">\n\t\t\t\t\t\t<div class=\"elementor-element elementor-element-b715ad7 elementor-widget elementor-widget-text-editor\" data-id=\"b715ad7\" data-element_type=\"widget\" data-widget_type=\"text-editor.default\">\n\t\t\t\t<div class=\"elementor-widget-container\">\n\t\t\t\t\t\t\t\t\t<h3 data-start=\"89\" data-end=\"124\"><strong data-start=\"89\" data-end=\"124\">Projets men\u00e9s au sein du r\u00e9seau<\/strong><\/h3><p class=\"\" data-start=\"126\" data-end=\"423\">Chaque ann\u00e9e, une rencontre est organis\u00e9e pour rassembler toutes les Alliances Fran\u00e7aises de Su\u00e8de. C\u2019est l\u2019occasion d\u2019\u00e9changer autour des projets r\u00e9alis\u00e9s ou \u00e0 venir, tels que le d\u00e9veloppement de partenariats ou la mise en place de tourn\u00e9es de conf\u00e9renciers entre diff\u00e9rentes alliances et villes.<\/p><p>Quelques exemples de projets men\u00e9s ces derni\u00e8res ann\u00e9es :<\/p><ul><li>La tourn\u00e9e <em data-start=\"487\" data-end=\"505\">Grands Reporters<\/em><\/li><li>Le festival du film fran\u00e7ais<\/li><li>Le concours de dessin<\/li><\/ul>\t\t\t\t\t\t\t\t<\/div>\n\t\t\t\t<\/div>\n\t\t\t\t\t<\/div>\n\t\t<\/div>\n\t\t\t\t\t<\/div>\n\t\t<\/section>\n\t\t\t\t<section class=\"elementor-section elementor-top-section elementor-element elementor-element-586499b1 elementor-section-boxed elementor-section-height-default elementor-section-height-default\" data-id=\"586499b1\" data-element_type=\"section\">\n\t\t\t\t\t\t<div class=\"elementor-container elementor-column-gap-default\">\n\t\t\t\t\t<div class=\"elementor-column elementor-col-50 elementor-top-column elementor-element elementor-element-6bf9a8e1\" data-id=\"6bf9a8e1\" data-element_type=\"column\">\n\t\t\t<div class=\"elementor-widget-wrap elementor-element-populated\">\n\t\t\t\t\t\t<div class=\"elementor-element elementor-element-66fd93f8 elementor-widget elementor-widget-text-editor\" data-id=\"66fd93f8\" data-element_type=\"widget\" data-widget_type=\"text-editor.default\">\n\t\t\t\t<div class=\"elementor-widget-container\">\n\t\t\t\t\t\t\t\t\t<p><strong><em>La tourn\u00e9e Grands Reporters<\/em><\/strong><\/p><p>Chaque ann\u00e9e, gr\u00e2ce \u00e0 l\u2019initiative de l\u2019ensemble du r\u00e9seau des Alliances Fran\u00e7aises de Su\u00e8de et de ses partenaires (Fondation Alliance Fran\u00e7aise, Mairie de Paris, Prix Albert Londres et l\u2019Institut Fran\u00e7ais de Su\u00e8de),\u00a0<strong>une tourn\u00e9e de grands reporters est organis\u00e9e dans plusieurs villes de Su\u00e8de et pilot\u00e9e par l\u2019Alliance Fran\u00e7aise d\u2019\u00d6rebro.<br \/><\/strong><em>Anciens reporters<\/em> : C\u00e9cile Allegra, Meron Estefanos, Jean-Paul Mari, Tito, Olivier Weber etc<\/p>\t\t\t\t\t\t\t\t<\/div>\n\t\t\t\t<\/div>\n\t\t\t\t\t<\/div>\n\t\t<\/div>\n\t\t\t\t<div class=\"elementor-column elementor-col-50 elementor-top-column elementor-element elementor-element-43920824\" data-id=\"43920824\" data-element_type=\"column\">\n\t\t\t<div class=\"elementor-widget-wrap elementor-element-populated\">\n\t\t\t\t\t\t<div class=\"elementor-element elementor-element-298a3757 elementor-widget elementor-widget-image\" data-id=\"298a3757\" data-element_type=\"widget\" data-widget_type=\"image.default\">\n\t\t\t\t<div class=\"elementor-widget-container\">\n\t\t\t\t\t\t\t\t\t\t\t\t\t\t\t<img fetchpriority=\"high\" decoding=\"async\" width=\"960\" height=\"361\" src=\"https:\/\/alliancefr.se\/orebro\/wp-content\/uploads\/sites\/5\/2019\/08\/granddzqdqz-1.png\" class=\"attachment-large size-large wp-image-6215\" alt=\"\" \/>\t\t\t\t\t\t\t\t\t\t\t\t\t\t\t<\/div>\n\t\t\t\t<\/div>\n\t\t\t\t\t<\/div>\n\t\t<\/div>\n\t\t\t\t\t<\/div>\n\t\t<\/section>\n\t\t\t\t<section class=\"elementor-section elementor-top-section elementor-element elementor-element-5d78007f elementor-section-boxed elementor-section-height-default elementor-section-height-default\" data-id=\"5d78007f\" data-element_type=\"section\">\n\t\t\t\t\t\t<div class=\"elementor-container elementor-column-gap-default\">\n\t\t\t\t\t<div class=\"elementor-column elementor-col-100 elementor-top-column elementor-element elementor-element-7b19863\" data-id=\"7b19863\" data-element_type=\"column\">\n\t\t\t<div class=\"elementor-widget-wrap elementor-element-populated\">\n\t\t\t\t\t\t<div class=\"elementor-element elementor-element-7c23e28a elementor-widget elementor-widget-spacer\" data-id=\"7c23e28a\" data-element_type=\"widget\" data-widget_type=\"spacer.default\">\n\t\t\t\t<div class=\"elementor-widget-container\">\n\t\t\t\t\t\t\t<div class=\"elementor-spacer\">\n\t\t\t<div class=\"elementor-spacer-inner\"><\/div>\n\t\t<\/div>\n\t\t\t\t\t\t<\/div>\n\t\t\t\t<\/div>\n\t\t\t\t\t<\/div>\n\t\t<\/div>\n\t\t\t\t\t<\/div>\n\t\t<\/section>\n\t\t\t\t<section class=\"elementor-section elementor-top-section elementor-element elementor-element-7b3cb19a elementor-section-boxed elementor-section-height-default elementor-section-height-default\" data-id=\"7b3cb19a\" data-element_type=\"section\">\n\t\t\t\t\t\t<div class=\"elementor-container elementor-column-gap-default\">\n\t\t\t\t\t<div class=\"elementor-column elementor-col-50 elementor-top-column elementor-element elementor-element-244622b6\" data-id=\"244622b6\" data-element_type=\"column\">\n\t\t\t<div class=\"elementor-widget-wrap elementor-element-populated\">\n\t\t\t\t\t\t<div class=\"elementor-element elementor-element-2276f5cb elementor-widget elementor-widget-image\" data-id=\"2276f5cb\" data-element_type=\"widget\" data-widget_type=\"image.default\">\n\t\t\t\t<div class=\"elementor-widget-container\">\n\t\t\t\t\t\t\t\t\t\t\t\t\t\t\t<img decoding=\"async\" width=\"712\" height=\"203\" src=\"https:\/\/alliancefr.se\/orebro\/wp-content\/uploads\/sites\/5\/2023\/09\/affiche-elodie-fff.jpg\" class=\"attachment-large size-large wp-image-9500\" alt=\"\" \/>\t\t\t\t\t\t\t\t\t\t\t\t\t\t\t<\/div>\n\t\t\t\t<\/div>\n\t\t\t\t\t<\/div>\n\t\t<\/div>\n\t\t\t\t<div class=\"elementor-column elementor-col-50 elementor-top-column elementor-element elementor-element-2a86bac1\" data-id=\"2a86bac1\" data-element_type=\"column\">\n\t\t\t<div class=\"elementor-widget-wrap elementor-element-populated\">\n\t\t\t\t\t\t<div class=\"elementor-element elementor-element-395c380a elementor-widget elementor-widget-text-editor\" data-id=\"395c380a\" data-element_type=\"widget\" data-widget_type=\"text-editor.default\">\n\t\t\t\t<div class=\"elementor-widget-container\">\n\t\t\t\t\t\t\t\t\t<p><strong><em>Le Franska Filmfestivalen<\/em><\/strong><\/p><p>Depuis trois ans maintenant, un festival du film fran\u00e7ais est organis\u00e9 par les Alliances en partenariat avec les cin\u00e9ma locaux et souvent le Franska Filmfestivalen de <em>Stockholm<\/em>. Des films classiques mais aussi contemporains francophones sont alors mis en avant dans chaque ville durant le mois mars (mois de la Francophonie).<\/p>\t\t\t\t\t\t\t\t<\/div>\n\t\t\t\t<\/div>\n\t\t\t\t\t<\/div>\n\t\t<\/div>\n\t\t\t\t\t<\/div>\n\t\t<\/section>\n\t\t\t\t<section class=\"elementor-section elementor-top-section elementor-element elementor-element-4140b352 elementor-section-boxed elementor-section-height-default elementor-section-height-default\" data-id=\"4140b352\" data-element_type=\"section\">\n\t\t\t\t\t\t<div class=\"elementor-container elementor-column-gap-default\">\n\t\t\t\t\t<div class=\"elementor-column elementor-col-50 elementor-top-column elementor-element elementor-element-3e87bc74\" data-id=\"3e87bc74\" data-element_type=\"column\">\n\t\t\t<div class=\"elementor-widget-wrap elementor-element-populated\">\n\t\t\t\t\t\t<div class=\"elementor-element elementor-element-5ebc5d29 elementor-widget elementor-widget-text-editor\" data-id=\"5ebc5d29\" data-element_type=\"widget\" data-widget_type=\"text-editor.default\">\n\t\t\t\t<div class=\"elementor-widget-container\">\n\t\t\t\t\t\t\t\t\t<p><strong><em>Le Concours de dessin<\/em><\/strong><\/p><p>Initi\u00e9 par l&rsquo;Alliance Fran\u00e7aise d&rsquo;Halmstad en 2018 et \u00e0 destination des <em>coll\u00e9giens<\/em>, ce concours a vocation \u00e0 \u00eatre mis en \u0153uvre en 2019 au sein du r\u00e9seau des Alliances Fran\u00e7aises de Su\u00e8de.<\/p>\t\t\t\t\t\t\t\t<\/div>\n\t\t\t\t<\/div>\n\t\t\t\t\t<\/div>\n\t\t<\/div>\n\t\t\t\t<div class=\"elementor-column elementor-col-50 elementor-top-column elementor-element elementor-element-3b7323d6\" data-id=\"3b7323d6\" data-element_type=\"column\">\n\t\t\t<div class=\"elementor-widget-wrap elementor-element-populated\">\n\t\t\t\t\t\t<div class=\"elementor-element elementor-element-b23d8cb elementor-widget elementor-widget-image\" data-id=\"b23d8cb\" data-element_type=\"widget\" data-widget_type=\"image.default\">\n\t\t\t\t<div class=\"elementor-widget-container\">\n\t\t\t\t\t\t\t\t\t\t\t\t\t\t\t<img decoding=\"async\" width=\"300\" height=\"300\" src=\"https:\/\/alliancefr.se\/orebro\/wp-content\/uploads\/sites\/5\/2018\/12\/princerond3-300x300.jpg\" class=\"attachment-medium size-medium wp-image-4063\" alt=\"\" \/>\t\t\t\t\t\t\t\t\t\t\t\t\t\t\t<\/div>\n\t\t\t\t<\/div>\n\t\t\t\t\t<\/div>\n\t\t<\/div>\n\t\t\t\t\t<\/div>\n\t\t<\/section>\n\t\t\t\t<\/div>\n\t\t","protected":false},"excerpt":{"rendered":"<p>Le r\u00e9seau des Alliances Fran\u00e7aises de Su\u00e8de En Su\u00e8de, la premi\u00e8re Alliance Fran\u00e7aise a \u00e9t\u00e9 cr\u00e9\u00e9e \u00e0 Stockholm en 1889, et a \u00e9t\u00e9 rapidement suivie par celles d\u2019Uppsala et de G\u00f6teborg. L\u2019Alliance Fran\u00e7aise d\u2019\u00d6rebro, quant \u00e0 elle, a \u00e9t\u00e9 cr\u00e9\u00e9e en 1935, et a f\u00eat\u00e9 ses 80 ans en 2015. \u00c0 ce jour, le r\u00e9seau Alliance Fran\u00e7aise de Su\u00e8de compte 17 alliances, qui font partie des Alliances Fran\u00e7aises avec un statut particulier dans la promotion de la francophonie. En effet, en raison de la tradition tr\u00e8s ancr\u00e9e en Su\u00e8de des f\u00e9d\u00e9rations d&rsquo;\u00e9ducation populaire que sont Medborgarskolan et Folkh\u00f6gskolan, les Alliances su\u00e9doises ne donnent pas de cours de fran\u00e7ais. Elles proposent en revanche de nombreuses activit\u00e9s et conf\u00e9rences en fran\u00e7ais et en su\u00e9dois autour des cultures francophones. Dans le cadre de la coop\u00e9ration entres les Alliances Fran\u00e7aises de Su\u00e8de, une r\u00e9union nationale est tenue chaque ann\u00e9e dans une ville du r\u00e9seau.\u00a0 Projets men\u00e9s au sein du r\u00e9seau Chaque ann\u00e9e, une rencontre est organis\u00e9e pour rassembler toutes les Alliances Fran\u00e7aises de Su\u00e8de. C\u2019est l\u2019occasion d\u2019\u00e9changer autour des projets r\u00e9alis\u00e9s ou \u00e0 venir, tels que le d\u00e9veloppement de partenariats ou la mise en place de tourn\u00e9es de conf\u00e9renciers entre diff\u00e9rentes alliances et villes. Quelques exemples de projets men\u00e9s ces derni\u00e8res ann\u00e9es : La tourn\u00e9e Grands Reporters Le festival du film fran\u00e7ais Le concours de dessin La tourn\u00e9e Grands Reporters Chaque ann\u00e9e, gr\u00e2ce \u00e0 l\u2019initiative de l\u2019ensemble du r\u00e9seau des Alliances Fran\u00e7aises de Su\u00e8de et de ses partenaires (Fondation Alliance Fran\u00e7aise, Mairie de Paris, Prix Albert Londres et l\u2019Institut Fran\u00e7ais de Su\u00e8de),\u00a0une tourn\u00e9e de grands reporters est organis\u00e9e dans plusieurs villes de Su\u00e8de et pilot\u00e9e par l\u2019Alliance Fran\u00e7aise d\u2019\u00d6rebro.Anciens reporters : C\u00e9cile Allegra, Meron Estefanos, Jean-Paul Mari, Tito, Olivier Weber etc Le Franska Filmfestivalen Depuis trois ans maintenant, un festival du film fran\u00e7ais est organis\u00e9 par les Alliances en partenariat avec les cin\u00e9ma locaux et souvent le Franska Filmfestivalen de Stockholm. Des films classiques mais aussi contemporains francophones sont alors mis en avant dans chaque ville durant le mois mars (mois de la Francophonie). Le Concours de dessin Initi\u00e9 par l&rsquo;Alliance Fran\u00e7aise d&rsquo;Halmstad en 2018 et \u00e0 destination des coll\u00e9giens, ce concours a vocation \u00e0 \u00eatre mis en \u0153uvre en 2019 au sein du r\u00e9seau des Alliances Fran\u00e7aises de Su\u00e8de.<\/p>\n","protected":false},"author":1,"featured_media":0,"parent":0,"menu_order":0,"comment_status":"closed","ping_status":"closed","template":"","meta":{"om_disable_all_campaigns":false,"_monsterinsights_skip_tracking":false,"_monsterinsights_sitenote_active":false,"_monsterinsights_sitenote_note":"","_monsterinsights_sitenote_category":0,"_uf_show_specific_survey":0,"_uf_disable_surveys":false,"footnotes":""},"class_list":["post-584","page","type-page","status-publish","hentry"],"aioseo_notices":[],"rttpg_featured_image_url":null,"rttpg_author":{"display_name":"Super.admin","author_link":"https:\/\/alliancefr.se\/orebro\/author\/admin2174\/"},"rttpg_comment":0,"rttpg_category":" <a href=\"https:\/\/alliancefr.se\/orebro\/\" rel=\"tag\">Fran\u00e7ais<\/a>","rttpg_excerpt":"Le r\u00e9seau des Alliances Fran\u00e7aises de Su\u00e8de En Su\u00e8de, la premi\u00e8re Alliance Fran\u00e7aise a \u00e9t\u00e9 cr\u00e9\u00e9e \u00e0 Stockholm en 1889, et a \u00e9t\u00e9 rapidement suivie par celles d\u2019Uppsala et de G\u00f6teborg. L\u2019Alliance Fran\u00e7aise d\u2019\u00d6rebro, quant \u00e0 elle, a \u00e9t\u00e9 cr\u00e9\u00e9e en 1935, et a f\u00eat\u00e9 ses 80 ans en 2015. \u00c0 ce jour, le r\u00e9seau\u2026","_links":{"self":[{"href":"https:\/\/alliancefr.se\/orebro\/wp-json\/wp\/v2\/pages\/584","targetHints":{"allow":["GET"]}}],"collection":[{"href":"https:\/\/alliancefr.se\/orebro\/wp-json\/wp\/v2\/pages"}],"about":[{"href":"https:\/\/alliancefr.se\/orebro\/wp-json\/wp\/v2\/types\/page"}],"author":[{"embeddable":true,"href":"https:\/\/alliancefr.se\/orebro\/wp-json\/wp\/v2\/users\/1"}],"replies":[{"embeddable":true,"href":"https:\/\/alliancefr.se\/orebro\/wp-json\/wp\/v2\/comments?post=584"}],"version-history":[{"count":32,"href":"https:\/\/alliancefr.se\/orebro\/wp-json\/wp\/v2\/pages\/584\/revisions"}],"predecessor-version":[{"id":16409,"href":"https:\/\/alliancefr.se\/orebro\/wp-json\/wp\/v2\/pages\/584\/revisions\/16409"}],"wp:attachment":[{"href":"https:\/\/alliancefr.se\/orebro\/wp-json\/wp\/v2\/media?parent=584"}],"curies":[{"name":"wp","href":"https:\/\/api.w.org\/{rel}","templated":true}]}}