{"id":498,"date":"2015-04-27T09:34:13","date_gmt":"2015-04-27T07:34:13","guid":{"rendered":"http:\/\/alliancefr.se\/orebro4\/vart-hostprogram-2014\/"},"modified":"2023-10-17T10:59:17","modified_gmt":"2023-10-17T08:59:17","slug":"vart-hostprogram-2014","status":"publish","type":"page","link":"https:\/\/alliancefr.se\/orebro\/sv\/vart-hostprogram-2014\/","title":{"rendered":"Arkiv V\u00e5rt h\u00f6stprogram 2014"},"content":{"rendered":"<h3 style=\"text-align: center\">\u00ab\u00a0Normandie, er\u00f6vrat landomr\u00e5de, fr\u00e5n Vikingarna till de Allierade\u00a0\u00bb<\/h3>\n<p><a href=\"http:\/\/www.alliancefrancaise-orebro.eu\/wp-content\/uploads\/2015\/04\/Normandie.jpg\"><img fetchpriority=\"high\" decoding=\"async\" class=\"alignleft size-medium wp-image-473\" src=\"http:\/\/www.alliancefrancaise-orebro.eu\/wp-content\/uploads\/2015\/04\/Normandie-300x225.jpg\" alt=\"Normandie ett franskt omr\u00e5de kopplat till Sverige\" width=\"300\" height=\"225\" \/><\/a><\/p>\n<p>Fransk kv\u00e4ll: F\u00f6rel\u00e4sning p\u00e5 svenska och franska med provsmakning av regionala produkter. Kv\u00e4llen leds av Hugues (ordf\u00f6rande) och Agneta Combes fr\u00e5n Alliance Fran\u00e7aise d&rsquo;Halmstad.<\/p>\n<p>Alla \u00e4r v\u00e4lkomna (medlem eller ej) Provsmakning: 50 kr (+dryck: 20 kr.)<\/p>\n<p><em>Fredagen den 5 december kl.19.00. Medborgarskolan, Storgatan 18.<br \/>\nI Samarbete med Medborgarskolan.<\/em><\/p>\n<p>&nbsp;<\/p>\n<h3 style=\"text-align: center\">\u00ab\u00a0Les guignols de l&rsquo;info, den franska satiriska komedin\u00a0\u00bb<\/h3>\n<p><a href=\"http:\/\/www.alliancefrancaise-orebro.eu\/wp-content\/uploads\/2015\/04\/guignols.jpg\"><img decoding=\"async\" class=\"alignleft size-medium wp-image-474\" src=\"http:\/\/www.alliancefrancaise-orebro.eu\/wp-content\/uploads\/2015\/04\/guignols-300x300.jpg\" alt=\"Les guignols de l'info\" width=\"300\" height=\"300\" \/><\/a><\/p>\n<p>F\u00f6rel\u00e4sning p\u00e5 franska av Pascal Rebreyend Ordf\u00f6rande de l&rsquo;Alliance Fran\u00e7aise de Falun.<\/p>\n<p>I 26 \u00e5r har dockor parodierat varje kv\u00e4ll p\u00e5 tv nyheterna, k\u00e4ndisar och storm\u00e4nnen. Mer \u00e4n en karikatyr \u00e4r det h\u00e4r programmet ett socialt fenomen. Det \u00e4r k\u00e4llan till m\u00e5nga ord och uttryck som har tr\u00e4tt i vardagsspr\u00e5ket som till exemple \u201dzlataner\u201d (att zlatanera). Vi ska ta utdrag som utg\u00e5ngspunkten f\u00f6r att ber\u00e4tta om programmets historia. Vi ska ocks\u00e5 prata om de stora debatterna som orsakas av denna typ av humor.<\/p>\n<p><em>Onsdag den 19 November kl. 18.30<\/em><br \/>\n<em> Startcentrum, Rudbecksgatan 26.<\/em><\/p>\n<p>&nbsp;<\/p>\n<p>&nbsp;<\/p>\n<h3 style=\"text-align: center\">Filmkv\u00e4ll p\u00e5 franska<\/h3>\n<p><a href=\"http:\/\/www.alliancefrancaise-orebro.eu\/wp-content\/uploads\/2015\/04\/Belle-et-Sebastien.jpg\"><img decoding=\"async\" class=\"alignleft size-full wp-image-476\" src=\"http:\/\/www.alliancefrancaise-orebro.eu\/wp-content\/uploads\/2015\/04\/Belle-et-Sebastien.jpg\" alt=\"Affisch om filmen Belle et Sebastien\" width=\"300\" height=\"400\" \/><\/a><\/p>\n<p>Filmen fr\u00e5n 2013 baseras med framg\u00e5ng p\u00e5 ber\u00f6mda serien \u201dBelle et Sebastien\u201d som fascinerade barn under 60talet<\/p>\n<p>Detta \u00e4r historien om tr\u00e4ffen mellan ett ensamt barn och en vild hund som heter Belle. Det \u00e4r ber\u00e4ttelsen om en of\u00f6rg\u00e4nglig v\u00e4nskap. Detta \u00e4r den extraordin\u00e4ra ber\u00e4ttelsen om ett p\u00e5hittigt barn under andra v\u00e4rldskriget. Detta \u00e4r ber\u00e4ttelsen om en liten pojke p\u00e5 spaning efter sin mamma, om en gammal man p\u00e5 spaning efter sitt f\u00f6rflutna, om en medlem av den franska motst\u00e5ndsr\u00f6relsen p\u00e5 spaning efter k\u00e4rlek, om en ung kvinna p\u00e5 spaning efter \u00e4ventyr, om en tysk l\u00f6jtnant p\u00e5 spaning efter f\u00f6rl\u00e5telse.<\/p>\n<p><em>Fredag den 17 oktober kl. 18.30 <\/em><br \/>\n<em> Startcentrum, Rudbecksgatan 26.<\/em><\/p>\n<p>&nbsp;<\/p>\n<p>&nbsp;<\/p>\n<h3 style=\"text-align: center\"><\/h3>\n<h3 style=\"text-align: center\">Gemytlig middag<\/h3>\n<p>Ett tillf\u00e4lle att tr\u00e4ffas efter sommarpausen men ocks\u00e5 att diskutera om v\u00e5ra projekt och aktiviteter f\u00f6r 2015<\/p>\n<p>Kv\u00e4llen \u00e4r reserverad till medlemmarna i Alliance Fran\u00e7aise i \u00d6rebro. Var s\u00e5 sn\u00e4ll att s\u00e4ga om du kommer innan torsdag den 25 september (contact@alliancefrancaise-orebro.eu).<\/p>\n<p><em>M\u00e5ndag den 29 september kl. 19.00 <\/em><br \/>\n<em> Startcentrum, Rudbecksgatan 26.<\/em><\/p>\n","protected":false},"excerpt":{"rendered":"<p>\u00ab\u00a0Normandie, er\u00f6vrat landomr\u00e5de, fr\u00e5n Vikingarna till de Allierade\u00a0\u00bb Fransk kv\u00e4ll: F\u00f6rel\u00e4sning p\u00e5 svenska och franska med provsmakning av regionala produkter. Kv\u00e4llen leds av Hugues (ordf\u00f6rande) och Agneta Combes fr\u00e5n Alliance Fran\u00e7aise d&rsquo;Halmstad. Alla \u00e4r v\u00e4lkomna (medlem eller ej) Provsmakning: 50 kr (+dryck: 20 kr.) Fredagen den 5 december kl.19.00. Medborgarskolan, Storgatan 18. I Samarbete med Medborgarskolan. &nbsp; \u00ab\u00a0Les guignols de l&rsquo;info, den franska satiriska komedin\u00a0\u00bb F\u00f6rel\u00e4sning p\u00e5 franska av Pascal Rebreyend Ordf\u00f6rande de l&rsquo;Alliance Fran\u00e7aise de Falun. I 26 \u00e5r har dockor parodierat varje kv\u00e4ll p\u00e5 tv nyheterna, k\u00e4ndisar och storm\u00e4nnen. Mer \u00e4n en karikatyr \u00e4r det h\u00e4r programmet ett socialt fenomen. Det \u00e4r k\u00e4llan till m\u00e5nga ord och uttryck som har tr\u00e4tt i vardagsspr\u00e5ket som till exemple \u201dzlataner\u201d (att zlatanera). Vi ska ta utdrag som utg\u00e5ngspunkten f\u00f6r att ber\u00e4tta om programmets historia. Vi ska ocks\u00e5 prata om de stora debatterna som orsakas av denna typ av humor. Onsdag den 19 November kl. 18.30 Startcentrum, Rudbecksgatan 26. &nbsp; &nbsp; Filmkv\u00e4ll p\u00e5 franska Filmen fr\u00e5n 2013 baseras med framg\u00e5ng p\u00e5 ber\u00f6mda serien \u201dBelle et Sebastien\u201d som fascinerade barn under 60talet Detta \u00e4r historien om tr\u00e4ffen mellan ett ensamt barn och en vild hund som heter Belle. Det \u00e4r ber\u00e4ttelsen om en of\u00f6rg\u00e4nglig v\u00e4nskap. Detta \u00e4r den extraordin\u00e4ra ber\u00e4ttelsen om ett p\u00e5hittigt barn under andra v\u00e4rldskriget. Detta \u00e4r ber\u00e4ttelsen om en liten pojke p\u00e5 spaning efter sin mamma, om en gammal man p\u00e5 spaning efter sitt f\u00f6rflutna, om en medlem av den franska motst\u00e5ndsr\u00f6relsen p\u00e5 spaning efter k\u00e4rlek, om en ung kvinna p\u00e5 spaning efter \u00e4ventyr, om en tysk l\u00f6jtnant p\u00e5 spaning efter f\u00f6rl\u00e5telse. Fredag den 17 oktober kl. 18.30 Startcentrum, Rudbecksgatan 26. &nbsp; &nbsp; Gemytlig middag Ett tillf\u00e4lle att tr\u00e4ffas efter sommarpausen men ocks\u00e5 att diskutera om v\u00e5ra projekt och aktiviteter f\u00f6r 2015 Kv\u00e4llen \u00e4r reserverad till medlemmarna i Alliance Fran\u00e7aise i \u00d6rebro. Var s\u00e5 sn\u00e4ll att s\u00e4ga om du kommer innan torsdag den 25 september (contact@alliancefrancaise-orebro.eu). M\u00e5ndag den 29 september kl. 19.00 Startcentrum, Rudbecksgatan 26.<\/p>\n","protected":false},"author":1,"featured_media":0,"parent":0,"menu_order":0,"comment_status":"closed","ping_status":"closed","template":"","meta":{"om_disable_all_campaigns":false,"_monsterinsights_skip_tracking":false,"_monsterinsights_sitenote_active":false,"_monsterinsights_sitenote_note":"","_monsterinsights_sitenote_category":0,"_uf_show_specific_survey":0,"_uf_disable_surveys":false,"footnotes":""},"class_list":["post-498","page","type-page","status-publish","hentry"],"aioseo_notices":[],"rttpg_featured_image_url":null,"rttpg_author":{"display_name":"Super.admin","author_link":"https:\/\/alliancefr.se\/orebro\/author\/admin2174\/"},"rttpg_comment":0,"rttpg_category":" <a href=\"https:\/\/alliancefr.se\/orebro\/sv\/\" rel=\"tag\">Svenska<\/a>","rttpg_excerpt":"\u00ab\u00a0Normandie, er\u00f6vrat landomr\u00e5de, fr\u00e5n Vikingarna till de Allierade\u00a0\u00bb Fransk kv\u00e4ll: F\u00f6rel\u00e4sning p\u00e5 svenska och franska med provsmakning av regionala produkter. Kv\u00e4llen leds av Hugues (ordf\u00f6rande) och Agneta Combes fr\u00e5n Alliance Fran\u00e7aise d&rsquo;Halmstad. Alla \u00e4r v\u00e4lkomna (medlem eller ej) Provsmakning: 50 kr (+dryck: 20 kr.) Fredagen den 5 december kl.19.00. Medborgarskolan, Storgatan 18. I Samarbete med\u2026","_links":{"self":[{"href":"https:\/\/alliancefr.se\/orebro\/wp-json\/wp\/v2\/pages\/498","targetHints":{"allow":["GET"]}}],"collection":[{"href":"https:\/\/alliancefr.se\/orebro\/wp-json\/wp\/v2\/pages"}],"about":[{"href":"https:\/\/alliancefr.se\/orebro\/wp-json\/wp\/v2\/types\/page"}],"author":[{"embeddable":true,"href":"https:\/\/alliancefr.se\/orebro\/wp-json\/wp\/v2\/users\/1"}],"replies":[{"embeddable":true,"href":"https:\/\/alliancefr.se\/orebro\/wp-json\/wp\/v2\/comments?post=498"}],"version-history":[{"count":1,"href":"https:\/\/alliancefr.se\/orebro\/wp-json\/wp\/v2\/pages\/498\/revisions"}],"predecessor-version":[{"id":9417,"href":"https:\/\/alliancefr.se\/orebro\/wp-json\/wp\/v2\/pages\/498\/revisions\/9417"}],"wp:attachment":[{"href":"https:\/\/alliancefr.se\/orebro\/wp-json\/wp\/v2\/media?parent=498"}],"curies":[{"name":"wp","href":"https:\/\/api.w.org\/{rel}","templated":true}]}}