{"id":3608,"date":"2018-10-23T11:56:26","date_gmt":"2018-10-23T09:56:26","guid":{"rendered":"http:\/\/alliancefr.se\/orebro4\/musik-och-filmcirklar\/"},"modified":"2024-11-01T17:04:12","modified_gmt":"2024-11-01T16:04:12","slug":"musik-och-filmcirklar","status":"publish","type":"page","link":"https:\/\/alliancefr.se\/orebro\/sv\/musik-och-filmcirklar\/","title":{"rendered":"Arkiv Musik och filmcirklar"},"content":{"rendered":"\t\t<div data-elementor-type=\"wp-page\" data-elementor-id=\"3608\" class=\"elementor elementor-3608\">\n\t\t\t\t\t\t<section class=\"elementor-section elementor-top-section elementor-element elementor-element-5bca7b63 elementor-section-boxed elementor-section-height-default elementor-section-height-default\" data-id=\"5bca7b63\" data-element_type=\"section\">\n\t\t\t\t\t\t<div class=\"elementor-container elementor-column-gap-default\">\n\t\t\t\t\t<div class=\"elementor-column elementor-col-100 elementor-top-column elementor-element elementor-element-23e456b4\" data-id=\"23e456b4\" data-element_type=\"column\">\n\t\t\t<div class=\"elementor-widget-wrap elementor-element-populated\">\n\t\t\t\t\t\t<div class=\"elementor-element elementor-element-216451f7 elementor-widget elementor-widget-text-editor\" data-id=\"216451f7\" data-element_type=\"widget\" data-widget_type=\"text-editor.default\">\n\t\t\t\t<div class=\"elementor-widget-container\">\n\t\t\t\t\t\t\t\t\t<h3><strong>2018-2019<\/strong><\/h3><p><img fetchpriority=\"high\" decoding=\"async\" class=\"aligncenter wp-image-3609 size-full\" src=\"https:\/\/alliancefr.se\/orebro\/wp-content\/uploads\/sites\/5\/2018\/10\/concertessaie1-3.jpg\" alt=\"\" width=\"1280\" height=\"720\" \/><\/p><p style=\"text-align: center;\">S\u00e9lection 2018-2019 :<\/p><p style=\"text-align: center;\"><strong>\u2022<\/strong>\u00a0<a href=\"https:\/\/www.youtube.com\/user\/vianneymusique\">Vianney\u00a0<\/a><strong>\u2022<\/strong><br \/>Auteur-compositeur interpr\u00e8te\u00a0fran\u00e7ais<\/p><p style=\"text-align: center;\"><strong>\u2022<\/strong>\u00a0<a href=\"https:\/\/www.youtube.com\/channel\/UCCB1Byx5yTbLpQaV-rlfmtA\">Ma\u00eetre Gims<\/a>\u00a0<strong>\u2022<\/strong><br \/>Rappeur,\u00a0chanteur\u00a0et\u00a0compositeur congolais<br \/><em>Mon c\u0153ur avait raison<\/em>\u00a0 (2015)<\/p><p style=\"text-align: center;\"><strong>\u2022<\/strong>\u00a0<a href=\"https:\/\/www.youtube.com\/channel\/UC20JPs5yQ4zV8VBJcgesS0w\">Jane Constance<\/a>\u00a0<strong>\u2022<\/strong><br \/>Chanteuse\u00a0originaire de l\u2019\u00eele Maurice<br \/><em>A travers vos yeux<\/em>\u00a0(2016)<\/p><p style=\"text-align: center;\"><strong>\u2022<\/strong>\u00a0<a href=\"https:\/\/www.youtube.com\/user\/slimanemokeddem\">Slimane<\/a>\u00a0<strong>\u2022<\/strong><br \/>Chanteur\u00a0fran\u00e7ais<br \/><em>\u00c2 bout de r\u00eaves<\/em>\u00a0(2016)<\/p><p><img decoding=\"async\" class=\"aligncenter wp-image-3610 size-full\" src=\"https:\/\/alliancefr.se\/orebro\/wp-content\/uploads\/sites\/5\/2018\/10\/filmessaie1-3.jpg\" alt=\"\" width=\"1280\" height=\"720\" \/><\/p><p style=\"text-align: center;\">S\u00e9lection 2018-2019<\/p><p style=\"text-align: center;\"><strong>\u2022<\/strong>\u00a0<a href=\"https:\/\/www.youtube.com\/watch?v=bcHjeZoSX4w\">Les Bracelets Rouges<\/a>\u00a0<strong>\u2022<\/strong><br \/>(2018)<\/p><p style=\"text-align: center;\"><strong>\u2022\u00a0<\/strong><a href=\"https:\/\/www.youtube.com\/watch?v=xt48gxynSqg\">La passion Van Gogh<\/a>\u00a0<strong>\u2022<\/strong><br \/>Dorota Kobiela &amp; Hugh Welchman (2017)<\/p><p style=\"text-align: center;\">\u00a0<strong>\u2022\u00a0<\/strong><a href=\"https:\/\/www.youtube.com\/watch?v=4Lst66pETxA\">Au Revoir L\u00e0-Haut<\/a>\u00a0<strong>\u2022<\/strong><br \/>Albert Dupontel<br \/>(2017)<\/p><p style=\"text-align: center;\">\u00a0<strong>\u2022\u00a0<\/strong><a href=\"https:\/\/www.youtube.com\/watch?v=7j6kAQlC6Mc\">Gaugin \u2013 Voyage de Tahiti<\/a>\u00a0<strong>\u2022<\/strong><br \/>\u00c9douard Deluc<br \/>(2017)<\/p><p style=\"text-align: center;\"><strong>\u2022<\/strong>\u00a0<a href=\"https:\/\/www.youtube.com\/watch?v=0BufXB1AUfM\">Le Brio<\/a>\u00a0<strong>\u2022<\/strong><br \/>Yvan Attal<br \/>(2017)<\/p><p style=\"text-align: center;\"><strong>\u2022<\/strong>\u00a0<a href=\"https:\/\/www.youtube.com\/watch?v=p6IYLH_emaI\">Demain et tous les autres jours<\/a>\u00a0<strong>\u2022<\/strong><br \/>No\u00e9mie Lvovsky<br \/>(2017)<\/p>\t\t\t\t\t\t\t\t<\/div>\n\t\t\t\t<\/div>\n\t\t\t\t\t<\/div>\n\t\t<\/div>\n\t\t\t\t\t<\/div>\n\t\t<\/section>\n\t\t\t\t<\/div>\n\t\t","protected":false},"excerpt":{"rendered":"<p>2018-2019 S\u00e9lection 2018-2019 : \u2022\u00a0Vianney\u00a0\u2022Auteur-compositeur interpr\u00e8te\u00a0fran\u00e7ais \u2022\u00a0Ma\u00eetre Gims\u00a0\u2022Rappeur,\u00a0chanteur\u00a0et\u00a0compositeur congolaisMon c\u0153ur avait raison\u00a0 (2015) \u2022\u00a0Jane Constance\u00a0\u2022Chanteuse\u00a0originaire de l\u2019\u00eele MauriceA travers vos yeux\u00a0(2016) \u2022\u00a0Slimane\u00a0\u2022Chanteur\u00a0fran\u00e7ais\u00c2 bout de r\u00eaves\u00a0(2016) S\u00e9lection 2018-2019 \u2022\u00a0Les Bracelets Rouges\u00a0\u2022(2018) \u2022\u00a0La passion Van Gogh\u00a0\u2022Dorota Kobiela &amp; Hugh Welchman (2017) \u00a0\u2022\u00a0Au Revoir L\u00e0-Haut\u00a0\u2022Albert Dupontel(2017) \u00a0\u2022\u00a0Gaugin \u2013 Voyage de Tahiti\u00a0\u2022\u00c9douard Deluc(2017) \u2022\u00a0Le Brio\u00a0\u2022Yvan Attal(2017) \u2022\u00a0Demain et tous les autres jours\u00a0\u2022No\u00e9mie Lvovsky(2017)<\/p>\n","protected":false},"author":1,"featured_media":0,"parent":0,"menu_order":0,"comment_status":"closed","ping_status":"closed","template":"","meta":{"om_disable_all_campaigns":false,"_monsterinsights_skip_tracking":false,"_monsterinsights_sitenote_active":false,"_monsterinsights_sitenote_note":"","_monsterinsights_sitenote_category":0,"_uf_show_specific_survey":0,"_uf_disable_surveys":false,"footnotes":""},"class_list":["post-3608","page","type-page","status-publish","hentry"],"aioseo_notices":[],"rttpg_featured_image_url":null,"rttpg_author":{"display_name":"Super.admin","author_link":"https:\/\/alliancefr.se\/orebro\/author\/admin2174\/"},"rttpg_comment":0,"rttpg_category":" <a href=\"https:\/\/alliancefr.se\/orebro\/sv\/\" rel=\"tag\">Svenska<\/a>","rttpg_excerpt":"2018-2019 S\u00e9lection 2018-2019 : \u2022\u00a0Vianney\u00a0\u2022Auteur-compositeur interpr\u00e8te\u00a0fran\u00e7ais \u2022\u00a0Ma\u00eetre Gims\u00a0\u2022Rappeur,\u00a0chanteur\u00a0et\u00a0compositeur congolaisMon c\u0153ur avait raison\u00a0 (2015) \u2022\u00a0Jane Constance\u00a0\u2022Chanteuse\u00a0originaire de l\u2019\u00eele MauriceA travers vos yeux\u00a0(2016) \u2022\u00a0Slimane\u00a0\u2022Chanteur\u00a0fran\u00e7ais\u00c2 bout de r\u00eaves\u00a0(2016) S\u00e9lection 2018-2019 \u2022\u00a0Les Bracelets Rouges\u00a0\u2022(2018) \u2022\u00a0La passion Van Gogh\u00a0\u2022Dorota Kobiela &amp; Hugh Welchman (2017) \u00a0\u2022\u00a0Au Revoir L\u00e0-Haut\u00a0\u2022Albert Dupontel(2017) \u00a0\u2022\u00a0Gaugin \u2013 Voyage de Tahiti\u00a0\u2022\u00c9douard Deluc(2017) \u2022\u00a0Le Brio\u00a0\u2022Yvan Attal(2017) \u2022\u00a0Demain et tous\u2026","_links":{"self":[{"href":"https:\/\/alliancefr.se\/orebro\/wp-json\/wp\/v2\/pages\/3608","targetHints":{"allow":["GET"]}}],"collection":[{"href":"https:\/\/alliancefr.se\/orebro\/wp-json\/wp\/v2\/pages"}],"about":[{"href":"https:\/\/alliancefr.se\/orebro\/wp-json\/wp\/v2\/types\/page"}],"author":[{"embeddable":true,"href":"https:\/\/alliancefr.se\/orebro\/wp-json\/wp\/v2\/users\/1"}],"replies":[{"embeddable":true,"href":"https:\/\/alliancefr.se\/orebro\/wp-json\/wp\/v2\/comments?post=3608"}],"version-history":[{"count":7,"href":"https:\/\/alliancefr.se\/orebro\/wp-json\/wp\/v2\/pages\/3608\/revisions"}],"predecessor-version":[{"id":13179,"href":"https:\/\/alliancefr.se\/orebro\/wp-json\/wp\/v2\/pages\/3608\/revisions\/13179"}],"wp:attachment":[{"href":"https:\/\/alliancefr.se\/orebro\/wp-json\/wp\/v2\/media?parent=3608"}],"curies":[{"name":"wp","href":"https:\/\/api.w.org\/{rel}","templated":true}]}}