{"id":15416,"date":"2025-01-20T19:18:05","date_gmt":"2025-01-20T18:18:05","guid":{"rendered":"https:\/\/alliancefr.se\/orebro\/?page_id=15416"},"modified":"2026-02-06T16:33:50","modified_gmt":"2026-02-06T15:33:50","slug":"filmkvallar","status":"publish","type":"page","link":"https:\/\/alliancefr.se\/orebro\/sv\/filmkvallar\/","title":{"rendered":"Filmkv\u00e4llar"},"content":{"rendered":"\t\t<div data-elementor-type=\"wp-page\" data-elementor-id=\"15416\" class=\"elementor elementor-15416\">\n\t\t\t\t\t\t<section class=\"elementor-section elementor-top-section elementor-element elementor-element-a89865d elementor-section-boxed elementor-section-height-default elementor-section-height-default\" data-id=\"a89865d\" data-element_type=\"section\">\n\t\t\t\t\t\t<div class=\"elementor-container elementor-column-gap-default\">\n\t\t\t\t\t<div class=\"elementor-column elementor-col-100 elementor-top-column elementor-element elementor-element-079d405\" data-id=\"079d405\" data-element_type=\"column\">\n\t\t\t<div class=\"elementor-widget-wrap elementor-element-populated\">\n\t\t\t\t\t\t<div class=\"elementor-element elementor-element-3d62f31 elementor-widget elementor-widget-text-editor\" data-id=\"3d62f31\" data-element_type=\"widget\" data-widget_type=\"text-editor.default\">\n\t\t\t\t<div class=\"elementor-widget-container\">\n\t\t\t\t\t\t\t\t\t<p style=\"text-align: center\"><strong>Uppt\u00e4ck de franska och franskspr\u00e5kiga filmkv\u00e4llarna<\/strong> som organiseras av Alliance Fran\u00e7aise i \u00d6rebro!<\/p><p style=\"text-align: center\">Filmerna kan vara <strong>textade p\u00e5 franska, engelska eller svenska<\/strong>!<\/p><p style=\"text-align: center\">Under f\u00f6rest\u00e4llningen kan du njuta a<strong>v snacks<\/strong>. Efter filmen erbjuds ett <strong>buff\u00e9<\/strong> till deltagare som \u00f6nskar!<\/p><p style=\"text-align: center\"><strong>Betalningen f\u00f6r buff\u00e9n<\/strong> sker via bank\u00f6verf\u00f6ring till PlusGirot PlusGirot 16 14 83-3 med ditt namn och efternamn som referens!<\/p>\t\t\t\t\t\t\t\t<\/div>\n\t\t\t\t<\/div>\n\t\t\t\t\t<\/div>\n\t\t<\/div>\n\t\t\t\t\t<\/div>\n\t\t<\/section>\n\t\t\t\t<section class=\"elementor-section elementor-top-section elementor-element elementor-element-4d06105 elementor-section-boxed elementor-section-height-default elementor-section-height-default\" data-id=\"4d06105\" data-element_type=\"section\">\n\t\t\t\t\t\t<div class=\"elementor-container elementor-column-gap-default\">\n\t\t\t\t\t<div class=\"elementor-column elementor-col-100 elementor-top-column elementor-element elementor-element-fcfd41a\" data-id=\"fcfd41a\" data-element_type=\"column\">\n\t\t\t<div class=\"elementor-widget-wrap elementor-element-populated\">\n\t\t\t\t\t\t<div class=\"elementor-element elementor-element-3c5b19d elementor-widget elementor-widget-heading\" data-id=\"3c5b19d\" data-element_type=\"widget\" data-widget_type=\"heading.default\">\n\t\t\t\t<div class=\"elementor-widget-container\">\n\t\t\t\t\t<h2 class=\"elementor-heading-title elementor-size-default\">2026<\/h2>\t\t\t\t<\/div>\n\t\t\t\t<\/div>\n\t\t\t\t<div class=\"elementor-element elementor-element-4842c40 elementor-tabs-alignment-stretch elementor-tabs-view-horizontal elementor-widget elementor-widget-tabs\" data-id=\"4842c40\" data-element_type=\"widget\" data-widget_type=\"tabs.default\">\n\t\t\t\t<div class=\"elementor-widget-container\">\n\t\t\t\t\t\t\t<div class=\"elementor-tabs\">\n\t\t\t<div class=\"elementor-tabs-wrapper\" role=\"tablist\" >\n\t\t\t\t\t\t\t\t\t<div id=\"elementor-tab-title-7571\" class=\"elementor-tab-title elementor-tab-desktop-title\" aria-selected=\"true\" data-tab=\"1\" role=\"tab\" tabindex=\"0\" aria-controls=\"elementor-tab-content-7571\" aria-expanded=\"false\">Januari <\/div>\n\t\t\t\t\t\t\t\t\t<div id=\"elementor-tab-title-7572\" class=\"elementor-tab-title elementor-tab-desktop-title\" aria-selected=\"false\" data-tab=\"2\" role=\"tab\" tabindex=\"-1\" aria-controls=\"elementor-tab-content-7572\" aria-expanded=\"false\">Mars<\/div>\n\t\t\t\t\t\t\t\t\t<div id=\"elementor-tab-title-7573\" class=\"elementor-tab-title elementor-tab-desktop-title\" aria-selected=\"false\" data-tab=\"3\" role=\"tab\" tabindex=\"-1\" aria-controls=\"elementor-tab-content-7573\" aria-expanded=\"false\">April<\/div>\n\t\t\t\t\t\t\t<\/div>\n\t\t\t<div class=\"elementor-tabs-content-wrapper\" role=\"tablist\" aria-orientation=\"vertical\">\n\t\t\t\t\t\t\t\t\t<div class=\"elementor-tab-title elementor-tab-mobile-title\" aria-selected=\"true\" data-tab=\"1\" role=\"tab\" tabindex=\"0\" aria-controls=\"elementor-tab-content-7571\" aria-expanded=\"false\">Januari <\/div>\n\t\t\t\t\t<div id=\"elementor-tab-content-7571\" class=\"elementor-tab-content elementor-clearfix\" data-tab=\"1\" role=\"tabpanel\" aria-labelledby=\"elementor-tab-title-7571\" tabindex=\"0\" hidden=\"false\"><h4 style=\"text-align: center\"><strong>Filmkv\u00e4ll :<\/strong><\/h4><h4 style=\"text-align: center\"><strong>\u00ab\u00a0En Fanfare\u00a0\u00bb de Emmanuel Courcol (2024)<\/strong><\/h4><div><img fetchpriority=\"high\" decoding=\"async\" class=\"alignnone size-full wp-image-17743\" src=\"https:\/\/alliancefr.se\/orebro\/wp-content\/uploads\/sites\/5\/2026\/02\/Soiree-Cinema-.png\" alt=\"\" width=\"851\" height=\"315\" \/><\/div><p data-start=\"61\" data-end=\"137\"><strong data-start=\"61\" data-end=\"135\">Alliance Fran\u00e7aise i \u00d6rebro bjuder in till \u00e5rets f\u00f6rsta filmkv\u00e4ll.<\/strong><\/p><p data-start=\"139\" data-end=\"193\">Filmen som visas: <strong data-start=\"157\" data-end=\"171\">En Fanfare<\/strong> av Emmanuel Courcol<\/p><p data-start=\"195\" data-end=\"288\">\ud83d\udcc5 <strong data-start=\"198\" data-end=\"208\">Datum:<\/strong> Onsdag 28 januari 2025<br data-start=\"231\" data-end=\"234\" \/>\u23f0 <strong data-start=\"236\" data-end=\"248\">Ankomst:<\/strong> 18:00<br data-start=\"254\" data-end=\"257\" \/>\ud83c\udfeb <strong data-start=\"260\" data-end=\"270\">Plats:<\/strong> Medborgarskolan<\/p><p data-start=\"290\" data-end=\"371\">Som p\u00e5minnelse, h\u00e4r \u00e4r priserna:<br data-start=\"322\" data-end=\"325\" \/>\u2013 50 kr f\u00f6r visningen, en dryck och popcorn.<\/p><p data-start=\"373\" data-end=\"410\">Vi ser fram emot att tr\u00e4ffa er d\u00e4r!<\/p><p data-start=\"412\" data-end=\"483\">Betalning f\u00f6r buff\u00e9n sker via bank\u00f6verf\u00f6ring <strong data-start=\"457\" data-end=\"480\">PlusGiro 16 14 83-3<\/strong>.<\/p><p data-start=\"485\" data-end=\"607\">F\u00f6r att anm\u00e4la dig, <strong data-start=\"505\" data-end=\"536\">fyll i anm\u00e4lningsformul\u00e4ret<\/strong> genom att klicka <a href=\"https:\/\/docs.google.com\/forms\/d\/e\/1FAIpQLSep2I7lNfPlFC-ZKx6LqcKn1gKCWeBFsT4teTcsr6bP7if6fg\/viewform\">h\u00e4r<\/a> <strong data-start=\"558\" data-end=\"583\">ELLER skicka ett mejl<\/strong> genom att klicka h\u00e4r.<\/p><\/div>\n\t\t\t\t\t\t\t\t\t<div class=\"elementor-tab-title elementor-tab-mobile-title\" aria-selected=\"false\" data-tab=\"2\" role=\"tab\" tabindex=\"-1\" aria-controls=\"elementor-tab-content-7572\" aria-expanded=\"false\">Mars<\/div>\n\t\t\t\t\t<div id=\"elementor-tab-content-7572\" class=\"elementor-tab-content elementor-clearfix\" data-tab=\"2\" role=\"tabpanel\" aria-labelledby=\"elementor-tab-title-7572\" tabindex=\"0\" hidden=\"hidden\"><h4 style=\"text-align: center\"><strong>Filmkv\u00e4ll :<\/strong><\/h4><h4 style=\"text-align: center\"><strong>\u00ab Sarah Bernhardt, la divine \u00bb de Guillaume Nicloux (2024)<\/strong><\/h4><p data-start=\"156\" data-end=\"240\"><img decoding=\"async\" class=\"alignnone size-full wp-image-17748\" src=\"https:\/\/alliancefr.se\/orebro\/wp-content\/uploads\/sites\/5\/2026\/02\/ENCARTS-NEWSLETTER-Mars-2026-4.png\" alt=\"\" width=\"851\" height=\"315\" \/>Filmen som visas: <strong data-start=\"174\" data-end=\"204\">Sarah Bernhardt, la divine<\/strong> av Guillaume Nicloux, sl\u00e4ppt 2024<\/p><p data-start=\"242\" data-end=\"332\">\ud83d\udcc5 <strong data-start=\"245\" data-end=\"255\">Datum:<\/strong> Onsdag 11 mars 2026<br data-start=\"275\" data-end=\"278\" \/>\u23f0 <strong data-start=\"280\" data-end=\"292\">Ankomst:<\/strong> 18:00<br data-start=\"298\" data-end=\"301\" \/>\ud83c\udfeb <strong data-start=\"304\" data-end=\"314\">Plats:<\/strong> Medborgarskolan<\/p><p data-start=\"334\" data-end=\"417\">Som p\u00e5minnelse, h\u00e4r \u00e4r priserna:<br data-start=\"366\" data-end=\"369\" \/>\u2013 50 kr f\u00f6r visningen, en dryck och popcorn \ud83c\udf7f<\/p><p data-start=\"419\" data-end=\"490\">Betalning f\u00f6r buff\u00e9n sker via bank\u00f6verf\u00f6ring <strong data-start=\"464\" data-end=\"487\">PlusGiro 16 14 83-3<\/strong>.<\/p><p data-start=\"492\" data-end=\"532\">Vi ser fram emot att tr\u00e4ffa er d\u00e4r! \ud83d\ude0a<\/p><p data-start=\"534\" data-end=\"656\">F\u00f6r att anm\u00e4la dig, <strong data-start=\"554\" data-end=\"585\">fyll i anm\u00e4lningsformul\u00e4ret<\/strong> genom att klicka h\u00e4r <strong data-start=\"607\" data-end=\"632\">ELLER skicka ett mejl<\/strong> genom att klicka h\u00e4r.<span style=\"color: #464646;font-family: 'Open Sans';letter-spacing: 0px\">Guillaume Nicloux<\/span><\/p><\/div>\n\t\t\t\t\t\t\t\t\t<div class=\"elementor-tab-title elementor-tab-mobile-title\" aria-selected=\"false\" data-tab=\"3\" role=\"tab\" tabindex=\"-1\" aria-controls=\"elementor-tab-content-7573\" aria-expanded=\"false\">April<\/div>\n\t\t\t\t\t<div id=\"elementor-tab-content-7573\" class=\"elementor-tab-content elementor-clearfix\" data-tab=\"3\" role=\"tabpanel\" aria-labelledby=\"elementor-tab-title-7573\" tabindex=\"0\" hidden=\"hidden\"><h4 style=\"text-align: center\"><strong>Filmkv\u00e4ll :<\/strong><\/h4><h4 style=\"text-align: center\"><strong>\u00ab l&rsquo;Histoire de Souleymane \u00bb de Boris Lojkine (2024)<\/strong><\/h4><p><img decoding=\"async\" class=\"alignnone size-full wp-image-17762\" src=\"https:\/\/alliancefr.se\/orebro\/wp-content\/uploads\/sites\/5\/2026\/02\/ENCARTS-NEWSLETTER-Avril-2026-4.png\" alt=\"\" width=\"851\" height=\"315\" \/><\/p><\/div>\n\t\t\t\t\t\t\t<\/div>\n\t\t<\/div>\n\t\t\t\t\t\t<\/div>\n\t\t\t\t<\/div>\n\t\t\t\t<div class=\"elementor-element elementor-element-12dde65 elementor-widget elementor-widget-heading\" data-id=\"12dde65\" data-element_type=\"widget\" data-widget_type=\"heading.default\">\n\t\t\t\t<div class=\"elementor-widget-container\">\n\t\t\t\t\t<h2 class=\"elementor-heading-title elementor-size-default\">2025<\/h2>\t\t\t\t<\/div>\n\t\t\t\t<\/div>\n\t\t\t\t\t<\/div>\n\t\t<\/div>\n\t\t\t\t\t<\/div>\n\t\t<\/section>\n\t\t\t\t<section class=\"elementor-section elementor-top-section elementor-element elementor-element-dad7ef8 elementor-section-boxed elementor-section-height-default elementor-section-height-default\" data-id=\"dad7ef8\" data-element_type=\"section\">\n\t\t\t\t\t\t<div class=\"elementor-container elementor-column-gap-default\">\n\t\t\t\t\t<div class=\"elementor-column elementor-col-100 elementor-top-column elementor-element elementor-element-b071ab1\" data-id=\"b071ab1\" data-element_type=\"column\">\n\t\t\t<div class=\"elementor-widget-wrap elementor-element-populated\">\n\t\t\t\t\t\t<div class=\"elementor-element elementor-element-f409498 elementor-tabs-alignment-stretch elementor-tabs-view-horizontal elementor-widget elementor-widget-tabs\" data-id=\"f409498\" data-element_type=\"widget\" data-widget_type=\"tabs.default\">\n\t\t\t\t<div class=\"elementor-widget-container\">\n\t\t\t\t\t\t\t<div class=\"elementor-tabs\">\n\t\t\t<div class=\"elementor-tabs-wrapper\" role=\"tablist\" >\n\t\t\t\t\t\t\t\t\t<div id=\"elementor-tab-title-2551\" class=\"elementor-tab-title elementor-tab-desktop-title\" aria-selected=\"true\" data-tab=\"1\" role=\"tab\" tabindex=\"0\" aria-controls=\"elementor-tab-content-2551\" aria-expanded=\"false\">Januari<\/div>\n\t\t\t\t\t\t\t\t\t<div id=\"elementor-tab-title-2552\" class=\"elementor-tab-title elementor-tab-desktop-title\" aria-selected=\"false\" data-tab=\"2\" role=\"tab\" tabindex=\"-1\" aria-controls=\"elementor-tab-content-2552\" aria-expanded=\"false\">April<\/div>\n\t\t\t\t\t\t\t<\/div>\n\t\t\t<div class=\"elementor-tabs-content-wrapper\" role=\"tablist\" aria-orientation=\"vertical\">\n\t\t\t\t\t\t\t\t\t<div class=\"elementor-tab-title elementor-tab-mobile-title\" aria-selected=\"true\" data-tab=\"1\" role=\"tab\" tabindex=\"0\" aria-controls=\"elementor-tab-content-2551\" aria-expanded=\"false\">Januari<\/div>\n\t\t\t\t\t<div id=\"elementor-tab-content-2551\" class=\"elementor-tab-content elementor-clearfix\" data-tab=\"1\" role=\"tabpanel\" aria-labelledby=\"elementor-tab-title-2551\" tabindex=\"0\" hidden=\"false\"><h4 style=\"text-align: center\"><strong>Filmkv\u00e4ll : \u00ab\u00a0La Grande Vadrouille\u00a0\u00bb G. Oury (1966)<\/strong><\/h4><p><img loading=\"lazy\" decoding=\"async\" class=\"aligncenter wp-image-15156 size-full\" src=\"https:\/\/alliancefr.se\/orebro\/wp-content\/uploads\/sites\/5\/2024\/11\/SOIREE-FILM-23.01.25-4.png\" alt=\"\" width=\"851\" height=\"315\" \/><\/p><p><strong>Datum<\/strong> : Torsdag 23 januari kl. 17:30<\/p><p><strong>Plats<\/strong> : <a href=\"https:\/\/www.google.com\/maps\/place\/Medborgarskolan\/@59.2699553,15.2066134,17z\/data=!3m1!4b1!4m6!3m5!1s0x465c151db9ef28d9:0x205ad7b875350eb8!8m2!3d59.2699553!4d15.2066134!16s%2Fg%2F1hc3pv_w1?entry=ttu&amp;g_ep=EgoyMDI1MDExNS4wIKXMDSoASAFQAw%3D%3D\">Medborgarskolan<\/a><\/p><p>Kom och tr\u00e4ffa oss torsdagen den 23 januari kl. 17:30 f\u00f6r en filmkv\u00e4ll!<\/p><p>P\u00e5 programmet: \u00ab\u00a0<em><strong>La <\/strong><strong>Grande <\/strong><strong>Vadrouille\u00a0\u00bb <\/strong><\/em>p\u00e5 G\u00e9rard Oury (1966)<\/p><p>Kv\u00e4llen kommer att kosta pengar.<\/p><p>F\u00f6r att anm\u00e4la dig, fyll i <a href=\"https:\/\/alliancefr.us12.list-manage.com\/track\/click?u=04a26c69dbe3c8a2c051a0838&amp;id=db472e680a&amp;e=908ba45b81\">anm\u00e4lningsformul\u00e4r h\u00e4r<\/a> ELLER skicka ett mejl genom att klicka <a href=\"mailto:orebro@alliancefr.se\">h\u00e4r.<\/a><\/p><\/div>\n\t\t\t\t\t\t\t\t\t<div class=\"elementor-tab-title elementor-tab-mobile-title\" aria-selected=\"false\" data-tab=\"2\" role=\"tab\" tabindex=\"-1\" aria-controls=\"elementor-tab-content-2552\" aria-expanded=\"false\">April<\/div>\n\t\t\t\t\t<div id=\"elementor-tab-content-2552\" class=\"elementor-tab-content elementor-clearfix\" data-tab=\"2\" role=\"tabpanel\" aria-labelledby=\"elementor-tab-title-2552\" tabindex=\"0\" hidden=\"hidden\"><h4><img loading=\"lazy\" decoding=\"async\" class=\"alignnone size-full wp-image-16345\" src=\"https:\/\/alliancefr.se\/orebro\/wp-content\/uploads\/sites\/5\/2025\/02\/CONFERENCE-1.png\" alt=\"\" width=\"851\" height=\"315\" \/><\/h4><h4 style=\"text-align: center\"><strong>Filmkv\u00e4ll : \u00ab\u00a0Azur och Asmar\u00a0\u00bb M. Ocelot (2006)<\/strong><\/h4><p><strong>Datum<\/strong> : Torsdag 17 april 2025 fr\u00e5n 18H30<\/p><p><strong>Plats<\/strong> : Medborgarskolan<\/p><p>Kv\u00e4llen kommer att kosta pengar.<\/p><p>Visningen \u00e4r \u00f6ppen f\u00f6r b\u00e5de vuxna och barn.<\/p><p>F\u00f6r att anm\u00e4la dig, fyll i n\u00e4sta anm\u00e4lningsformul\u00e4r ELLER skicka ett mejl genom att klicka h\u00e4r.<\/p><\/div>\n\t\t\t\t\t\t\t<\/div>\n\t\t<\/div>\n\t\t\t\t\t\t<\/div>\n\t\t\t\t<\/div>\n\t\t\t\t\t<\/div>\n\t\t<\/div>\n\t\t\t\t\t<\/div>\n\t\t<\/section>\n\t\t\t\t<\/div>\n\t\t","protected":false},"excerpt":{"rendered":"<p>Uppt\u00e4ck de franska och franskspr\u00e5kiga filmkv\u00e4llarna som organiseras av Alliance Fran\u00e7aise i \u00d6rebro! Filmerna kan vara textade p\u00e5 franska, engelska eller svenska! Under f\u00f6rest\u00e4llningen kan du njuta av snacks. Efter filmen erbjuds ett buff\u00e9 till deltagare som \u00f6nskar! Betalningen f\u00f6r buff\u00e9n sker via bank\u00f6verf\u00f6ring till PlusGirot PlusGirot 16 14 83-3 med ditt namn och efternamn som referens! 2026 Januari Mars April Januari Filmkv\u00e4ll : \u00ab\u00a0En Fanfare\u00a0\u00bb de Emmanuel Courcol (2024) Alliance Fran\u00e7aise i \u00d6rebro bjuder in till \u00e5rets f\u00f6rsta filmkv\u00e4ll. Filmen som visas: En Fanfare av Emmanuel Courcol \ud83d\udcc5 Datum: Onsdag 28 januari 2025\u23f0 Ankomst: 18:00\ud83c\udfeb Plats: Medborgarskolan Som p\u00e5minnelse, h\u00e4r \u00e4r priserna:\u2013 50 kr f\u00f6r visningen, en dryck och popcorn. Vi ser fram emot att tr\u00e4ffa er d\u00e4r! Betalning f\u00f6r buff\u00e9n sker via bank\u00f6verf\u00f6ring PlusGiro 16 14 83-3. F\u00f6r att anm\u00e4la dig, fyll i anm\u00e4lningsformul\u00e4ret genom att klicka h\u00e4r ELLER skicka ett mejl genom att klicka h\u00e4r. Mars Filmkv\u00e4ll : \u00ab Sarah Bernhardt, la divine \u00bb de Guillaume Nicloux (2024) Filmen som visas: Sarah Bernhardt, la divine av Guillaume Nicloux, sl\u00e4ppt 2024 \ud83d\udcc5 Datum: Onsdag 11 mars 2026\u23f0 Ankomst: 18:00\ud83c\udfeb Plats: Medborgarskolan Som p\u00e5minnelse, h\u00e4r \u00e4r priserna:\u2013 50 kr f\u00f6r visningen, en dryck och popcorn \ud83c\udf7f Betalning f\u00f6r buff\u00e9n sker via bank\u00f6verf\u00f6ring PlusGiro 16 14 83-3. Vi ser fram emot att tr\u00e4ffa er d\u00e4r! \ud83d\ude0a F\u00f6r att anm\u00e4la dig, fyll i anm\u00e4lningsformul\u00e4ret genom att klicka h\u00e4r ELLER skicka ett mejl genom att klicka h\u00e4r.Guillaume Nicloux April Filmkv\u00e4ll : \u00ab l&#8217;Histoire de Souleymane \u00bb de Boris Lojkine (2024) 2025 Januari April Januari Filmkv\u00e4ll : &#8221;La Grande Vadrouille&#8221; G. Oury (1966) Datum : Torsdag 23 januari kl. 17:30 Plats : Medborgarskolan Kom och tr\u00e4ffa oss torsdagen den 23 januari kl. 17:30 f\u00f6r en filmkv\u00e4ll! P\u00e5 programmet: &#8221;La Grande Vadrouille&#8221; p\u00e5 G\u00e9rard Oury (1966) Kv\u00e4llen kommer att kosta pengar. F\u00f6r att anm\u00e4la dig, fyll i anm\u00e4lningsformul\u00e4r h\u00e4r ELLER skicka ett mejl genom att klicka h\u00e4r. April Filmkv\u00e4ll : &#8221;Azur och Asmar&#8221; M. Ocelot (2006) Datum : Torsdag 17 april 2025 fr\u00e5n 18H30 Plats : Medborgarskolan Kv\u00e4llen kommer att kosta pengar. Visningen \u00e4r \u00f6ppen f\u00f6r b\u00e5de vuxna och barn. F\u00f6r att anm\u00e4la dig, fyll i n\u00e4sta anm\u00e4lningsformul\u00e4r ELLER skicka ett mejl genom att klicka h\u00e4r.<\/p>\n","protected":false},"author":1,"featured_media":0,"parent":0,"menu_order":0,"comment_status":"closed","ping_status":"closed","template":"","meta":{"om_disable_all_campaigns":false,"_monsterinsights_skip_tracking":false,"_monsterinsights_sitenote_active":false,"_monsterinsights_sitenote_note":"","_monsterinsights_sitenote_category":0,"_uf_show_specific_survey":0,"_uf_disable_surveys":false,"footnotes":""},"class_list":["post-15416","page","type-page","status-publish","hentry"],"aioseo_notices":[],"rttpg_featured_image_url":null,"rttpg_author":{"display_name":"Super.admin","author_link":"https:\/\/alliancefr.se\/orebro\/author\/admin2174\/"},"rttpg_comment":0,"rttpg_category":" <a href=\"https:\/\/alliancefr.se\/orebro\/sv\/\" rel=\"tag\">Svenska<\/a>","rttpg_excerpt":"Uppt\u00e4ck de franska och franskspr\u00e5kiga filmkv\u00e4llarna som organiseras av Alliance Fran\u00e7aise i \u00d6rebro! Filmerna kan vara textade p\u00e5 franska, engelska eller svenska! Under f\u00f6rest\u00e4llningen kan du njuta av snacks. Efter filmen erbjuds ett buff\u00e9 till deltagare som \u00f6nskar! Betalningen f\u00f6r buff\u00e9n sker via bank\u00f6verf\u00f6ring till PlusGirot PlusGirot 16 14 83-3 med ditt namn och efternamn\u2026","_links":{"self":[{"href":"https:\/\/alliancefr.se\/orebro\/wp-json\/wp\/v2\/pages\/15416","targetHints":{"allow":["GET"]}}],"collection":[{"href":"https:\/\/alliancefr.se\/orebro\/wp-json\/wp\/v2\/pages"}],"about":[{"href":"https:\/\/alliancefr.se\/orebro\/wp-json\/wp\/v2\/types\/page"}],"author":[{"embeddable":true,"href":"https:\/\/alliancefr.se\/orebro\/wp-json\/wp\/v2\/users\/1"}],"replies":[{"embeddable":true,"href":"https:\/\/alliancefr.se\/orebro\/wp-json\/wp\/v2\/comments?post=15416"}],"version-history":[{"count":37,"href":"https:\/\/alliancefr.se\/orebro\/wp-json\/wp\/v2\/pages\/15416\/revisions"}],"predecessor-version":[{"id":17768,"href":"https:\/\/alliancefr.se\/orebro\/wp-json\/wp\/v2\/pages\/15416\/revisions\/17768"}],"wp:attachment":[{"href":"https:\/\/alliancefr.se\/orebro\/wp-json\/wp\/v2\/media?parent=15416"}],"curies":[{"name":"wp","href":"https:\/\/api.w.org\/{rel}","templated":true}]}}