{"id":15377,"date":"2025-01-20T19:15:54","date_gmt":"2025-01-20T18:15:54","guid":{"rendered":"https:\/\/alliancefr.se\/orebro\/?page_id=15377"},"modified":"2026-01-29T18:06:01","modified_gmt":"2026-01-29T17:06:01","slug":"les-soirees-film","status":"publish","type":"page","link":"https:\/\/alliancefr.se\/orebro\/les-soirees-film\/","title":{"rendered":"Les soir\u00e9es film"},"content":{"rendered":"\t\t<div data-elementor-type=\"wp-page\" data-elementor-id=\"15377\" class=\"elementor elementor-15377\">\n\t\t\t\t\t\t<section class=\"elementor-section elementor-top-section elementor-element elementor-element-a89865d elementor-section-boxed elementor-section-height-default elementor-section-height-default\" data-id=\"a89865d\" data-element_type=\"section\">\n\t\t\t\t\t\t<div class=\"elementor-container elementor-column-gap-default\">\n\t\t\t\t\t<div class=\"elementor-column elementor-col-100 elementor-top-column elementor-element elementor-element-079d405\" data-id=\"079d405\" data-element_type=\"column\">\n\t\t\t<div class=\"elementor-widget-wrap elementor-element-populated\">\n\t\t\t\t\t\t<div class=\"elementor-element elementor-element-3d62f31 elementor-widget elementor-widget-text-editor\" data-id=\"3d62f31\" data-element_type=\"widget\" data-widget_type=\"text-editor.default\">\n\t\t\t\t<div class=\"elementor-widget-container\">\n\t\t\t\t\t\t\t\t\t<p style=\"text-align: center\">D\u00e9couvrez <strong>les soir\u00e9es film fran\u00e7ais ou francophones<\/strong> organis\u00e9es par l&rsquo;Alliance Fran\u00e7aise d&rsquo;\u00d6rebro !<\/p><p style=\"text-align: center\">Les films peuvent \u00eatre<strong> sous-titr\u00e9s en fran\u00e7ais, en anglais ou en su\u00e9dois !<\/strong><\/p><p style=\"text-align: center\">Pendant la s\u00e9ance, vous pourrez profiter de <strong>snacks.<\/strong> Puis, \u00e0 la fin du film, un <strong>buffet<\/strong> est propos\u00e9 aux participants qui le souhaitent !<\/p><p style=\"text-align: center\">Le paiement du buffet se fait par virement bancaire PlusGirot PlusGirot 16 14 83-3 en indiquant votre nom et pr\u00e9nom !<\/p>\t\t\t\t\t\t\t\t<\/div>\n\t\t\t\t<\/div>\n\t\t\t\t\t<\/div>\n\t\t<\/div>\n\t\t\t\t\t<\/div>\n\t\t<\/section>\n\t\t\t\t<section class=\"elementor-section elementor-top-section elementor-element elementor-element-4d06105 elementor-section-boxed elementor-section-height-default elementor-section-height-default\" data-id=\"4d06105\" data-element_type=\"section\">\n\t\t\t\t\t\t<div class=\"elementor-container elementor-column-gap-default\">\n\t\t\t\t\t<div class=\"elementor-column elementor-col-100 elementor-top-column elementor-element elementor-element-fcfd41a\" data-id=\"fcfd41a\" data-element_type=\"column\">\n\t\t\t<div class=\"elementor-widget-wrap elementor-element-populated\">\n\t\t\t\t\t\t<div class=\"elementor-element elementor-element-3c5b19d elementor-widget elementor-widget-heading\" data-id=\"3c5b19d\" data-element_type=\"widget\" data-widget_type=\"heading.default\">\n\t\t\t\t<div class=\"elementor-widget-container\">\n\t\t\t\t\t<h2 class=\"elementor-heading-title elementor-size-default\">2026<\/h2>\t\t\t\t<\/div>\n\t\t\t\t<\/div>\n\t\t\t\t<div class=\"elementor-element elementor-element-97bf0a7 elementor-tabs-view-horizontal elementor-widget elementor-widget-tabs\" data-id=\"97bf0a7\" data-element_type=\"widget\" data-widget_type=\"tabs.default\">\n\t\t\t\t<div class=\"elementor-widget-container\">\n\t\t\t\t\t\t\t<div class=\"elementor-tabs\">\n\t\t\t<div class=\"elementor-tabs-wrapper\" role=\"tablist\" >\n\t\t\t\t\t\t\t\t\t<div id=\"elementor-tab-title-1591\" class=\"elementor-tab-title elementor-tab-desktop-title\" aria-selected=\"true\" data-tab=\"1\" role=\"tab\" tabindex=\"0\" aria-controls=\"elementor-tab-content-1591\" aria-expanded=\"false\">Janvier 2026<\/div>\n\t\t\t\t\t\t\t\t\t<div id=\"elementor-tab-title-1592\" class=\"elementor-tab-title elementor-tab-desktop-title\" aria-selected=\"false\" data-tab=\"2\" role=\"tab\" tabindex=\"-1\" aria-controls=\"elementor-tab-content-1592\" aria-expanded=\"false\">Mars 2026<\/div>\n\t\t\t\t\t\t\t<\/div>\n\t\t\t<div class=\"elementor-tabs-content-wrapper\" role=\"tablist\" aria-orientation=\"vertical\">\n\t\t\t\t\t\t\t\t\t<div class=\"elementor-tab-title elementor-tab-mobile-title\" aria-selected=\"true\" data-tab=\"1\" role=\"tab\" tabindex=\"0\" aria-controls=\"elementor-tab-content-1591\" aria-expanded=\"false\">Janvier 2026<\/div>\n\t\t\t\t\t<div id=\"elementor-tab-content-1591\" class=\"elementor-tab-content elementor-clearfix\" data-tab=\"1\" role=\"tabpanel\" aria-labelledby=\"elementor-tab-title-1591\" tabindex=\"0\" hidden=\"false\"><p><img fetchpriority=\"high\" decoding=\"async\" class=\"alignnone size-full wp-image-17409\" src=\"https:\/\/alliancefr.se\/orebro\/wp-content\/uploads\/sites\/5\/2026\/01\/Soiree-Cinema-.png\" alt=\"\" width=\"851\" height=\"315\" \/><\/p><h4 style=\"text-align: center\"><strong>\u00ab\u00a0En Fanfare\u00a0\u00bb de Emmanuel Courcol (2024)<\/strong><\/h4><div><p><strong>L&rsquo;Alliance Fran\u00e7aise d&rsquo;\u00d6rebro<\/strong>\u00a0vous invite \u00e0 la premi\u00e8re soir\u00e9e cin\u00e9ma de l&rsquo;ann\u00e9e.\u00a0<\/p><p><strong>Le film pr\u00e9sent\u00e9 :\u00a0<\/strong><em>En Fanfare<\/em>\u00a0de Emmanuel Courcol<\/p><p>\ud83d\udcc5\u00a0<strong>Date<\/strong>\u00a0: Mercredi 28 janvier 2025<\/p><p>\u23f0\u00a0<strong>Arriv\u00e9e<\/strong>\u00a0: 18h00<\/p><p>\ud83c\udfeb\u00a0<strong>Lieu<\/strong>\u00a0: Medborgarskolan<\/p><p>Pour rappel, voici les tarifs :<br \/>&#8211; 50\u00a0sek pour la s\u00e9ance, une boisson et des popcorns.<\/p><p>On a h\u00e2te de vous y retrouver !<\/p><p>Le paiement du buffet se fait par\u00a0<strong>virement bancaire\u00a0PlusGirot 16 14 83-3<\/strong>.<\/p><p>On a h\u00e2te de vous y retrouver !<\/p><p>Pour s\u2019inscrire, veuillez remplir\u00a0le formulaire d&rsquo;inscription en cliquant\u00a0<a href=\"https:\/\/docs.google.com\/forms\/d\/e\/1FAIpQLSep2I7lNfPlFC-ZKx6LqcKn1gKCWeBFsT4teTcsr6bP7if6fg\/viewform?usp=header\" target=\"_blank\" rel=\"noopener\">ici<\/a><u>\u00a0<\/u>OU envoyez un mail en cliquant\u00a0<a href=\"mailto:orebro@alliancefr.se\" target=\"_blank\" rel=\"noopener\">ici<\/a>.<\/p><\/div><\/div>\n\t\t\t\t\t\t\t\t\t<div class=\"elementor-tab-title elementor-tab-mobile-title\" aria-selected=\"false\" data-tab=\"2\" role=\"tab\" tabindex=\"-1\" aria-controls=\"elementor-tab-content-1592\" aria-expanded=\"false\">Mars 2026<\/div>\n\t\t\t\t\t<div id=\"elementor-tab-content-1592\" class=\"elementor-tab-content elementor-clearfix\" data-tab=\"2\" role=\"tabpanel\" aria-labelledby=\"elementor-tab-title-1592\" tabindex=\"0\" hidden=\"hidden\"><p><img decoding=\"async\" class=\"alignnone size-full wp-image-17486\" src=\"https:\/\/alliancefr.se\/orebro\/wp-content\/uploads\/sites\/5\/2026\/01\/Soiree-film-Alliance-francaise-dOrebro.png\" alt=\"\" width=\"851\" height=\"315\" \/><\/p><p><b>L&rsquo;Alliance Fran\u00e7aise d&rsquo;\u00d6rebro<\/b>\u00a0vous invite \u00e0 une soir\u00e9e cin\u00e9ma pour c\u00e9l\u00e9brer le mois de la francophonie<\/p><p><b>Le film pr\u00e9sent\u00e9 :\u00a0<\/b>Sarah Bernhardt, la divine par\u00a0Guillaume Nicloux et sorti en 2024<\/p><p>\ud83d\udcc5\u00a0<strong>Date<\/strong>\u00a0: Mercredi 11 Mars 2026<\/p><p>\u23f0\u00a0<b>Arriv\u00e9e<\/b>\u00a0: 18h00<\/p><p>\ud83c\udfeb\u00a0<strong>Lieu<\/strong>\u00a0: Medborgarskolan<\/p><p>Pour rappel, voici les tarifs :<br \/>&#8211; 50\u00a0sek pour la s\u00e9ance, une boisson et des popcorns \ud83c\udf7f<\/p><p>Le paiement du buffet se fait par\u00a0<strong>virement bancaire\u00a0PlusGirot 16 14 83-3<\/strong>.<\/p><p>On a h\u00e2te de vous y retrouver ! \ud83d\ude0a<\/p><p>Pour s\u2019inscrire, veuillez remplir\u00a0le formulaire d&rsquo;inscription en cliquant\u00a0<a href=\"https:\/\/docs.google.com\/forms\/d\/e\/1FAIpQLSdhqGQvSfGOn3FHwD8_xh19j59MXl9NYABg6ALugnNopmxjgA\/viewform?usp=header\" target=\"_blank\" rel=\"noopener\">ici<\/a><u>\u00a0<\/u>OU envoyez un mail en cliquant\u00a0<a href=\"mailto:orebro@alliancefr.se\" target=\"_blank\" rel=\"noopener\">ici<\/a>.<\/p><\/div>\n\t\t\t\t\t\t\t<\/div>\n\t\t<\/div>\n\t\t\t\t\t\t<\/div>\n\t\t\t\t<\/div>\n\t\t\t\t\t<\/div>\n\t\t<\/div>\n\t\t\t\t\t<\/div>\n\t\t<\/section>\n\t\t\t\t<section class=\"elementor-section elementor-top-section elementor-element elementor-element-50fb6d3 elementor-section-boxed elementor-section-height-default elementor-section-height-default\" data-id=\"50fb6d3\" data-element_type=\"section\">\n\t\t\t\t\t\t<div class=\"elementor-container elementor-column-gap-default\">\n\t\t\t\t\t<div class=\"elementor-column elementor-col-100 elementor-top-column elementor-element elementor-element-7d327fa\" data-id=\"7d327fa\" data-element_type=\"column\">\n\t\t\t<div class=\"elementor-widget-wrap elementor-element-populated\">\n\t\t\t\t\t\t<div class=\"elementor-element elementor-element-056fa5b elementor-widget elementor-widget-heading\" data-id=\"056fa5b\" data-element_type=\"widget\" data-widget_type=\"heading.default\">\n\t\t\t\t<div class=\"elementor-widget-container\">\n\t\t\t\t\t<h2 class=\"elementor-heading-title elementor-size-default\">2025<\/h2>\t\t\t\t<\/div>\n\t\t\t\t<\/div>\n\t\t\t\t\t<\/div>\n\t\t<\/div>\n\t\t\t\t\t<\/div>\n\t\t<\/section>\n\t\t\t\t<section class=\"elementor-section elementor-top-section elementor-element elementor-element-dad7ef8 elementor-section-boxed elementor-section-height-default elementor-section-height-default\" data-id=\"dad7ef8\" data-element_type=\"section\">\n\t\t\t\t\t\t<div class=\"elementor-container elementor-column-gap-default\">\n\t\t\t\t\t<div class=\"elementor-column elementor-col-100 elementor-top-column elementor-element elementor-element-b071ab1\" data-id=\"b071ab1\" data-element_type=\"column\">\n\t\t\t<div class=\"elementor-widget-wrap elementor-element-populated\">\n\t\t\t\t\t\t<div class=\"elementor-element elementor-element-f409498 elementor-tabs-alignment-stretch elementor-tabs-view-horizontal elementor-widget elementor-widget-tabs\" data-id=\"f409498\" data-element_type=\"widget\" data-widget_type=\"tabs.default\">\n\t\t\t\t<div class=\"elementor-widget-container\">\n\t\t\t\t\t\t\t<div class=\"elementor-tabs\">\n\t\t\t<div class=\"elementor-tabs-wrapper\" role=\"tablist\" >\n\t\t\t\t\t\t\t\t\t<div id=\"elementor-tab-title-2551\" class=\"elementor-tab-title elementor-tab-desktop-title\" aria-selected=\"true\" data-tab=\"1\" role=\"tab\" tabindex=\"0\" aria-controls=\"elementor-tab-content-2551\" aria-expanded=\"false\">Janvier<\/div>\n\t\t\t\t\t\t\t\t\t<div id=\"elementor-tab-title-2552\" class=\"elementor-tab-title elementor-tab-desktop-title\" aria-selected=\"false\" data-tab=\"2\" role=\"tab\" tabindex=\"-1\" aria-controls=\"elementor-tab-content-2552\" aria-expanded=\"false\">Avril<\/div>\n\t\t\t\t\t\t\t<\/div>\n\t\t\t<div class=\"elementor-tabs-content-wrapper\" role=\"tablist\" aria-orientation=\"vertical\">\n\t\t\t\t\t\t\t\t\t<div class=\"elementor-tab-title elementor-tab-mobile-title\" aria-selected=\"true\" data-tab=\"1\" role=\"tab\" tabindex=\"0\" aria-controls=\"elementor-tab-content-2551\" aria-expanded=\"false\">Janvier<\/div>\n\t\t\t\t\t<div id=\"elementor-tab-content-2551\" class=\"elementor-tab-content elementor-clearfix\" data-tab=\"1\" role=\"tabpanel\" aria-labelledby=\"elementor-tab-title-2551\" tabindex=\"0\" hidden=\"false\"><h4 style=\"text-align: center\"><strong>Soir\u00e9e film 23 janvier 2025<\/strong><\/h4><h4 style=\"text-align: center\"><strong>\u00ab\u00a0La Grande Vadrouille\u00a0\u00bb de G. Oury (1966)<\/strong><\/h4><p><img decoding=\"async\" class=\"aligncenter wp-image-15156 size-full\" src=\"https:\/\/alliancefr.se\/orebro\/wp-content\/uploads\/sites\/5\/2024\/11\/SOIREE-FILM-23.01.25-4.png\" alt=\"\" width=\"851\" height=\"315\" \/><\/p><p><strong>Date<\/strong> : Jeudi 23 janvier \u00e0 17h30<\/p><p><strong>Lieu<\/strong>: <a href=\"https:\/\/www.google.com\/maps\/place\/Medborgarskolan\/@59.2699553,15.2066134,17z\/data=!3m1!4b1!4m6!3m5!1s0x465c151db9ef28d9:0x205ad7b875350eb8!8m2!3d59.2699553!4d15.2066134!16s%2Fg%2F1hc3pv_w1?entry=ttu&amp;g_ep=EgoyMDI1MDExNS4wIKXMDSoASAFQAw%3D%3D\">Medborgarskolan<\/a><\/p><p>Retrouvez-nous<strong> le jeudi 23 janvier \u00e0 17h30 pour une soir\u00e9e film au Medborgarskolan.<\/strong><\/p><p>Au programme, un grand classique fran\u00e7ais : \u00ab\u00a0<strong>La Grande Vadrouille\u00a0\u00bb de G\u00e9rard Oury (1966).<\/strong><\/p><p>Un buffet sera propos\u00e9 pendant et apr\u00e8s le film. Il sera payant.<\/p><p>Pour s\u2019inscrire, remplissez le <a href=\"https:\/\/alliancefr.us12.list-manage.com\/track\/click?u=04a26c69dbe3c8a2c051a0838&amp;id=db472e680a&amp;e=908ba45b81\">formulaire d\u2019inscription ici<\/a> OU envoyez un mail en cliquant <a href=\"mailto:orebro@alliancefr.se\" data-cke-saved-href=\"mailto:orebro@alliancefr.se\">ici.<\/a><\/p><\/div>\n\t\t\t\t\t\t\t\t\t<div class=\"elementor-tab-title elementor-tab-mobile-title\" aria-selected=\"false\" data-tab=\"2\" role=\"tab\" tabindex=\"-1\" aria-controls=\"elementor-tab-content-2552\" aria-expanded=\"false\">Avril<\/div>\n\t\t\t\t\t<div id=\"elementor-tab-content-2552\" class=\"elementor-tab-content elementor-clearfix\" data-tab=\"2\" role=\"tabpanel\" aria-labelledby=\"elementor-tab-title-2552\" tabindex=\"0\" hidden=\"hidden\"><h4><img loading=\"lazy\" decoding=\"async\" class=\"alignnone size-full wp-image-16345\" src=\"https:\/\/alliancefr.se\/orebro\/wp-content\/uploads\/sites\/5\/2025\/02\/CONFERENCE-1.png\" alt=\"\" width=\"851\" height=\"315\" \/><\/h4><h4 style=\"text-align: center\"><strong>Soir\u00e9e cin\u00e9ma 17 avril <\/strong><\/h4><h4 style=\"text-align: center\"><strong>\u00ab\u00a0Azur et Asmar\u00a0\u00bb de M. Ocelot (2006)<\/strong><\/h4><p><strong>Date :\u00a0<\/strong>Jeudi 17 Avril 2025 de\u00a0<span style=\"color: var( --e-global-color-text );font-family: var( --e-global-typography-text-font-family ), Sans-serif;font-weight: var( --e-global-typography-text-font-weight );letter-spacing: 0px\">18h \u00e0 21h30<\/span><\/p><p><b>Lieu : <\/b>Medborgarskolan<\/p><p>Courte pr\u00e9sentation sur \u00ab\u00a0L&rsquo;univers fantastique et onirique de Michel Ocelot : Voyage \u00e0 travers le monde\u00a0\u00bb et <b>projection du film \u00ab\u00a0Azur et Asmar\u00a0\u00bb de Michel Ocelot (2006)<\/b>.<\/p><p>Projection ouverte aux adultes et aux enfants.<\/p><p>Un buffet sera propos\u00e9 et sera payant.<\/p><p>Pour s\u2019inscrire, remplissez le prochain formulaire d\u2019inscription OU envoyez un mail en cliquant\u00a0<a href=\"mailto:orebro@alliancefr.se\" data-cke-saved-href=\"mailto:orebro@alliancefr.se\">ici<\/a><\/p><\/div>\n\t\t\t\t\t\t\t<\/div>\n\t\t<\/div>\n\t\t\t\t\t\t<\/div>\n\t\t\t\t<\/div>\n\t\t\t\t\t<\/div>\n\t\t<\/div>\n\t\t\t\t\t<\/div>\n\t\t<\/section>\n\t\t\t\t<\/div>\n\t\t","protected":false},"excerpt":{"rendered":"<p>D\u00e9couvrez les soir\u00e9es film fran\u00e7ais ou francophones organis\u00e9es par l&rsquo;Alliance Fran\u00e7aise d&rsquo;\u00d6rebro ! Les films peuvent \u00eatre sous-titr\u00e9s en fran\u00e7ais, en anglais ou en su\u00e9dois ! Pendant la s\u00e9ance, vous pourrez profiter de snacks. Puis, \u00e0 la fin du film, un buffet est propos\u00e9 aux participants qui le souhaitent ! Le paiement du buffet se fait par virement bancaire PlusGirot PlusGirot 16 14 83-3 en indiquant votre nom et pr\u00e9nom ! 2026 Janvier 2026 Mars 2026 Janvier 2026 \u00ab\u00a0En Fanfare\u00a0\u00bb de Emmanuel Courcol (2024) L&rsquo;Alliance Fran\u00e7aise d&rsquo;\u00d6rebro\u00a0vous invite \u00e0 la premi\u00e8re soir\u00e9e cin\u00e9ma de l&rsquo;ann\u00e9e.\u00a0 Le film pr\u00e9sent\u00e9 :\u00a0En Fanfare\u00a0de Emmanuel Courcol \ud83d\udcc5\u00a0Date\u00a0: Mercredi 28 janvier 2025 \u23f0\u00a0Arriv\u00e9e\u00a0: 18h00 \ud83c\udfeb\u00a0Lieu\u00a0: Medborgarskolan Pour rappel, voici les tarifs :&#8211; 50\u00a0sek pour la s\u00e9ance, une boisson et des popcorns. On a h\u00e2te de vous y retrouver ! Le paiement du buffet se fait par\u00a0virement bancaire\u00a0PlusGirot 16 14 83-3. On a h\u00e2te de vous y retrouver ! Pour s\u2019inscrire, veuillez remplir\u00a0le formulaire d&rsquo;inscription en cliquant\u00a0ici\u00a0OU envoyez un mail en cliquant\u00a0ici. Mars 2026 L&rsquo;Alliance Fran\u00e7aise d&rsquo;\u00d6rebro\u00a0vous invite \u00e0 une soir\u00e9e cin\u00e9ma pour c\u00e9l\u00e9brer le mois de la francophonie Le film pr\u00e9sent\u00e9 :\u00a0Sarah Bernhardt, la divine par\u00a0Guillaume Nicloux et sorti en 2024 \ud83d\udcc5\u00a0Date\u00a0: Mercredi 11 Mars 2026 \u23f0\u00a0Arriv\u00e9e\u00a0: 18h00 \ud83c\udfeb\u00a0Lieu\u00a0: Medborgarskolan Pour rappel, voici les tarifs :&#8211; 50\u00a0sek pour la s\u00e9ance, une boisson et des popcorns \ud83c\udf7f Le paiement du buffet se fait par\u00a0virement bancaire\u00a0PlusGirot 16 14 83-3. On a h\u00e2te de vous y retrouver ! \ud83d\ude0a Pour s\u2019inscrire, veuillez remplir\u00a0le formulaire d&rsquo;inscription en cliquant\u00a0ici\u00a0OU envoyez un mail en cliquant\u00a0ici. 2025 Janvier Avril Janvier Soir\u00e9e film 23 janvier 2025 \u00ab\u00a0La Grande Vadrouille\u00a0\u00bb de G. Oury (1966) Date : Jeudi 23 janvier \u00e0 17h30 Lieu: Medborgarskolan Retrouvez-nous le jeudi 23 janvier \u00e0 17h30 pour une soir\u00e9e film au Medborgarskolan. Au programme, un grand classique fran\u00e7ais : \u00ab\u00a0La Grande Vadrouille\u00a0\u00bb de G\u00e9rard Oury (1966). Un buffet sera propos\u00e9 pendant et apr\u00e8s le film. Il sera payant. Pour s\u2019inscrire, remplissez le formulaire d\u2019inscription ici OU envoyez un mail en cliquant ici. Avril Soir\u00e9e cin\u00e9ma 17 avril \u00ab\u00a0Azur et Asmar\u00a0\u00bb de M. Ocelot (2006) Date :\u00a0Jeudi 17 Avril 2025 de\u00a018h \u00e0 21h30 Lieu : Medborgarskolan Courte pr\u00e9sentation sur \u00ab\u00a0L&rsquo;univers fantastique et onirique de Michel Ocelot : Voyage \u00e0 travers le monde\u00a0\u00bb et projection du film \u00ab\u00a0Azur et Asmar\u00a0\u00bb de Michel Ocelot (2006). Projection ouverte aux adultes et aux enfants. Un buffet sera propos\u00e9 et sera payant. Pour s\u2019inscrire, remplissez le prochain formulaire d\u2019inscription OU envoyez un mail en cliquant\u00a0ici<\/p>\n","protected":false},"author":1,"featured_media":0,"parent":0,"menu_order":0,"comment_status":"closed","ping_status":"closed","template":"","meta":{"om_disable_all_campaigns":false,"_monsterinsights_skip_tracking":false,"_monsterinsights_sitenote_active":false,"_monsterinsights_sitenote_note":"","_monsterinsights_sitenote_category":0,"_uf_show_specific_survey":0,"_uf_disable_surveys":false,"footnotes":""},"class_list":["post-15377","page","type-page","status-publish","hentry"],"aioseo_notices":[],"rttpg_featured_image_url":null,"rttpg_author":{"display_name":"Super.admin","author_link":"https:\/\/alliancefr.se\/orebro\/author\/admin2174\/"},"rttpg_comment":0,"rttpg_category":" <a href=\"https:\/\/alliancefr.se\/orebro\/\" rel=\"tag\">Fran\u00e7ais<\/a>","rttpg_excerpt":"D\u00e9couvrez les soir\u00e9es film fran\u00e7ais ou francophones organis\u00e9es par l&rsquo;Alliance Fran\u00e7aise d&rsquo;\u00d6rebro ! Les films peuvent \u00eatre sous-titr\u00e9s en fran\u00e7ais, en anglais ou en su\u00e9dois ! Pendant la s\u00e9ance, vous pourrez profiter de snacks. Puis, \u00e0 la fin du film, un buffet est propos\u00e9 aux participants qui le souhaitent ! Le paiement du buffet se\u2026","_links":{"self":[{"href":"https:\/\/alliancefr.se\/orebro\/wp-json\/wp\/v2\/pages\/15377","targetHints":{"allow":["GET"]}}],"collection":[{"href":"https:\/\/alliancefr.se\/orebro\/wp-json\/wp\/v2\/pages"}],"about":[{"href":"https:\/\/alliancefr.se\/orebro\/wp-json\/wp\/v2\/types\/page"}],"author":[{"embeddable":true,"href":"https:\/\/alliancefr.se\/orebro\/wp-json\/wp\/v2\/users\/1"}],"replies":[{"embeddable":true,"href":"https:\/\/alliancefr.se\/orebro\/wp-json\/wp\/v2\/comments?post=15377"}],"version-history":[{"count":28,"href":"https:\/\/alliancefr.se\/orebro\/wp-json\/wp\/v2\/pages\/15377\/revisions"}],"predecessor-version":[{"id":18212,"href":"https:\/\/alliancefr.se\/orebro\/wp-json\/wp\/v2\/pages\/15377\/revisions\/18212"}],"wp:attachment":[{"href":"https:\/\/alliancefr.se\/orebro\/wp-json\/wp\/v2\/media?parent=15377"}],"curies":[{"name":"wp","href":"https:\/\/api.w.org\/{rel}","templated":true}]}}