{"id":1496,"date":"2015-08-30T18:30:37","date_gmt":"2015-08-30T16:30:37","guid":{"rendered":"http:\/\/alliancefr.se\/orebro4\/vart-varprogram-2015\/"},"modified":"2023-10-17T11:02:37","modified_gmt":"2023-10-17T09:02:37","slug":"vart-varprogram-2015","status":"publish","type":"page","link":"https:\/\/alliancefr.se\/orebro\/sv\/vart-varprogram-2015\/","title":{"rendered":"Arkiv V\u00e5rt v\u00e5rprogram 2015"},"content":{"rendered":"<p><a href=\"http:\/\/www.alliancefrancaise-orebro.eu\/wp-content\/uploads\/2015\/04\/expo1.jpg\"><img fetchpriority=\"high\" decoding=\"async\" class=\"aligncenter size-medium wp-image-391\" src=\"http:\/\/www.alliancefrancaise-orebro.eu\/wp-content\/uploads\/2015\/04\/expo1-205x300.jpg\" alt=\"Affish f\u00f6r grafik formfestivalen d\u00e4r Alliance fran\u00e7aise i \u00d6rebro deltog\" width=\"205\" height=\"300\" \/><\/a><\/p>\n<p>&nbsp;<\/p>\n<p>Den grafiska festivalen, Paris 2015<br \/>\nKv\u00e4llen leds av Jonas Linder, konstn\u00e4ren som representerade Alliance fran\u00e7aise i \u00d6rebro<!--more--><\/p>\n<h3>Fransk kv\u00e4ll: F\u00f6rel\u00e4sning p\u00e5 svenska med provsmakning av regionala produkter.<\/h3>\n<p>Alla \u00e4r v\u00e4lkomna (medlem eller ej)<br \/>\nProvsmakning: 50 kr (inklusive ett glas mousserande vin, varje ytterligare glas vin kostar 20 kr.)<\/p>\n<p>2015 tackar de olika Alliances fran\u00e7aises \u00f6ver hela v\u00e4rlden st\u00e4derna som v\u00e4lkomnar dem med utst\u00e4llningen \u00ab\u00a0Ailleurs, les Alliances Fran\u00e7aises s&rsquo;affichent\u00a0\u00bb \u00ab\u00a0Utomlands visas de olika Alliances fran\u00e7aises\u00a0\u00bb (16 januari &#8211; 8 februari 2015). En utst\u00e4llning som \u00e4gde rum under Grafisk formgivning festivalen som v\u00e4cker uppm\u00e4rksamhet b\u00e5da i Frankrike och i utlandet.<\/p>\n<p>Jonas Linder skapade en affisch som heter \u00ab\u00a0Mitt \u00d6rebro\u00a0\u00bb just f\u00f6r oss. Tack vare hans affisch som st\u00e4lldes ut p\u00e5 gatan i Paris representerades Sverige, \u00d6rebro och v\u00e5r Alliance fran\u00e7aise.<br \/>\nJonas kommer och l\u00e5ter oss ta del av sitt arbete och sin upplevelse i Paris. Han var ju p\u00e5 vernissagen och vistades n\u00e5gra dagar i Frankrikes huvudstad.<\/p>\n<p>F\u00f6r att kunna planera beh\u00f6ver vi veta om du kommer till provsmakningen innan s\u00f6ndag den 24 maj, ta g\u00e4rna kontakt med Tore v\u00e5r kass\u00f6r t.tillman@alliancefrancaise-orebro.eu<\/p>\n<p>Torsdagen den 28 Maj kl.19.00<br \/>\nMedborgarskolan, Storgatan 18.<br \/>\nI samarbete med Medborgarskolan.<\/p>\n<p><a href=\"http:\/\/www.alliancefrancaise-orebro.eu\/wp-content\/uploads\/2015\/04\/ambassadeur1.jpg\"><img decoding=\"async\" class=\"aligncenter size-medium wp-image-384\" src=\"http:\/\/www.alliancefrancaise-orebro.eu\/wp-content\/uploads\/2015\/04\/ambassadeur1-273x300.jpg\" alt=\"Frankrikes ambassad\u00f6r h\u00e5ller f\u00f6rel\u00e4sning om klimaten\" width=\"273\" height=\"300\" \/><\/a><\/p>\n<h3>\u00d6ppen f\u00f6rel\u00e4sning med frankrikes Sverigeambassad\u00f6r Jacques Lapouge inf\u00f6r \u00e5rets stora klimatkonferens i Paris. <!--more--><\/h3>\n<p>F\u00f6rel\u00e4sningen h\u00e5lls p\u00e5 engelska.<\/p>\n<p>I slutet av \u00e5ret \u00e4ger FN:s klimatkonferens i Paris rum. Konferensen \u00e4r den 21 i ordningen och f\u00f6rv\u00e4ntningarna \u00e4r stora. Det \u00e4r nu ett nytt bindande klimatavtal ska komma till st\u00e5nd mellan v\u00e4rldens l\u00e4nder. Frankrike vill ha ett avtal som kan antas av alla l\u00e4nder som \u00e4r ambiti\u00f6sa nog att uppn\u00e5 tv\u00e5gradersm\u00e5let, ett avtal som dessutom \u00e4r r\u00e4ttsligt bindande.<\/p>\n<p>Tid: Fredagen den 10 april kl. 14-14.45<br \/>\nPlats: Bion, Forumhuset, \u00d6rebro universitet<\/p>\n<p>Universitet bjuder p\u00e5 sm\u00f6rg\u00e5s och dryck innan f\u00f6rel\u00e4sningen.<\/p>\n<p>L\u00e4s mer <a href=\"http:\/\/www.diplomatie.gouv.fr\/en\/french-foreign-policy-1\/climate-7436\/2015-paris-climate-conference\/\" target=\"_blank\" rel=\"noopener\">h\u00e4r<\/a><\/p>\n<p><a href=\"http:\/\/www.alliancefrancaise-orebro.eu\/wp-content\/uploads\/2015\/06\/image80.jpg\"><img decoding=\"async\" class=\" size-medium wp-image-1265 alignnone\" src=\"http:\/\/www.alliancefrancaise-orebro.eu\/wp-content\/uploads\/2015\/06\/image80-300x188.jpg\" alt=\"image 80ans alliance fran\u00e7aise \u00f6rebro\" width=\"300\" height=\"188\" \/><\/a><\/p>\n<h3>I \u00e5r blir v\u00e5r f\u00f6rening 80 \u00e5r gammal!<\/h3>\n<p>Det menar att den har fr\u00e4mjat franska och den fransktalande v\u00e4rlden till \u00f6rebroarna i 80 \u00e5r <!--more--> med kulturella aktiviteter.<\/p>\n<p>Sedan Alliance fran\u00e7aise grundades 1935 har den utvecklats oavbrutet och \u00e4nnu idag erbjuder den nya aktiviteter om franska, Frankrike och fransktalande l\u00e4nder. Men den f\u00f6rnyar sig ocks\u00e5 som till exempel med dess nya webbsajt som du nu bes\u00f6ker.<\/p>\n<p>F\u00f6r dess jubileum blir det ett m\u00e5l p\u00e5 universitet l\u00f6rdag 11 april och vi hoppas att f\u00f6reningen ska fira m\u00e5nga andra f\u00f6delsedagar.<\/p>\n<h3>Konferensen leds p\u00e5 franska av Thomas Gossart, praktikant p\u00e5 Alliance Fran\u00e7aise i \u00d6rebro<!--more--><\/h3>\n<p>Student i Masterexamen i fr\u00e4mmande spr\u00e5k,<br \/>\nFack: kulturell utveckling av den fransktalande v\u00e4rlden<br \/>\nLille Universistet<\/p>\n<p><a href=\"http:\/\/www.alliancefrancaise-orebro.eu\/wp-content\/uploads\/2015\/04\/drapeau_suede1.jpg\"><img loading=\"lazy\" decoding=\"async\" class=\"aligncenter size-full wp-image-370\" src=\"http:\/\/www.alliancefrancaise-orebro.eu\/wp-content\/uploads\/2015\/04\/drapeau_suede1.jpg\" alt=\"svensk flaga\" width=\"368\" height=\"231\" \/><\/a><\/p>\n<p>Under denna kv\u00e4llen, ska Thomas dela med oss sin universitetsupplevelse. Vi ska uppt\u00e4cka hur universitet i Frankrike undervisar det svenska spr\u00e5ket och den svenska kulturen , men ocks\u00e5 hur de kommande yrkesm\u00e4nnen ansvariga f\u00f6r utvecklingen av det franska spr\u00e5ket och den franska kulturen i Skandinavien utbildas.<\/p>\n<p>Det h\u00e4r m\u00f6tet ska ocks\u00e5 vara tillf\u00e4llet att tr\u00e4ffa den h\u00e4r nya medlemmen som pratar svenska och norska. Ni ska ocks\u00e5 kunna ta reda p\u00e5 uppdragen som han har f\u00e5tt och l\u00e4ra er mer m vad de inneb\u00e4r f\u00f6r utveckling och diversifiering av Alliance fran\u00e7aise verksamhet.<\/p>\n<p>Thomas kommer inte ensam&#8230; men det \u00e4r en \u00f6verraskning!<\/p>\n<p>M\u00e5ndag 23. mars: buff\u00e9\u00f6ppning kl. 18.30, konferens kl. 19h00.<br \/>\nF\u00f6reningarnas Hus, Slottsgatan 13A.<\/p>\n<p>Kv\u00e4llen \u00e4r reserverad f\u00f6r medlemmarna av Alliance Fran\u00e7aise i \u00d6rebro.<br \/>\nF\u00f6r att bli medlem klicka <a title=\"Om oss\" href=\"http:\/\/www.alliancefrancaise-orebro.eu\/sv\/om-oss\">h\u00e4r<\/a><\/p>\n<h3>Litteraturkv\u00e4ll p\u00e5 franska &#8211; Tema: Modiano<\/h3>\n<p>Kv\u00e4llen leds av Norbert Czarny, kritiker p\u00e5 \u00ab\u00a0La Quinzaine Litt\u00e9raire\u00a0\u00bb i Paris<br \/>\nI samarbete med Alliance francaise d&rsquo;Upsal<!--more--><\/p>\n<p><a href=\"http:\/\/www.alliancefrancaise-orebro.eu\/wp-content\/uploads\/2015\/04\/patrick-nobel-laureat-du-prix-nobel-20141.jpg\"><img loading=\"lazy\" decoding=\"async\" class=\"aligncenter size-full wp-image-364\" src=\"http:\/\/www.alliancefrancaise-orebro.eu\/wp-content\/uploads\/2015\/04\/patrick-nobel-laureat-du-prix-nobel-20141.jpg\" alt=\"en kv\u00e4ll av Alliance fran\u00e7aise i \u00f6rebro om den franska f\u00f6rfattaren Patrick Modiano\" width=\"290\" height=\"195\" \/><\/a><\/p>\n<p>F\u00e5 franska f\u00f6rfattare publicerades av \u00ab\u00a0La Ple\u00efade\u00a0\u00bb under deras livstid. Patrick Modiano skulle kunna vara en av dem. Han har just f\u00e5tt Nobelpriset och det bekr\u00e4ftar att han har f\u00e5tt st\u00f6rre betydelse \u00e5r efter \u00e5r. Vi ska ta b\u00e5da hans tal i Stockholm och utdragar fr\u00e5n hans romaner som utg\u00e5ngspunkten f\u00f6r att visa vad som \u00e4r unikt i sitt arbete och vad som utg\u00f6r kraften av sin stil.<\/p>\n<p>Onsdag 25. Februari: buff\u00e9\u00f6ppning kl. 18.30, konferens kl. 19h00.<br \/>\nStartcentrum, Rudbecksgatan 26.<\/p>\n<p>Kv\u00e4llen \u00e4r reserverad f\u00f6r medlemmarna av Alliance Fran\u00e7aise i \u00d6rebro.<br \/>\nF\u00f6r att bli medlem klicka <a title=\"Om oss\" href=\"http:\/\/www.alliancefrancaise-orebro.eu\/sv\/om-oss\" target=\"_blank\" rel=\"noopener\">h\u00e4r<\/a><\/p>\n<h3>Interaktiv kv\u00e4ll p\u00e5 franska som leds av Michel Barbier, Alliance fran\u00e7aise d&rsquo;Upsal Ordf\u00f6rande.<!--more--><\/h3>\n<p><a href=\"http:\/\/www.alliancefrancaise-orebro.eu\/wp-content\/uploads\/2015\/04\/liberte_peuple1.jpg\"><img loading=\"lazy\" decoding=\"async\" class=\"aligncenter size-full wp-image-354\" src=\"http:\/\/www.alliancefrancaise-orebro.eu\/wp-content\/uploads\/2015\/04\/liberte_peuple1.jpg\" alt=\"Den mycket k\u00e4nda franska tavlan la libert\u00e9 guidant le peuple\" width=\"378\" height=\"299\" \/><\/a><\/p>\n<p>De m\u00e5nga m\u00e4sterverken av fransk m\u00e5lning reproduceras runt hela v\u00e4rlden och anv\u00e4nds utan begr\u00e4nsningar s\u00e4rskilt i medierna,men tittar man verkligen p\u00e5 dem ?Interaktiva aktiviteter f\u00f6r att uppt\u00e4cka och tolka n\u00e5gra av dessa gamla eller samtida verken ska f\u00f6resl\u00e5s. Ta med dig vad som kr\u00e4vs f\u00f6r att skriva (papper, penna&#8230;)<\/p>\n<p>Tisdag 17. Februari:<\/p>\n<p>kl. 18.00: \u00e5rsm\u00f6te &#8211; kl. 18.30: buff\u00e9\u00f6ppning &#8211; kl. 19.00: aktivitet<br \/>\nStartcentrum, Rudbecksgatan 26.<\/p>\n<p>Kv\u00e4llen \u00e4r reserverad f\u00f6r medlemmarna av Alliance Fran\u00e7aise i \u00d6rebro.<br \/>\nF\u00f6r att bli medlem klicka <a title=\"Om oss\" href=\"http:\/\/www.alliancefrancaise-orebro.eu\/sv\/om-oss\" target=\"_blank\" rel=\"noopener\">h\u00e4r<\/a><\/p>\n","protected":false},"excerpt":{"rendered":"<p>&nbsp; Den grafiska festivalen, Paris 2015 Kv\u00e4llen leds av Jonas Linder, konstn\u00e4ren som representerade Alliance fran\u00e7aise i \u00d6rebro<\/p>\n","protected":false},"author":1,"featured_media":0,"parent":0,"menu_order":0,"comment_status":"closed","ping_status":"closed","template":"","meta":{"om_disable_all_campaigns":false,"_monsterinsights_skip_tracking":false,"_monsterinsights_sitenote_active":false,"_monsterinsights_sitenote_note":"","_monsterinsights_sitenote_category":0,"_uf_show_specific_survey":0,"_uf_disable_surveys":false,"footnotes":""},"class_list":["post-1496","page","type-page","status-publish","hentry"],"aioseo_notices":[],"rttpg_featured_image_url":null,"rttpg_author":{"display_name":"Super.admin","author_link":"https:\/\/alliancefr.se\/orebro\/author\/admin2174\/"},"rttpg_comment":0,"rttpg_category":" <a href=\"https:\/\/alliancefr.se\/orebro\/sv\/\" rel=\"tag\">Svenska<\/a>","rttpg_excerpt":"&nbsp; Den grafiska festivalen, Paris 2015 Kv\u00e4llen leds av Jonas Linder, konstn\u00e4ren som representerade Alliance fran\u00e7aise i \u00d6rebro","_links":{"self":[{"href":"https:\/\/alliancefr.se\/orebro\/wp-json\/wp\/v2\/pages\/1496","targetHints":{"allow":["GET"]}}],"collection":[{"href":"https:\/\/alliancefr.se\/orebro\/wp-json\/wp\/v2\/pages"}],"about":[{"href":"https:\/\/alliancefr.se\/orebro\/wp-json\/wp\/v2\/types\/page"}],"author":[{"embeddable":true,"href":"https:\/\/alliancefr.se\/orebro\/wp-json\/wp\/v2\/users\/1"}],"replies":[{"embeddable":true,"href":"https:\/\/alliancefr.se\/orebro\/wp-json\/wp\/v2\/comments?post=1496"}],"version-history":[{"count":1,"href":"https:\/\/alliancefr.se\/orebro\/wp-json\/wp\/v2\/pages\/1496\/revisions"}],"predecessor-version":[{"id":9419,"href":"https:\/\/alliancefr.se\/orebro\/wp-json\/wp\/v2\/pages\/1496\/revisions\/9419"}],"wp:attachment":[{"href":"https:\/\/alliancefr.se\/orebro\/wp-json\/wp\/v2\/media?parent=1496"}],"curies":[{"name":"wp","href":"https:\/\/api.w.org\/{rel}","templated":true}]}}