{"id":1468,"date":"2015-08-30T16:17:39","date_gmt":"2015-08-30T14:17:39","guid":{"rendered":"http:\/\/alliancefr.se\/orebro4\/printemps-2015\/"},"modified":"2023-10-13T10:38:29","modified_gmt":"2023-10-13T08:38:29","slug":"printemps-2015","status":"publish","type":"page","link":"https:\/\/alliancefr.se\/orebro\/printemps-2015\/","title":{"rendered":"Archives Programme de printemps 2015"},"content":{"rendered":"\t\t<div data-elementor-type=\"wp-page\" data-elementor-id=\"1468\" class=\"elementor elementor-1468\">\n\t\t\t\t\t\t<section class=\"elementor-section elementor-top-section elementor-element elementor-element-2afc7ec7 elementor-section-boxed elementor-section-height-default elementor-section-height-default\" data-id=\"2afc7ec7\" data-element_type=\"section\">\n\t\t\t\t\t\t<div class=\"elementor-container elementor-column-gap-default\">\n\t\t\t\t\t<div class=\"elementor-column elementor-col-100 elementor-top-column elementor-element elementor-element-254d0c6b\" data-id=\"254d0c6b\" data-element_type=\"column\">\n\t\t\t<div class=\"elementor-widget-wrap elementor-element-populated\">\n\t\t\t\t\t\t<div class=\"elementor-element elementor-element-851969f elementor-widget elementor-widget-text-editor\" data-id=\"851969f\" data-element_type=\"widget\" data-widget_type=\"text-editor.default\">\n\t\t\t\t<div class=\"elementor-widget-container\">\n\t\t\t\t\t\t\t\t\t<p><a href=\"http:\/\/www.alliancefrancaise-orebro.eu\/wp-content\/uploads\/2015\/04\/expo.jpg\"><img fetchpriority=\"high\" decoding=\"async\" class=\"aligncenter size-full wp-image-387\" src=\"http:\/\/www.alliancefrancaise-orebro.eu\/wp-content\/uploads\/2015\/04\/expo.jpg\" alt=\"f\u00eate du graphisme o\u00f9 expose Jonas Linder pour l'AF\u00d6\" width=\"290\" height=\"425\" \/><\/a><\/p><p>\u00a0<\/p><p>F\u00eate du Graphisme, Paris 2015<br \/>Par Jonas Linder, artiste repr\u00e9sentant l&rsquo;Alliance fran\u00e7aise d&rsquo;\u00d6rebro<\/p><\/div><\/div><\/div><\/div><\/div><\/section><\/div> <a href=\"https:\/\/alliancefr.se\/orebro\/printemps-2015\/#more-1468\" class=\"more-link elementor-more-link\"><span aria-label=\"Poursuivre la lecture Archives Programme de printemps 2015\">(plus\u2026)<\/span><\/a>","protected":false},"excerpt":{"rendered":"<p>\u00a0 F\u00eate du Graphisme, Paris 2015Par Jonas Linder, artiste repr\u00e9sentant l&rsquo;Alliance fran\u00e7aise d&rsquo;\u00d6rebro<\/p>\n","protected":false},"author":1,"featured_media":0,"parent":0,"menu_order":0,"comment_status":"closed","ping_status":"closed","template":"","meta":{"om_disable_all_campaigns":false,"_monsterinsights_skip_tracking":false,"_monsterinsights_sitenote_active":false,"_monsterinsights_sitenote_note":"","_monsterinsights_sitenote_category":0,"_uf_show_specific_survey":0,"_uf_disable_surveys":false,"footnotes":""},"class_list":["post-1468","page","type-page","status-publish","hentry"],"aioseo_notices":[],"rttpg_featured_image_url":null,"rttpg_author":{"display_name":"Super.admin","author_link":"https:\/\/alliancefr.se\/orebro\/author\/admin2174\/"},"rttpg_comment":0,"rttpg_category":" <a href=\"https:\/\/alliancefr.se\/orebro\/\" rel=\"tag\">Fran\u00e7ais<\/a>","rttpg_excerpt":"\u00a0 F\u00eate du Graphisme, Paris 2015Par Jonas Linder, artiste repr\u00e9sentant l&rsquo;Alliance fran\u00e7aise d&rsquo;\u00d6rebro","_links":{"self":[{"href":"https:\/\/alliancefr.se\/orebro\/wp-json\/wp\/v2\/pages\/1468","targetHints":{"allow":["GET"]}}],"collection":[{"href":"https:\/\/alliancefr.se\/orebro\/wp-json\/wp\/v2\/pages"}],"about":[{"href":"https:\/\/alliancefr.se\/orebro\/wp-json\/wp\/v2\/types\/page"}],"author":[{"embeddable":true,"href":"https:\/\/alliancefr.se\/orebro\/wp-json\/wp\/v2\/users\/1"}],"replies":[{"embeddable":true,"href":"https:\/\/alliancefr.se\/orebro\/wp-json\/wp\/v2\/comments?post=1468"}],"version-history":[{"count":4,"href":"https:\/\/alliancefr.se\/orebro\/wp-json\/wp\/v2\/pages\/1468\/revisions"}],"predecessor-version":[{"id":10074,"href":"https:\/\/alliancefr.se\/orebro\/wp-json\/wp\/v2\/pages\/1468\/revisions\/10074"}],"wp:attachment":[{"href":"https:\/\/alliancefr.se\/orebro\/wp-json\/wp\/v2\/media?parent=1468"}],"curies":[{"name":"wp","href":"https:\/\/api.w.org\/{rel}","templated":true}]}}