{"id":1185,"date":"2015-05-29T15:35:45","date_gmt":"2015-05-29T13:35:45","guid":{"rendered":"http:\/\/alliancefr.se\/orebro4\/gastronomie\/"},"modified":"2023-09-28T15:03:07","modified_gmt":"2023-09-28T13:03:07","slug":"gastronomie","status":"publish","type":"page","link":"https:\/\/alliancefr.se\/orebro\/gastronomie\/","title":{"rendered":"Ressources: Gastronomie"},"content":{"rendered":"<p style=\"text-align: center\">L&rsquo;art de bien manger et surtout de partager de bons moments de convivialit\u00e9 est fondamental dans un grand nombre de pays francophones, voil\u00e0 donc des recettes, mais aussi de quoi en apprendre plus sur les produits et les savoirs-faire.<\/p>\n<h3 style=\"text-align: center\">Marmiton<\/h3>\n<p style=\"text-align: center\"><a href=\"http:\/\/www.marmiton.org\/\">http:\/\/www.marmiton.org\/<br \/>\n<\/a><br \/>\nMarmiton est un site collaboratif o\u00f9 les internautes peuvent poster leurs meilleurs recettes. C&rsquo;est sans doute la plus grande base de donn\u00e9es de recettes en fran\u00e7ais<\/p>\n<h3 style=\"text-align: center\">L&rsquo;atelier des chefs<\/h3>\n<p style=\"text-align: center\"><a href=\"https:\/\/www.atelierdeschefs.fr\/fr\/techniques-de-cuisine.php\">https:\/\/www.atelierdeschefs.fr\/fr\/techniques-de-cuisine.php<\/a><\/p>\n<p style=\"text-align: center\">L&rsquo;Atelier des chefs est une entreprise fran\u00e7aise sp\u00e9cialis\u00e9e dans les cours de cuisine. Mais ils font aussi beaucoup de vid\u00e9os gratuites pour apprendre \u00e0 devenir un vrai chef !<\/p>\n<h3 style=\"text-align: center\">Cuisine du Qu\u00e9bec<\/h3>\n<p style=\"text-align: center\"><a href=\"http:\/\/cuisineduquebec.com\/recettes\">http:\/\/cuisineduquebec.com\/recettes<\/a><\/p>\n<p style=\"text-align: center\">Cuisine du Qu\u00e9bec est le site de r\u00e9f\u00e9rence sur la cuisine de ce territoire francophone nord-am\u00e9ricain. Des recettes, des chefs, et m\u00eame une boutique de produits qu\u00e9b\u00e9cois<\/p>\n<h3 style=\"text-align: center\">Beau \u00e0 la louche<\/h3>\n<p style=\"text-align: center\"><a href=\"http:\/\/www.beaualalouche.com\/\">http:\/\/www.beaualalouche.com\/<\/a><\/p>\n<p style=\"text-align: center\">Les blogs culinaires fleurissent en France, et permettent \u00e0 des amateurs de partager leurs recettes et astuces. Celui ci propose des recettes simples et accessibles, dans une langue authentique.<\/p>\n<h3 style=\"text-align: center\">La cuisine de Mercotte<\/h3>\n<p style=\"text-align: center\"><a href=\"http:\/\/www.mercotte.fr\/\">http:\/\/www.mercotte.fr\/<\/a><\/p>\n<p style=\"text-align: center\">Mercotte est peut-\u00eatre la bloggueuse culinaire la plus c\u00e9l\u00e8bre de France. Elle publie des livres, con\u00e7oit des applications, et est m\u00eame jur\u00e9e dans une concours t\u00e9l\u00e9vis\u00e9 de pat\u00eesserie.<\/p>\n<h3 style=\"text-align: center\">Recettes cr\u00e9oles<\/h3>\n<p style=\"text-align: center\"><a href=\"http:\/\/www.cuisineactuelle.fr\/recettes-de-cuisine\/recettes-du-monde\/recette-creole\">http:\/\/www.cuisineactuelle.fr\/recettes-de-cuisine\/recettes-du-monde\/recette-creole<\/a><\/p>\n<p style=\"text-align: center\">Sur le site internet de Femme actuelle, vous trouverez une rubrique d\u00e9di\u00e9e \u00e0 la cuisine cr\u00e9ole, car la francophonie, c&rsquo;est aussi une cuisine et des paysages qui respirent le soleil<\/p>\n","protected":false},"excerpt":{"rendered":"<p>L&rsquo;art de bien manger et surtout de partager de bons moments de convivialit\u00e9 est fondamental dans un grand nombre de pays francophones, voil\u00e0 donc des recettes, mais aussi de quoi en apprendre plus sur les produits et les savoirs-faire. Marmiton http:\/\/www.marmiton.org\/ Marmiton est un site collaboratif o\u00f9 les internautes peuvent poster leurs meilleurs recettes. C&rsquo;est sans doute la plus grande base de donn\u00e9es de recettes en fran\u00e7ais L&rsquo;atelier des chefs https:\/\/www.atelierdeschefs.fr\/fr\/techniques-de-cuisine.php L&rsquo;Atelier des chefs est une entreprise fran\u00e7aise sp\u00e9cialis\u00e9e dans les cours de cuisine. Mais ils font aussi beaucoup de vid\u00e9os gratuites pour apprendre \u00e0 devenir un vrai chef ! Cuisine du Qu\u00e9bec http:\/\/cuisineduquebec.com\/recettes Cuisine du Qu\u00e9bec est le site de r\u00e9f\u00e9rence sur la cuisine de ce territoire francophone nord-am\u00e9ricain. Des recettes, des chefs, et m\u00eame une boutique de produits qu\u00e9b\u00e9cois Beau \u00e0 la louche http:\/\/www.beaualalouche.com\/ Les blogs culinaires fleurissent en France, et permettent \u00e0 des amateurs de partager leurs recettes et astuces. Celui ci propose des recettes simples et accessibles, dans une langue authentique. La cuisine de Mercotte http:\/\/www.mercotte.fr\/ Mercotte est peut-\u00eatre la bloggueuse culinaire la plus c\u00e9l\u00e8bre de France. Elle publie des livres, con\u00e7oit des applications, et est m\u00eame jur\u00e9e dans une concours t\u00e9l\u00e9vis\u00e9 de pat\u00eesserie. Recettes cr\u00e9oles http:\/\/www.cuisineactuelle.fr\/recettes-de-cuisine\/recettes-du-monde\/recette-creole Sur le site internet de Femme actuelle, vous trouverez une rubrique d\u00e9di\u00e9e \u00e0 la cuisine cr\u00e9ole, car la francophonie, c&rsquo;est aussi une cuisine et des paysages qui respirent le soleil<\/p>\n","protected":false},"author":1,"featured_media":0,"parent":0,"menu_order":0,"comment_status":"closed","ping_status":"closed","template":"","meta":{"om_disable_all_campaigns":false,"_monsterinsights_skip_tracking":false,"_monsterinsights_sitenote_active":false,"_monsterinsights_sitenote_note":"","_monsterinsights_sitenote_category":0,"_uf_show_specific_survey":0,"_uf_disable_surveys":false,"footnotes":""},"class_list":["post-1185","page","type-page","status-publish","hentry"],"aioseo_notices":[],"rttpg_featured_image_url":null,"rttpg_author":{"display_name":"Super.admin","author_link":"https:\/\/alliancefr.se\/orebro\/author\/admin2174\/"},"rttpg_comment":0,"rttpg_category":" <a href=\"https:\/\/alliancefr.se\/orebro\/\" rel=\"tag\">Fran\u00e7ais<\/a>","rttpg_excerpt":"L&rsquo;art de bien manger et surtout de partager de bons moments de convivialit\u00e9 est fondamental dans un grand nombre de pays francophones, voil\u00e0 donc des recettes, mais aussi de quoi en apprendre plus sur les produits et les savoirs-faire. Marmiton http:\/\/www.marmiton.org\/ Marmiton est un site collaboratif o\u00f9 les internautes peuvent poster leurs meilleurs recettes. C&rsquo;est\u2026","_links":{"self":[{"href":"https:\/\/alliancefr.se\/orebro\/wp-json\/wp\/v2\/pages\/1185","targetHints":{"allow":["GET"]}}],"collection":[{"href":"https:\/\/alliancefr.se\/orebro\/wp-json\/wp\/v2\/pages"}],"about":[{"href":"https:\/\/alliancefr.se\/orebro\/wp-json\/wp\/v2\/types\/page"}],"author":[{"embeddable":true,"href":"https:\/\/alliancefr.se\/orebro\/wp-json\/wp\/v2\/users\/1"}],"replies":[{"embeddable":true,"href":"https:\/\/alliancefr.se\/orebro\/wp-json\/wp\/v2\/comments?post=1185"}],"version-history":[{"count":1,"href":"https:\/\/alliancefr.se\/orebro\/wp-json\/wp\/v2\/pages\/1185\/revisions"}],"predecessor-version":[{"id":9344,"href":"https:\/\/alliancefr.se\/orebro\/wp-json\/wp\/v2\/pages\/1185\/revisions\/9344"}],"wp:attachment":[{"href":"https:\/\/alliancefr.se\/orebro\/wp-json\/wp\/v2\/media?parent=1185"}],"curies":[{"name":"wp","href":"https:\/\/api.w.org\/{rel}","templated":true}]}}