{"id":11440,"date":"2024-04-05T13:10:27","date_gmt":"2024-04-05T11:10:27","guid":{"rendered":"https:\/\/alliancefr.se\/orebro\/?page_id=11440"},"modified":"2025-05-14T16:58:08","modified_gmt":"2025-05-14T14:58:08","slug":"defi-inter-alliances-3","status":"publish","type":"page","link":"https:\/\/alliancefr.se\/orebro\/defi-inter-alliances-3\/","title":{"rendered":"D\u00e9fi Inter-Alliances"},"content":{"rendered":"\t\t<div data-elementor-type=\"wp-page\" data-elementor-id=\"11440\" class=\"elementor elementor-11440\">\n\t\t\t\t\t\t<section class=\"elementor-section elementor-top-section elementor-element elementor-element-b602e9f elementor-section-boxed elementor-section-height-default elementor-section-height-default\" data-id=\"b602e9f\" data-element_type=\"section\">\n\t\t\t\t\t\t<div class=\"elementor-container elementor-column-gap-default\">\n\t\t\t\t\t<div class=\"elementor-column elementor-col-100 elementor-top-column elementor-element elementor-element-b032311\" data-id=\"b032311\" data-element_type=\"column\">\n\t\t\t<div class=\"elementor-widget-wrap elementor-element-populated\">\n\t\t\t\t\t\t<div class=\"elementor-element elementor-element-f156dad elementor-widget elementor-widget-text-editor\" data-id=\"f156dad\" data-element_type=\"widget\" data-widget_type=\"text-editor.default\">\n\t\t\t\t<div class=\"elementor-widget-container\">\n\t\t\t\t\t\t\t\t\t<p>L\u2019Alliance Fran\u00e7aise de Su\u00e8de d&rsquo;\u00d6rebro participe cette ann\u00e9e \u00e0 la nouvelle \u00e9dition du D\u00e9fi Inter-Alliances !<\/p>\t\t\t\t\t\t\t\t<\/div>\n\t\t\t\t<\/div>\n\t\t\t\t\t<\/div>\n\t\t<\/div>\n\t\t\t\t\t<\/div>\n\t\t<\/section>\n\t\t\t\t<section class=\"elementor-section elementor-top-section elementor-element elementor-element-74c8349 elementor-section-boxed elementor-section-height-default elementor-section-height-default\" data-id=\"74c8349\" data-element_type=\"section\">\n\t\t\t\t\t\t<div class=\"elementor-container elementor-column-gap-default\">\n\t\t\t\t\t<div class=\"elementor-column elementor-col-100 elementor-top-column elementor-element elementor-element-9036646\" data-id=\"9036646\" data-element_type=\"column\">\n\t\t\t<div class=\"elementor-widget-wrap elementor-element-populated\">\n\t\t\t\t\t\t<div class=\"elementor-element elementor-element-093d93a elementor-widget elementor-widget-image\" data-id=\"093d93a\" data-element_type=\"widget\" data-widget_type=\"image.default\">\n\t\t\t\t<div class=\"elementor-widget-container\">\n\t\t\t\t\t\t\t\t\t\t\t\t\t\t\t<img fetchpriority=\"high\" decoding=\"async\" width=\"1536\" height=\"453\" src=\"https:\/\/alliancefr.se\/orebro\/wp-content\/uploads\/sites\/5\/2025\/05\/BANNIERE-Defi-2025-1536x453.png\" class=\"attachment-1536x1536 size-1536x1536 wp-image-16468\" alt=\"\" \/>\t\t\t\t\t\t\t\t\t\t\t\t\t\t\t<\/div>\n\t\t\t\t<\/div>\n\t\t\t\t<div class=\"elementor-element elementor-element-1e44ddd elementor-widget elementor-widget-heading\" data-id=\"1e44ddd\" data-element_type=\"widget\" data-widget_type=\"heading.default\">\n\t\t\t\t<div class=\"elementor-widget-container\">\n\t\t\t\t\t<h2 class=\"elementor-heading-title elementor-size-default\">Qu'est-ce que c'est ?<\/h2>\t\t\t\t<\/div>\n\t\t\t\t<\/div>\n\t\t\t\t<div class=\"elementor-element elementor-element-797ee86 elementor-widget elementor-widget-text-editor\" data-id=\"797ee86\" data-element_type=\"widget\" data-widget_type=\"text-editor.default\">\n\t\t\t\t<div class=\"elementor-widget-container\">\n\t\t\t\t\t\t\t\t\t<p>Le D\u00e9fi Inter-Alliances est un\u00a0<strong>concours ludique en fran\u00e7ais<\/strong>\u00a0qui propose aux membres des Alliances Fran\u00e7aises du monde entier de se d\u00e9fier autour de questions portant sur les cultures francophones\u00a0et la langue fran\u00e7aise.\u00a0<\/p><p>Si\u00a0<strong>vous avez plus de 18 ans<\/strong>\u00a0et que\u00a0<strong>vous n\u2019avez pas la nationalit\u00e9 fran\u00e7aise<\/strong>, vous pouvez\u00a0participer et tenter de <strong>gagner un voyage \u00e0 Nice<\/strong> en France afin de concourir contre les autre finalistes, en Juillet 2025 !<\/p><p>Retrouvez le <strong>r\u00e8glement <a href=\"https:\/\/docs.google.com\/document\/d\/1OWkFvTzf64w8_f2y-tzCqy9LqK1xrTwYcJa4J0noA58\/edit?usp=sharing\">ici<\/a><\/strong>.<\/p>\t\t\t\t\t\t\t\t<\/div>\n\t\t\t\t<\/div>\n\t\t\t\t\t<\/div>\n\t\t<\/div>\n\t\t\t\t\t<\/div>\n\t\t<\/section>\n\t\t\t\t<section class=\"elementor-section elementor-top-section elementor-element elementor-element-8b985db elementor-section-boxed elementor-section-height-default elementor-section-height-default\" data-id=\"8b985db\" data-element_type=\"section\">\n\t\t\t\t\t\t<div class=\"elementor-container elementor-column-gap-default\">\n\t\t\t\t\t<div class=\"elementor-column elementor-col-100 elementor-top-column elementor-element elementor-element-2d7537f\" data-id=\"2d7537f\" data-element_type=\"column\">\n\t\t\t<div class=\"elementor-widget-wrap elementor-element-populated\">\n\t\t\t\t\t\t<div class=\"elementor-element elementor-element-ace6f48 elementor-widget elementor-widget-heading\" data-id=\"ace6f48\" data-element_type=\"widget\" data-widget_type=\"heading.default\">\n\t\t\t\t<div class=\"elementor-widget-container\">\n\t\t\t\t\t<h2 class=\"elementor-heading-title elementor-size-default\">Rappel des \u00e9tapes<\/h2>\t\t\t\t<\/div>\n\t\t\t\t<\/div>\n\t\t\t\t\t<\/div>\n\t\t<\/div>\n\t\t\t\t\t<\/div>\n\t\t<\/section>\n\t\t\t\t<section class=\"elementor-section elementor-top-section elementor-element elementor-element-b31990f elementor-section-boxed elementor-section-height-default elementor-section-height-default\" data-id=\"b31990f\" data-element_type=\"section\">\n\t\t\t\t\t\t<div class=\"elementor-container elementor-column-gap-default\">\n\t\t\t\t\t<div class=\"elementor-column elementor-col-25 elementor-top-column elementor-element elementor-element-77aeefc\" data-id=\"77aeefc\" data-element_type=\"column\">\n\t\t\t<div class=\"elementor-widget-wrap elementor-element-populated\">\n\t\t\t\t\t\t<div class=\"elementor-element elementor-element-d9c3929 elementor-widget__width-initial elementor-widget elementor-widget-text-editor\" data-id=\"d9c3929\" data-element_type=\"widget\" data-widget_type=\"text-editor.default\">\n\t\t\t\t<div class=\"elementor-widget-container\">\n\t\t\t\t\t\t\t\t\t<p><span style=\"text-decoration: underline\"><b>\u00c9<\/b><strong>tape 1 : \u00e9tape locale\u00a0<\/strong><\/span><\/p><p>\ud83d\udcc6\u00a0 Jeudi 10 Avril \u00e0 18h30<\/p><p>\ud83d\udccdMeborgarskolan<\/p>\t\t\t\t\t\t\t\t<\/div>\n\t\t\t\t<\/div>\n\t\t\t\t\t<\/div>\n\t\t<\/div>\n\t\t\t\t<div class=\"elementor-column elementor-col-25 elementor-top-column elementor-element elementor-element-f6506e3\" data-id=\"f6506e3\" data-element_type=\"column\">\n\t\t\t<div class=\"elementor-widget-wrap elementor-element-populated\">\n\t\t\t\t\t\t<div class=\"elementor-element elementor-element-b677039 elementor-widget__width-initial elementor-widget elementor-widget-text-editor\" data-id=\"b677039\" data-element_type=\"widget\" data-widget_type=\"text-editor.default\">\n\t\t\t\t<div class=\"elementor-widget-container\">\n\t\t\t\t\t\t\t\t\t<p><span style=\"text-decoration: underline\"><b>\u00c9<\/b><strong>tape 2 : \u00e9tape nationale\u00a0<\/strong><\/span><\/p><p>\ud83d\udcc6\u00a0 20 mai \u00e0 19h<\/p><p>\ud83d\udccdEn Zoom<\/p>\t\t\t\t\t\t\t\t<\/div>\n\t\t\t\t<\/div>\n\t\t\t\t\t<\/div>\n\t\t<\/div>\n\t\t\t\t<div class=\"elementor-column elementor-col-25 elementor-top-column elementor-element elementor-element-4accce8\" data-id=\"4accce8\" data-element_type=\"column\">\n\t\t\t<div class=\"elementor-widget-wrap elementor-element-populated\">\n\t\t\t\t\t\t<div class=\"elementor-element elementor-element-d9a0ade elementor-widget elementor-widget-text-editor\" data-id=\"d9a0ade\" data-element_type=\"widget\" data-widget_type=\"text-editor.default\">\n\t\t\t\t<div class=\"elementor-widget-container\">\n\t\t\t\t\t\t\t\t\t<p><b><u>\u00c9<\/u><\/b><u><b>tape 3 : demi finale par zone g\u00e9ographique<\/b><\/u><\/p><p>\ud83d\udcc6\u00a0 Samedi 24 mai 2025<\/p><p>\ud83d\udccdEn Zoom<\/p>\t\t\t\t\t\t\t\t<\/div>\n\t\t\t\t<\/div>\n\t\t\t\t\t<\/div>\n\t\t<\/div>\n\t\t\t\t<div class=\"elementor-column elementor-col-25 elementor-top-column elementor-element elementor-element-4c73a69\" data-id=\"4c73a69\" data-element_type=\"column\">\n\t\t\t<div class=\"elementor-widget-wrap elementor-element-populated\">\n\t\t\t\t\t\t<div class=\"elementor-element elementor-element-6621ba5 elementor-widget__width-initial elementor-widget elementor-widget-text-editor\" data-id=\"6621ba5\" data-element_type=\"widget\" data-widget_type=\"text-editor.default\">\n\t\t\t\t<div class=\"elementor-widget-container\">\n\t\t\t\t\t\t\t\t\t<p><b><u>\u00c9<\/u><\/b><strong><span style=\"text-decoration: underline\">tape 4 : \u00e9tape finale<\/span><\/strong><\/p><p>\ud83d\udcc6\u00a0 Semaine du 21 Juillet 2025<\/p><p>\ud83d\udccdNice, France<\/p>\t\t\t\t\t\t\t\t<\/div>\n\t\t\t\t<\/div>\n\t\t\t\t\t<\/div>\n\t\t<\/div>\n\t\t\t\t\t<\/div>\n\t\t<\/section>\n\t\t\t\t<section class=\"elementor-section elementor-top-section elementor-element elementor-element-2a743d4 elementor-section-boxed elementor-section-height-default elementor-section-height-default\" data-id=\"2a743d4\" data-element_type=\"section\">\n\t\t\t\t\t\t<div class=\"elementor-container elementor-column-gap-default\">\n\t\t\t\t\t<div class=\"elementor-column elementor-col-100 elementor-top-column elementor-element elementor-element-939765b\" data-id=\"939765b\" data-element_type=\"column\">\n\t\t\t<div class=\"elementor-widget-wrap elementor-element-populated\">\n\t\t\t\t\t\t<div class=\"elementor-element elementor-element-7613c0c elementor-widget elementor-widget-heading\" data-id=\"7613c0c\" data-element_type=\"widget\" data-widget_type=\"heading.default\">\n\t\t\t\t<div class=\"elementor-widget-container\">\n\t\t\t\t\t<h2 class=\"elementor-heading-title elementor-size-default\">Inscriptions<\/h2>\t\t\t\t<\/div>\n\t\t\t\t<\/div>\n\t\t\t\t\t<\/div>\n\t\t<\/div>\n\t\t\t\t\t<\/div>\n\t\t<\/section>\n\t\t\t\t<section class=\"elementor-section elementor-top-section elementor-element elementor-element-16eff3c elementor-section-boxed elementor-section-height-default elementor-section-height-default\" data-id=\"16eff3c\" data-element_type=\"section\">\n\t\t\t\t\t\t<div class=\"elementor-container elementor-column-gap-default\">\n\t\t\t\t\t<div class=\"elementor-column elementor-col-100 elementor-top-column elementor-element elementor-element-8088ee3\" data-id=\"8088ee3\" data-element_type=\"column\">\n\t\t\t<div class=\"elementor-widget-wrap elementor-element-populated\">\n\t\t\t\t\t\t<div class=\"elementor-element elementor-element-5b38b58 elementor-widget elementor-widget-text-editor\" data-id=\"5b38b58\" data-element_type=\"widget\" data-widget_type=\"text-editor.default\">\n\t\t\t\t<div class=\"elementor-widget-container\">\n\t\t\t\t\t\t\t\t\t<p><strong>Les inscriptions sont en cours et se cl\u00f4tureront le 20 mars.<\/strong><\/p><p>Pour vous inscrire, merci de bien vouloir remplir le formulaire <a href=\"https:\/\/docs.google.com\/forms\/d\/e\/1FAIpQLSedqBNssoc5sJtMTHKGfcgI2lygsoSwmWgtG_ozpHuu6JAwOg\/viewform?usp=preview\">ici<\/a><\/p>\t\t\t\t\t\t\t\t<\/div>\n\t\t\t\t<\/div>\n\t\t\t\t\t<\/div>\n\t\t<\/div>\n\t\t\t\t\t<\/div>\n\t\t<\/section>\n\t\t\t\t<section class=\"elementor-section elementor-top-section elementor-element elementor-element-b40a472 elementor-section-boxed elementor-section-height-default elementor-section-height-default\" data-id=\"b40a472\" data-element_type=\"section\">\n\t\t\t\t\t\t<div class=\"elementor-container elementor-column-gap-default\">\n\t\t\t\t\t<div class=\"elementor-column elementor-col-100 elementor-top-column elementor-element elementor-element-d705fcf\" data-id=\"d705fcf\" data-element_type=\"column\">\n\t\t\t<div class=\"elementor-widget-wrap elementor-element-populated\">\n\t\t\t\t\t\t<div class=\"elementor-element elementor-element-a5dae39 elementor-widget elementor-widget-heading\" data-id=\"a5dae39\" data-element_type=\"widget\" data-widget_type=\"heading.default\">\n\t\t\t\t<div class=\"elementor-widget-container\">\n\t\t\t\t\t<h2 class=\"elementor-heading-title elementor-size-default\">\u00c9tape finale<\/h2>\t\t\t\t<\/div>\n\t\t\t\t<\/div>\n\t\t\t\t\t<\/div>\n\t\t<\/div>\n\t\t\t\t\t<\/div>\n\t\t<\/section>\n\t\t\t\t<section class=\"elementor-section elementor-top-section elementor-element elementor-element-ce682cd elementor-section-boxed elementor-section-height-default elementor-section-height-default\" data-id=\"ce682cd\" data-element_type=\"section\">\n\t\t\t\t\t\t<div class=\"elementor-container elementor-column-gap-default\">\n\t\t\t\t\t<div class=\"elementor-column elementor-col-100 elementor-top-column elementor-element elementor-element-aaa6aa5\" data-id=\"aaa6aa5\" data-element_type=\"column\">\n\t\t\t<div class=\"elementor-widget-wrap elementor-element-populated\">\n\t\t\t\t\t\t<div class=\"elementor-element elementor-element-4c6947e elementor-widget elementor-widget-text-editor\" data-id=\"4c6947e\" data-element_type=\"widget\" data-widget_type=\"text-editor.default\">\n\t\t\t\t<div class=\"elementor-widget-container\">\n\t\t\t\t\t\t\t\t\t<p>La finale du D\u00e9fi Inter-Alliances se d\u00e9roule<b> la semaine du 21 Juillet 2025 \u00e0 Nice, en France<\/b>.<\/p>\t\t\t\t\t\t\t\t<\/div>\n\t\t\t\t<\/div>\n\t\t\t\t\t<\/div>\n\t\t<\/div>\n\t\t\t\t\t<\/div>\n\t\t<\/section>\n\t\t\t\t<\/div>\n\t\t","protected":false},"excerpt":{"rendered":"<p>L\u2019Alliance Fran\u00e7aise de Su\u00e8de d&rsquo;\u00d6rebro participe cette ann\u00e9e \u00e0 la nouvelle \u00e9dition du D\u00e9fi Inter-Alliances ! Qu&rsquo;est-ce que c&rsquo;est ? Le D\u00e9fi Inter-Alliances est un\u00a0concours ludique en fran\u00e7ais\u00a0qui propose aux membres des Alliances Fran\u00e7aises du monde entier de se d\u00e9fier autour de questions portant sur les cultures francophones\u00a0et la langue fran\u00e7aise.\u00a0 Si\u00a0vous avez plus de 18 ans\u00a0et que\u00a0vous n\u2019avez pas la nationalit\u00e9 fran\u00e7aise, vous pouvez\u00a0participer et tenter de gagner un voyage \u00e0 Nice en France afin de concourir contre les autre finalistes, en Juillet 2025 ! Retrouvez le r\u00e8glement ici. Rappel des \u00e9tapes \u00c9tape 1 : \u00e9tape locale\u00a0 \ud83d\udcc6\u00a0 Jeudi 10 Avril \u00e0 18h30 \ud83d\udccdMeborgarskolan \u00c9tape 2 : \u00e9tape nationale\u00a0 \ud83d\udcc6\u00a0 20 mai \u00e0 19h \ud83d\udccdEn Zoom \u00c9tape 3 : demi finale par zone g\u00e9ographique \ud83d\udcc6\u00a0 Samedi 24 mai 2025 \ud83d\udccdEn Zoom \u00c9tape 4 : \u00e9tape finale \ud83d\udcc6\u00a0 Semaine du 21 Juillet 2025 \ud83d\udccdNice, France Inscriptions Les inscriptions sont en cours et se cl\u00f4tureront le 20 mars. Pour vous inscrire, merci de bien vouloir remplir le formulaire ici \u00c9tape finale La finale du D\u00e9fi Inter-Alliances se d\u00e9roule la semaine du 21 Juillet 2025 \u00e0 Nice, en France.<\/p>\n","protected":false},"author":1,"featured_media":0,"parent":0,"menu_order":0,"comment_status":"closed","ping_status":"closed","template":"","meta":{"om_disable_all_campaigns":false,"_monsterinsights_skip_tracking":false,"_monsterinsights_sitenote_active":false,"_monsterinsights_sitenote_note":"","_monsterinsights_sitenote_category":0,"_uf_show_specific_survey":0,"_uf_disable_surveys":false,"footnotes":""},"class_list":["post-11440","page","type-page","status-publish","hentry"],"aioseo_notices":[],"rttpg_featured_image_url":null,"rttpg_author":{"display_name":"Super.admin","author_link":"https:\/\/alliancefr.se\/orebro\/author\/admin2174\/"},"rttpg_comment":0,"rttpg_category":" <a href=\"https:\/\/alliancefr.se\/orebro\/\" rel=\"tag\">Fran\u00e7ais<\/a>","rttpg_excerpt":"L\u2019Alliance Fran\u00e7aise de Su\u00e8de d&rsquo;\u00d6rebro participe cette ann\u00e9e \u00e0 la nouvelle \u00e9dition du D\u00e9fi Inter-Alliances ! Qu&rsquo;est-ce que c&rsquo;est ? Le D\u00e9fi Inter-Alliances est un\u00a0concours ludique en fran\u00e7ais\u00a0qui propose aux membres des Alliances Fran\u00e7aises du monde entier de se d\u00e9fier autour de questions portant sur les cultures francophones\u00a0et la langue fran\u00e7aise.\u00a0 Si\u00a0vous avez plus de\u2026","_links":{"self":[{"href":"https:\/\/alliancefr.se\/orebro\/wp-json\/wp\/v2\/pages\/11440","targetHints":{"allow":["GET"]}}],"collection":[{"href":"https:\/\/alliancefr.se\/orebro\/wp-json\/wp\/v2\/pages"}],"about":[{"href":"https:\/\/alliancefr.se\/orebro\/wp-json\/wp\/v2\/types\/page"}],"author":[{"embeddable":true,"href":"https:\/\/alliancefr.se\/orebro\/wp-json\/wp\/v2\/users\/1"}],"replies":[{"embeddable":true,"href":"https:\/\/alliancefr.se\/orebro\/wp-json\/wp\/v2\/comments?post=11440"}],"version-history":[{"count":110,"href":"https:\/\/alliancefr.se\/orebro\/wp-json\/wp\/v2\/pages\/11440\/revisions"}],"predecessor-version":[{"id":16474,"href":"https:\/\/alliancefr.se\/orebro\/wp-json\/wp\/v2\/pages\/11440\/revisions\/16474"}],"wp:attachment":[{"href":"https:\/\/alliancefr.se\/orebro\/wp-json\/wp\/v2\/media?parent=11440"}],"curies":[{"name":"wp","href":"https:\/\/api.w.org\/{rel}","templated":true}]}}