{"id":1111,"date":"2015-05-25T16:45:11","date_gmt":"2015-05-25T14:45:11","guid":{"rendered":"http:\/\/alliancefr.se\/orebro4\/mode\/"},"modified":"2023-09-28T15:07:48","modified_gmt":"2023-09-28T13:07:48","slug":"mode","status":"publish","type":"page","link":"https:\/\/alliancefr.se\/orebro\/mode\/","title":{"rendered":"Ressources : Mode"},"content":{"rendered":"<p style=\"text-align: center\">La France, ce n&rsquo;est pas seulement un beau pays avec une gastronomie riche et vari\u00e9e, c&rsquo;est aussi une longue histoire de la mode et de l&rsquo;\u00e9l\u00e9gance. Si vous \u00eates int\u00e9ress\u00e9s par le design de mode fran\u00e7ais, quoi de mieux que d&rsquo;apprendre le fran\u00e7ais avec ces ressources sur la mode, s\u00e9lectionn\u00e9es pour vous !<\/p>\n<h3 style=\"text-align: center\">\u00a0Une histoire de la mode<\/h3>\n<div style=\"height: 12px\"><\/div>\n<p style=\"text-align: center\"><a href=\"http:\/\/www.lemonde.fr\/mode\/visuel\/2014\/02\/07\/une-histoire-des-defiles-de-mode_4362302_1383317.html\">http:\/\/www.lemonde.fr\/mode\/visuel\/2014\/02\/07\/une-histoire-des-defiles-de-mode_4362302_1383317.html<\/a><\/p>\n<p style=\"text-align: center\">Une histoire des d\u00e9fil\u00e9s de mode en diaporama, \u00e9labor\u00e9e par la r\u00e9daction du Monde. Instructif et accessible<\/p>\n<h3 style=\"text-align: center\">Sur Mesures<\/h3>\n<div style=\"height: 40px\"><\/div>\n<p style=\"text-align: center\"><a href=\"http:\/\/www.tv5monde.com\/cms\/chaine-francophone\/publications\/Sur-mesures\/p-11669-Sur-mesures.htm\">http:\/\/www.tv5monde.com\/cms\/chaine-francophone\/publications\/Sur-mesures\/p-11669-Sur-mesures.htm<\/a><\/p>\n<p style=\"text-align: center\">Sur Mesures est une \u00e9mission de 40 \u00e9pisodes d&rsquo;environ 13 minutes qui pr\u00e9sentent les m\u00e9tiers de l&rsquo;artisanat d&rsquo;art en France. Id\u00e9al pour les passionn\u00e9s de haute couture fran\u00e7aise.<\/p>\n<h3 style=\"text-align: center\">DiorMag<\/h3>\n<div style=\"height: 40px\"><\/div>\n<p style=\"text-align: center\"><a href=\"http:\/\/www.dior.com\/diormag\/fr_fr\/\">http:\/\/www.dior.com\/diormag\/fr_fr\/<\/a><\/p>\n<p style=\"text-align: center\">La c\u00e9l\u00e8bre maison de haute couture fran\u00e7aise propose de courts articles et beaucoup de reportages photos sur ses cr\u00e9ations et ses actualit\u00e9s. Id\u00e9al pour les d\u00e9butant(e)s fans de mode.<\/p>\n<h3 style=\"text-align: center\">Jean-Paul Gaultier travaille<\/h3>\n<p style=\"text-align: center\"><a href=\"http:\/\/creative.arte.tv\/fr\/magazine\/jean-paul-gaultier-travaille\">http:\/\/creative.arte.tv\/fr\/magazine\/jean-paul-gaultier-travaille<\/a><\/p>\n<p style=\"text-align: center\">Un tr\u00e8s bon documentaire au cours duquel Jean Paul Gauthier revient sur les collections qui ont marqu\u00e9 sa carri\u00e8re en les refaisant sur mannequin.<\/p>\n<h3 style=\"text-align: center\">Cristina Cordula pour Femme Actuelle<\/h3>\n<p style=\"text-align: center\"><a href=\"https:\/\/www.youtube.com\/playlist?list=PLDC0976149E995F9E\">https:\/\/www.youtube.com\/playlist?list=PLDC0976149E995F9E<\/a><\/p>\n<p style=\"text-align: center\">La grande pr\u00eatresse de la mode en France est&#8230; br\u00e9silienne ! D\u00e9couvrez son accent ensoleill\u00e9 dans ces petites vid\u00e9os simples et id\u00e9ales pour les d\u00e9butants en fran\u00e7ais.<\/p>\n<h3 style=\"text-align: center\">La cit\u00e9 de la dentelle de Calais<\/h3>\n<p style=\"text-align: center\"><a href=\"http:\/\/www.cite-dentelle.fr\/IMG\/pdf\/dp_syndicalisme_et_socialisme-2.pdf\">http:\/\/www.cite-dentelle.fr\/IMG\/pdf\/dp_syndicalisme_et_socialisme-2.pdf<\/a><\/p>\n<p style=\"text-align: center\">L&rsquo;histoire du Nord de la France est \u00e9troitement li\u00e9e \u00e0 l&rsquo;histoire du textile. A Calais, la cit\u00e9 de la dentelle fait vivre l&rsquo;histoire de cette industrie et de ses ouvriers. Ce dossier p\u00e9dagogique en est un exemple<\/p>\n","protected":false},"excerpt":{"rendered":"<p>La France, ce n&rsquo;est pas seulement un beau pays avec une gastronomie riche et vari\u00e9e, c&rsquo;est aussi une longue histoire de la mode et de l&rsquo;\u00e9l\u00e9gance. Si vous \u00eates int\u00e9ress\u00e9s par le design de mode fran\u00e7ais, quoi de mieux que d&rsquo;apprendre le fran\u00e7ais avec ces ressources sur la mode, s\u00e9lectionn\u00e9es pour vous ! \u00a0Une histoire de la mode http:\/\/www.lemonde.fr\/mode\/visuel\/2014\/02\/07\/une-histoire-des-defiles-de-mode_4362302_1383317.html Une histoire des d\u00e9fil\u00e9s de mode en diaporama, \u00e9labor\u00e9e par la r\u00e9daction du Monde. Instructif et accessible Sur Mesures http:\/\/www.tv5monde.com\/cms\/chaine-francophone\/publications\/Sur-mesures\/p-11669-Sur-mesures.htm Sur Mesures est une \u00e9mission de 40 \u00e9pisodes d&rsquo;environ 13 minutes qui pr\u00e9sentent les m\u00e9tiers de l&rsquo;artisanat d&rsquo;art en France. Id\u00e9al pour les passionn\u00e9s de haute couture fran\u00e7aise. DiorMag http:\/\/www.dior.com\/diormag\/fr_fr\/ La c\u00e9l\u00e8bre maison de haute couture fran\u00e7aise propose de courts articles et beaucoup de reportages photos sur ses cr\u00e9ations et ses actualit\u00e9s. Id\u00e9al pour les d\u00e9butant(e)s fans de mode. Jean-Paul Gaultier travaille http:\/\/creative.arte.tv\/fr\/magazine\/jean-paul-gaultier-travaille Un tr\u00e8s bon documentaire au cours duquel Jean Paul Gauthier revient sur les collections qui ont marqu\u00e9 sa carri\u00e8re en les refaisant sur mannequin. Cristina Cordula pour Femme Actuelle https:\/\/www.youtube.com\/playlist?list=PLDC0976149E995F9E La grande pr\u00eatresse de la mode en France est&#8230; br\u00e9silienne ! D\u00e9couvrez son accent ensoleill\u00e9 dans ces petites vid\u00e9os simples et id\u00e9ales pour les d\u00e9butants en fran\u00e7ais. La cit\u00e9 de la dentelle de Calais http:\/\/www.cite-dentelle.fr\/IMG\/pdf\/dp_syndicalisme_et_socialisme-2.pdf L&rsquo;histoire du Nord de la France est \u00e9troitement li\u00e9e \u00e0 l&rsquo;histoire du textile. A Calais, la cit\u00e9 de la dentelle fait vivre l&rsquo;histoire de cette industrie et de ses ouvriers. Ce dossier p\u00e9dagogique en est un exemple<\/p>\n","protected":false},"author":1,"featured_media":0,"parent":0,"menu_order":0,"comment_status":"closed","ping_status":"closed","template":"","meta":{"om_disable_all_campaigns":false,"_monsterinsights_skip_tracking":false,"_monsterinsights_sitenote_active":false,"_monsterinsights_sitenote_note":"","_monsterinsights_sitenote_category":0,"_uf_show_specific_survey":0,"_uf_disable_surveys":false,"footnotes":""},"class_list":["post-1111","page","type-page","status-publish","hentry"],"aioseo_notices":[],"rttpg_featured_image_url":null,"rttpg_author":{"display_name":"Super.admin","author_link":"https:\/\/alliancefr.se\/orebro\/author\/admin2174\/"},"rttpg_comment":0,"rttpg_category":" <a href=\"https:\/\/alliancefr.se\/orebro\/\" rel=\"tag\">Fran\u00e7ais<\/a>","rttpg_excerpt":"La France, ce n&rsquo;est pas seulement un beau pays avec une gastronomie riche et vari\u00e9e, c&rsquo;est aussi une longue histoire de la mode et de l&rsquo;\u00e9l\u00e9gance. Si vous \u00eates int\u00e9ress\u00e9s par le design de mode fran\u00e7ais, quoi de mieux que d&rsquo;apprendre le fran\u00e7ais avec ces ressources sur la mode, s\u00e9lectionn\u00e9es pour vous ! \u00a0Une histoire\u2026","_links":{"self":[{"href":"https:\/\/alliancefr.se\/orebro\/wp-json\/wp\/v2\/pages\/1111","targetHints":{"allow":["GET"]}}],"collection":[{"href":"https:\/\/alliancefr.se\/orebro\/wp-json\/wp\/v2\/pages"}],"about":[{"href":"https:\/\/alliancefr.se\/orebro\/wp-json\/wp\/v2\/types\/page"}],"author":[{"embeddable":true,"href":"https:\/\/alliancefr.se\/orebro\/wp-json\/wp\/v2\/users\/1"}],"replies":[{"embeddable":true,"href":"https:\/\/alliancefr.se\/orebro\/wp-json\/wp\/v2\/comments?post=1111"}],"version-history":[{"count":1,"href":"https:\/\/alliancefr.se\/orebro\/wp-json\/wp\/v2\/pages\/1111\/revisions"}],"predecessor-version":[{"id":9353,"href":"https:\/\/alliancefr.se\/orebro\/wp-json\/wp\/v2\/pages\/1111\/revisions\/9353"}],"wp:attachment":[{"href":"https:\/\/alliancefr.se\/orebro\/wp-json\/wp\/v2\/media?parent=1111"}],"curies":[{"name":"wp","href":"https:\/\/api.w.org\/{rel}","templated":true}]}}