{"id":1027,"date":"2015-05-14T14:54:55","date_gmt":"2015-05-14T12:54:55","guid":{"rendered":"http:\/\/alliancefr.se\/orebro4\/musiques\/"},"modified":"2024-11-01T14:16:12","modified_gmt":"2024-11-01T13:16:12","slug":"musiques","status":"publish","type":"page","link":"https:\/\/alliancefr.se\/orebro\/musiques\/","title":{"rendered":"Ressources : Musiques"},"content":{"rendered":"<p style=\"text-align: center;\">\u00a0Si vous \u00eates m\u00e9lomane, quoi de mieux que d&rsquo;apprendre le fran\u00e7ais en musique ?<br \/>\nNous avons s\u00e9lectionn\u00e9 pour vous plusieurs sites sur lesquels vous pourrez vous renseigner sur les musiques anciennes et actuelles, fran\u00e7aises et mondiales, en travaillant votre fran\u00e7ais !<\/p>\n<h3 style=\"text-align: center;\">Les inrocks<\/h3>\n<p style=\"text-align: center;\"><a href=\"http:\/\/www.lesinrocks.com\/musique\/\">http:\/\/www.lesinrocks.com\/musique\/<\/a><\/p>\n<p style=\"text-align: center;\">Les inrocks sont l&rsquo;hebdomadaire de r\u00e9f\u00e9rence en mati\u00e8re d&rsquo;actualit\u00e9 culturelle en France. Ici vous trouverez des dossiers, des critiques d&rsquo;albums, pour une selection tr\u00e8s pointue.<\/p>\n<h3 style=\"text-align: center;\">Continent Musiques<\/h3>\n<p style=\"text-align: center;\"><a href=\"http:\/\/www.franceculture.fr\/podcast\/4898622\" target=\"_blank\" rel=\"noopener\">http:\/\/www.franceculture.fr\/podcast\/4898622<\/a><\/p>\n<p style=\"text-align: center;\">Continent Musiques est une \u00e9mission de radio sur la musique diffus\u00e9e sur France Culture. Un bon niveau de fran\u00e7ais est n\u00e9cessaire pour suivre les discussions, pour la musique, laissez vous porter&#8230;<\/p>\n<h3 style=\"text-align: center;\">MFM Radio<\/h3>\n<p style=\"text-align: center;\"><a href=\"http:\/\/mfmradio.fr\/\" target=\"_blank\" rel=\"noopener\">http:\/\/mfmradio.fr\/<\/a><\/p>\n<p style=\"text-align: center;\">Le site de cette radio propose des web radios th\u00e9matiques sp\u00e9cialis\u00e9es dans la chanson francophone de toutes les \u00e9poques.<br \/>\nUne rubrique est m\u00eame d\u00e9di\u00e9e \u00e0 la francophonie.<\/p>\n<h3 style=\"text-align: center;\">Acoustic<\/h3>\n<p style=\"text-align: center;\"><a href=\"http:\/\/www.tv5monde.com\/cms\/chaine-francophone\/Revoir-nos-emissions\/Acoustic\/p-10366-Accueil.htm\">http:\/\/www.tv5monde.com\/cms\/chaine-francophone\/Revoir-nos-emissions\/Acoustic\/p-10366-Accueil.htm<\/a><\/p>\n<p style=\"text-align: center;\">Sur TV5 Monde, Acoustic est l&rsquo;\u00e9misson de la diversit\u00e9. Un programme pour les d\u00e9butants comme les passionn\u00e9s<\/p>\n<h3 style=\"text-align: center;\">Les ind\u00e9pendances africaines en musique<\/h3>\n<p style=\"text-align: center;\"><a href=\"http:\/\/www.rfimusique.com\/dossier-actu-musique\/20110503-musique-independance-africaine\">http:\/\/www.rfimusique.com\/dossier-actu-musique\/20110503-musique-independance-africaine<\/a><\/p>\n<p style=\"text-align: center;\">Un dossier de la Radio France Internationale, qui permet d&rsquo;appr\u00e9hender le cinquantenaire des ind\u00e9pendances africaines, et des cultures francophones par le biais de la musique.<\/p>\n<h3 style=\"text-align: center;\">Poste d&rsquo;\u00e9coute<\/h3>\n<p style=\"text-align: center;\"><a href=\"http:\/\/www.postedecoute.ca\/\">http:\/\/www.postedecoute.ca\/<\/a><\/p>\n<p style=\"text-align: center;\">Poste d&rsquo;\u00e9coute est un site canadien qui permet d&rsquo;\u00e9couter gratuitement un grand nombre d&rsquo;albums qu\u00e9b\u00e9cois. Une fa\u00e7on de d\u00e9couvrir la production musicale extr\u00eamement riche de ce grand territoire francophone.<\/p>\n","protected":false},"excerpt":{"rendered":"<p>\u00a0Si vous \u00eates m\u00e9lomane, quoi de mieux que d&rsquo;apprendre le fran\u00e7ais en musique ? Nous avons s\u00e9lectionn\u00e9 pour vous plusieurs sites sur lesquels vous pourrez vous renseigner sur les musiques anciennes et actuelles, fran\u00e7aises et mondiales, en travaillant votre fran\u00e7ais ! Les inrocks http:\/\/www.lesinrocks.com\/musique\/ Les inrocks sont l&rsquo;hebdomadaire de r\u00e9f\u00e9rence en mati\u00e8re d&rsquo;actualit\u00e9 culturelle en France. Ici vous trouverez des dossiers, des critiques d&rsquo;albums, pour une selection tr\u00e8s pointue. Continent Musiques http:\/\/www.franceculture.fr\/podcast\/4898622 Continent Musiques est une \u00e9mission de radio sur la musique diffus\u00e9e sur France Culture. Un bon niveau de fran\u00e7ais est n\u00e9cessaire pour suivre les discussions, pour la musique, laissez vous porter&#8230; MFM Radio http:\/\/mfmradio.fr\/ Le site de cette radio propose des web radios th\u00e9matiques sp\u00e9cialis\u00e9es dans la chanson francophone de toutes les \u00e9poques. Une rubrique est m\u00eame d\u00e9di\u00e9e \u00e0 la francophonie. Acoustic http:\/\/www.tv5monde.com\/cms\/chaine-francophone\/Revoir-nos-emissions\/Acoustic\/p-10366-Accueil.htm Sur TV5 Monde, Acoustic est l&rsquo;\u00e9misson de la diversit\u00e9. Un programme pour les d\u00e9butants comme les passionn\u00e9s Les ind\u00e9pendances africaines en musique http:\/\/www.rfimusique.com\/dossier-actu-musique\/20110503-musique-independance-africaine Un dossier de la Radio France Internationale, qui permet d&rsquo;appr\u00e9hender le cinquantenaire des ind\u00e9pendances africaines, et des cultures francophones par le biais de la musique. Poste d&rsquo;\u00e9coute http:\/\/www.postedecoute.ca\/ Poste d&rsquo;\u00e9coute est un site canadien qui permet d&rsquo;\u00e9couter gratuitement un grand nombre d&rsquo;albums qu\u00e9b\u00e9cois. Une fa\u00e7on de d\u00e9couvrir la production musicale extr\u00eamement riche de ce grand territoire francophone.<\/p>\n","protected":false},"author":1,"featured_media":0,"parent":0,"menu_order":0,"comment_status":"closed","ping_status":"closed","template":"","meta":{"om_disable_all_campaigns":false,"_monsterinsights_skip_tracking":false,"_monsterinsights_sitenote_active":false,"_monsterinsights_sitenote_note":"","_monsterinsights_sitenote_category":0,"_uf_show_specific_survey":0,"_uf_disable_surveys":false,"footnotes":""},"class_list":["post-1027","page","type-page","status-publish","hentry"],"aioseo_notices":[],"rttpg_featured_image_url":null,"rttpg_author":{"display_name":"Super.admin","author_link":"https:\/\/alliancefr.se\/orebro\/author\/admin2174\/"},"rttpg_comment":0,"rttpg_category":" <a href=\"https:\/\/alliancefr.se\/orebro\/\" rel=\"tag\">Fran\u00e7ais<\/a>","rttpg_excerpt":"\u00a0Si vous \u00eates m\u00e9lomane, quoi de mieux que d&rsquo;apprendre le fran\u00e7ais en musique ? Nous avons s\u00e9lectionn\u00e9 pour vous plusieurs sites sur lesquels vous pourrez vous renseigner sur les musiques anciennes et actuelles, fran\u00e7aises et mondiales, en travaillant votre fran\u00e7ais ! Les inrocks http:\/\/www.lesinrocks.com\/musique\/ Les inrocks sont l&rsquo;hebdomadaire de r\u00e9f\u00e9rence en mati\u00e8re d&rsquo;actualit\u00e9 culturelle en\u2026","_links":{"self":[{"href":"https:\/\/alliancefr.se\/orebro\/wp-json\/wp\/v2\/pages\/1027","targetHints":{"allow":["GET"]}}],"collection":[{"href":"https:\/\/alliancefr.se\/orebro\/wp-json\/wp\/v2\/pages"}],"about":[{"href":"https:\/\/alliancefr.se\/orebro\/wp-json\/wp\/v2\/types\/page"}],"author":[{"embeddable":true,"href":"https:\/\/alliancefr.se\/orebro\/wp-json\/wp\/v2\/users\/1"}],"replies":[{"embeddable":true,"href":"https:\/\/alliancefr.se\/orebro\/wp-json\/wp\/v2\/comments?post=1027"}],"version-history":[{"count":2,"href":"https:\/\/alliancefr.se\/orebro\/wp-json\/wp\/v2\/pages\/1027\/revisions"}],"predecessor-version":[{"id":13061,"href":"https:\/\/alliancefr.se\/orebro\/wp-json\/wp\/v2\/pages\/1027\/revisions\/13061"}],"wp:attachment":[{"href":"https:\/\/alliancefr.se\/orebro\/wp-json\/wp\/v2\/media?parent=1027"}],"curies":[{"name":"wp","href":"https:\/\/api.w.org\/{rel}","templated":true}]}}