{"id":10,"date":"2023-11-02T16:18:05","date_gmt":"2023-11-02T15:18:05","guid":{"rendered":"https:\/\/alliancefr.se\/nykoping\/qui-sommes-nous\/"},"modified":"2024-10-02T17:40:55","modified_gmt":"2024-10-02T15:40:55","slug":"qui-sommes-nous","status":"publish","type":"page","link":"https:\/\/alliancefr.se\/nykoping\/qui-sommes-nous\/","title":{"rendered":"Qui sommes-nous\u00a0?"},"content":{"rendered":"\t\t<div data-elementor-type=\"wp-page\" data-elementor-id=\"10\" class=\"elementor elementor-10\">\n\t\t\t\t\t\t<section class=\"elementor-section elementor-top-section elementor-element elementor-element-7cc49ff2 elementor-section-boxed elementor-section-height-default elementor-section-height-default\" data-id=\"7cc49ff2\" data-element_type=\"section\">\n\t\t\t\t\t\t<div class=\"elementor-container elementor-column-gap-default\">\n\t\t\t\t\t<div class=\"elementor-column elementor-col-100 elementor-top-column elementor-element elementor-element-172ea598\" data-id=\"172ea598\" data-element_type=\"column\">\n\t\t\t<div class=\"elementor-widget-wrap elementor-element-populated\">\n\t\t\t\t\t\t<div class=\"elementor-element elementor-element-4c5505a8 elementor-widget elementor-widget-text-editor\" data-id=\"4c5505a8\" data-element_type=\"widget\" data-widget_type=\"text-editor.default\">\n\t\t\t\t<div class=\"elementor-widget-container\">\n\t\t\t\t\t\t\t\t\t<p>L&rsquo;Alliance fran\u00e7aise de Nyk\u00f6ping a \u00e9t\u00e9 fond\u00e9e en 1982 par Jan Verneholt et Wojcieck Sas-Korczynski.<\/p><p>L&rsquo;association compte environ 35 membres.<\/p><p><strong>Nous nous r\u00e9unissons trois fois par semestre, le plus souvent dans les locaux de Kunskapsskolans, parfois au Studiefr\u00e4mjandet.<\/strong> Pour des \u00e9v\u00e8nements plus importants, nous sommes all\u00e9s au Culturum ou \u00e0 NK -villan.<\/p><p>Nos conf\u00e9rences sont g\u00e9n\u00e9ralement en fran\u00e7ais mais parfois en su\u00e9dois, mais toujours avec une connexion fran\u00e7aise, sur le th\u00e8me de la g\u00e9ographie, de l\u2019histoire, de l\u2019art, de la litt\u00e9rature, de la gastronomie ou du vin. Apr\u00e8s chaque conf\u00e9rence, un petit repas pr\u00e9par\u00e9 par les membres du conseil d&rsquo;administration est servi.<\/p><p>L&rsquo;Alliance fran\u00e7aise de Nyk\u00f6ping collabore avec les <strong>Alliances de Link\u00f6ping et de Norrk\u00f6ping pour une excursion<\/strong> que nous entreprenons ensemble au mois de mai de chaque printemps. Il y a g\u00e9n\u00e9ralement la visite d&rsquo;une \u00e9glise, d&rsquo;un ch\u00e2teau ou d&rsquo;un autre b\u00e2timent ou environnement int\u00e9ressant. Un bon repas est inclus.<\/p><p><a href=\"https:\/\/alliancefr.se\/nykoping\/contact\/\">N\u2019h\u00e9sitez pas \u00e0 nous contacter<\/a> si la langue fran\u00e7aise et la culture de la Francophonie vous int\u00e9ressent ! Et <a href=\"https:\/\/alliancefr.se\/nykoping\/devenir-membre\/\">cliquez-ici pour devenir membre<\/a> de l&rsquo;Alliance.<\/p><p><strong>Le comit\u00e9 est compos\u00e9 de\u00a0:<\/strong><br \/>Anne Silfverski\u00f6ld, pr\u00e9sidente <a href=\"mailto:anne.silfverskiold@regionsormland.se\">anne.silfverskiold@regionsormland.se\u00a0<\/a><\/p><p>Agneta S\u00f6derberg, vice-pr\u00e9sidente <a href=\"about:blank\">agneta.soderberg1@yahoo.se<\/a><\/p><p>Ulla Nordtr\u00f6m, secr\u00e9taire <a href=\"about:blank\">ullasofia@hotmail.com<\/a><\/p>\t\t\t\t\t\t\t\t<\/div>\n\t\t\t\t<\/div>\n\t\t\t\t\t<\/div>\n\t\t<\/div>\n\t\t\t\t\t<\/div>\n\t\t<\/section>\n\t\t\t\t<\/div>\n\t\t","protected":false},"excerpt":{"rendered":"<p>L&rsquo;Alliance fran\u00e7aise de Nyk\u00f6ping a \u00e9t\u00e9 fond\u00e9e en 1982 par Jan Verneholt et Wojcieck Sas-Korczynski. L&rsquo;association compte environ 35 membres. Nous nous r\u00e9unissons trois fois par semestre, le plus souvent dans les locaux de Kunskapsskolans, parfois au Studiefr\u00e4mjandet. Pour des \u00e9v\u00e8nements plus importants, nous sommes all\u00e9s au Culturum ou \u00e0 NK -villan. Nos conf\u00e9rences sont g\u00e9n\u00e9ralement en fran\u00e7ais mais parfois en su\u00e9dois, mais toujours avec une connexion fran\u00e7aise, sur le th\u00e8me de la g\u00e9ographie, de l\u2019histoire, de l\u2019art, de la litt\u00e9rature, de la gastronomie ou du vin. Apr\u00e8s chaque conf\u00e9rence, un petit repas pr\u00e9par\u00e9 par les membres du conseil d&rsquo;administration est servi. L&rsquo;Alliance fran\u00e7aise de Nyk\u00f6ping collabore avec les Alliances de Link\u00f6ping et de Norrk\u00f6ping pour une excursion que nous entreprenons ensemble au mois de mai de chaque printemps. Il y a g\u00e9n\u00e9ralement la visite d&rsquo;une \u00e9glise, d&rsquo;un ch\u00e2teau ou d&rsquo;un autre b\u00e2timent ou environnement int\u00e9ressant. Un bon repas est inclus. N\u2019h\u00e9sitez pas \u00e0 nous contacter si la langue fran\u00e7aise et la culture de la Francophonie vous int\u00e9ressent ! Et cliquez-ici pour devenir membre de l&rsquo;Alliance. Le comit\u00e9 est compos\u00e9 de\u00a0:Anne Silfverski\u00f6ld, pr\u00e9sidente anne.silfverskiold@regionsormland.se\u00a0 Agneta S\u00f6derberg, vice-pr\u00e9sidente agneta.soderberg1@yahoo.se Ulla Nordtr\u00f6m, secr\u00e9taire ullasofia@hotmail.com<\/p>\n","protected":false},"author":1,"featured_media":0,"parent":0,"menu_order":0,"comment_status":"closed","ping_status":"closed","template":"","meta":{"om_disable_all_campaigns":false,"_monsterinsights_skip_tracking":false,"_monsterinsights_sitenote_active":false,"_monsterinsights_sitenote_note":"","_monsterinsights_sitenote_category":0,"_uf_show_specific_survey":0,"_uf_disable_surveys":false,"footnotes":""},"class_list":["post-10","page","type-page","status-publish","hentry"],"aioseo_notices":[],"rttpg_featured_image_url":null,"rttpg_author":{"display_name":"Super.admin","author_link":"https:\/\/alliancefr.se\/nykoping\/author\/admin2174\/"},"rttpg_comment":0,"rttpg_category":" <a href=\"https:\/\/alliancefr.se\/nykoping\/\" rel=\"tag\">Fran\u00e7ais<\/a>","rttpg_excerpt":"L&rsquo;Alliance fran\u00e7aise de Nyk\u00f6ping a \u00e9t\u00e9 fond\u00e9e en 1982 par Jan Verneholt et Wojcieck Sas-Korczynski. L&rsquo;association compte environ 35 membres. Nous nous r\u00e9unissons trois fois par semestre, le plus souvent dans les locaux de Kunskapsskolans, parfois au Studiefr\u00e4mjandet. Pour des \u00e9v\u00e8nements plus importants, nous sommes all\u00e9s au Culturum ou \u00e0 NK -villan. Nos conf\u00e9rences sont\u2026","_links":{"self":[{"href":"https:\/\/alliancefr.se\/nykoping\/wp-json\/wp\/v2\/pages\/10","targetHints":{"allow":["GET"]}}],"collection":[{"href":"https:\/\/alliancefr.se\/nykoping\/wp-json\/wp\/v2\/pages"}],"about":[{"href":"https:\/\/alliancefr.se\/nykoping\/wp-json\/wp\/v2\/types\/page"}],"author":[{"embeddable":true,"href":"https:\/\/alliancefr.se\/nykoping\/wp-json\/wp\/v2\/users\/1"}],"replies":[{"embeddable":true,"href":"https:\/\/alliancefr.se\/nykoping\/wp-json\/wp\/v2\/comments?post=10"}],"version-history":[{"count":15,"href":"https:\/\/alliancefr.se\/nykoping\/wp-json\/wp\/v2\/pages\/10\/revisions"}],"predecessor-version":[{"id":241,"href":"https:\/\/alliancefr.se\/nykoping\/wp-json\/wp\/v2\/pages\/10\/revisions\/241"}],"wp:attachment":[{"href":"https:\/\/alliancefr.se\/nykoping\/wp-json\/wp\/v2\/media?parent=10"}],"curies":[{"name":"wp","href":"https:\/\/api.w.org\/{rel}","templated":true}]}}