{"id":59,"date":"2019-06-12T16:16:52","date_gmt":"2019-06-12T14:16:52","guid":{"rendered":"https:\/\/alliancefr.se\/norrkoping\/cours-de-francais\/"},"modified":"2024-05-20T15:48:49","modified_gmt":"2024-05-20T13:48:49","slug":"cours-de-francais","status":"publish","type":"page","link":"https:\/\/alliancefr.se\/norrkoping\/cours-de-francais\/","title":{"rendered":"Cours de fran\u00e7ais"},"content":{"rendered":"\t\t<div data-elementor-type=\"wp-post\" data-elementor-id=\"59\" class=\"elementor elementor-59\">\n\t\t\t\t<div class=\"elementor-element elementor-element-687a61bd e-flex e-con-boxed e-con e-parent\" data-id=\"687a61bd\" data-element_type=\"container\">\n\t\t\t\t\t<div class=\"e-con-inner\">\n\t\t\t\t<div class=\"elementor-element elementor-element-39723e67 elementor-widget elementor-widget-text-editor\" data-id=\"39723e67\" data-element_type=\"widget\" data-widget_type=\"text-editor.default\">\n\t\t\t\t<div class=\"elementor-widget-container\">\n\t\t\t\t\t\t\t\t\t<p>L&rsquo;Alliance Fran\u00e7aise de Norrk\u00f6ping n&rsquo;organise pas de cours. Nous organisons des conf\u00e9rences en collaboration avec deux f\u00e9d\u00e9rations d&rsquo;\u00e9ducation suivantes :<\/p><ul><li><strong>Medborgarskolan<\/strong><\/li><li><strong>Folkuniversitetet<\/strong><\/li><\/ul><p>Ces f\u00e9d\u00e9rations d&rsquo;\u00e9ducation donnent des cours de fran\u00e7ais et nous vous recommandons de vous y adresser.<\/p><p><a href=\"https:\/\/h24-original.s3.amazonaws.com\/69011\/17026858-rscFX.png\"><img decoding=\"async\" id=\"block_img_88425394\" src=\"https:\/\/dst15js82dk7j.cloudfront.net\/69011\/47307225-0FLrI.png\" alt=\"\" width=\"394\" height=\"51\" \/><\/a><\/p><p style=\"text-align: right;\">Medborgarskolan Region Ost<br \/>Tunnbindaregatan 8<br \/>602 21 Norrk\u00f6ping<br \/><a href=\"http:\/\/www.medborgarskolan.se\">www.medborgarskolan.se<\/a><br \/>T\u00e9l\u00e9phone service client: 075 241 68 30<\/p><p><a href=\"https:\/\/dst15js82dk7j.cloudfront.net\/69011\/47307226-pGJLB.png\"><img decoding=\"async\" id=\"block_img_88425396\" src=\"https:\/\/dst15js82dk7j.cloudfront.net\/69011\/47307226-pGJLB.png\" alt=\"\" width=\"368\" height=\"81\" \/><\/a><\/p><p>Folkuniversitet Norrk\u00f6ping<br \/>Kvarngatan 34<br \/>60240 Norrk\u00f6ping<br \/><a href=\"https:\/\/www.folkuniversitetet.se\/\">www.folkuniversitet.se<\/a><br \/>T\u00e9l\u00e9phone service client: 011 474 12 00<\/p>\t\t\t\t\t\t\t\t<\/div>\n\t\t\t\t<\/div>\n\t\t\t\t\t<\/div>\n\t\t\t\t<\/div>\n\t\t\t\t<\/div>\n\t\t","protected":false},"excerpt":{"rendered":"<p>L&rsquo;Alliance Fran\u00e7aise de Norrk\u00f6ping n&rsquo;organise pas de cours. Nous organisons des conf\u00e9rences en collaboration avec deux f\u00e9d\u00e9rations d&rsquo;\u00e9ducation suivantes : Medborgarskolan Folkuniversitetet Ces f\u00e9d\u00e9rations d&rsquo;\u00e9ducation donnent des cours de fran\u00e7ais et nous vous recommandons de vous y adresser. Medborgarskolan Region OstTunnbindaregatan 8602 21 Norrk\u00f6pingwww.medborgarskolan.seT\u00e9l\u00e9phone service client: 075 241 68 30 Folkuniversitet Norrk\u00f6pingKvarngatan 3460240 Norrk\u00f6pingwww.folkuniversitet.seT\u00e9l\u00e9phone service client: 011 474 12 00<\/p>\n","protected":false},"author":1,"featured_media":0,"parent":0,"menu_order":0,"comment_status":"closed","ping_status":"closed","template":"","meta":{"om_disable_all_campaigns":false,"_monsterinsights_skip_tracking":false,"_monsterinsights_sitenote_active":false,"_monsterinsights_sitenote_note":"","_monsterinsights_sitenote_category":0,"_uf_show_specific_survey":0,"_uf_disable_surveys":false,"footnotes":""},"class_list":["post-59","page","type-page","status-publish","hentry"],"aioseo_notices":[],"rttpg_featured_image_url":null,"rttpg_author":{"display_name":"Super.admin","author_link":"https:\/\/alliancefr.se\/norrkoping\/author\/admin2174\/"},"rttpg_comment":0,"rttpg_category":" <a href=\"https:\/\/alliancefr.se\/norrkoping\/\" rel=\"tag\">Fran\u00e7ais<\/a>","rttpg_excerpt":"L&rsquo;Alliance Fran\u00e7aise de Norrk\u00f6ping n&rsquo;organise pas de cours. Nous organisons des conf\u00e9rences en collaboration avec deux f\u00e9d\u00e9rations d&rsquo;\u00e9ducation suivantes : Medborgarskolan Folkuniversitetet Ces f\u00e9d\u00e9rations d&rsquo;\u00e9ducation donnent des cours de fran\u00e7ais et nous vous recommandons de vous y adresser. Medborgarskolan Region OstTunnbindaregatan 8602 21 Norrk\u00f6pingwww.medborgarskolan.seT\u00e9l\u00e9phone service client: 075 241 68 30 Folkuniversitet Norrk\u00f6pingKvarngatan 3460240 Norrk\u00f6pingwww.folkuniversitet.seT\u00e9l\u00e9phone service\u2026","_links":{"self":[{"href":"https:\/\/alliancefr.se\/norrkoping\/wp-json\/wp\/v2\/pages\/59","targetHints":{"allow":["GET"]}}],"collection":[{"href":"https:\/\/alliancefr.se\/norrkoping\/wp-json\/wp\/v2\/pages"}],"about":[{"href":"https:\/\/alliancefr.se\/norrkoping\/wp-json\/wp\/v2\/types\/page"}],"author":[{"embeddable":true,"href":"https:\/\/alliancefr.se\/norrkoping\/wp-json\/wp\/v2\/users\/1"}],"replies":[{"embeddable":true,"href":"https:\/\/alliancefr.se\/norrkoping\/wp-json\/wp\/v2\/comments?post=59"}],"version-history":[{"count":18,"href":"https:\/\/alliancefr.se\/norrkoping\/wp-json\/wp\/v2\/pages\/59\/revisions"}],"predecessor-version":[{"id":2718,"href":"https:\/\/alliancefr.se\/norrkoping\/wp-json\/wp\/v2\/pages\/59\/revisions\/2718"}],"wp:attachment":[{"href":"https:\/\/alliancefr.se\/norrkoping\/wp-json\/wp\/v2\/media?parent=59"}],"curies":[{"name":"wp","href":"https:\/\/api.w.org\/{rel}","templated":true}]}}