{"id":38,"date":"2019-06-12T16:04:27","date_gmt":"2019-06-12T14:04:27","guid":{"rendered":"https:\/\/alliancefr.se\/norrkoping\/archives\/"},"modified":"2024-05-10T12:02:18","modified_gmt":"2024-05-10T10:02:18","slug":"archives","status":"publish","type":"page","link":"https:\/\/alliancefr.se\/norrkoping\/archives\/","title":{"rendered":"Archives"},"content":{"rendered":"\t\t<div data-elementor-type=\"wp-post\" data-elementor-id=\"38\" class=\"elementor elementor-38\">\n\t\t\t\t<div class=\"elementor-element elementor-element-3a8ad8ca e-flex e-con-boxed e-con e-parent\" data-id=\"3a8ad8ca\" data-element_type=\"container\">\n\t\t\t\t\t<div class=\"e-con-inner\">\n\t\t\t\t<div class=\"elementor-element elementor-element-620f6d8b elementor-widget elementor-widget-text-editor\" data-id=\"620f6d8b\" data-element_type=\"widget\" data-widget_type=\"text-editor.default\">\n\t\t\t\t<div class=\"elementor-widget-container\">\n\t\t\t\t\t\t\t\t\t<h3 style=\"text-align: center;\">2019<\/h3><ul><li><a href=\"http:\/\/alliancefr.se\/norrkoping\/wp-content\/uploads\/sites\/17\/2024\/05\/Af-programme-printemps-2019.doc\" target=\"_blank\" rel=\"noopener\">Programme printemps 2019<\/a><\/li><li><a href=\"http:\/\/alliancefr.se\/norrkoping\/wp-content\/uploads\/sites\/17\/2024\/05\/Franska-filmfestivalen-2019-Filmer.pdf\" target=\"_blank\" rel=\"noopener\">Franska filmfestivalen 2019<\/a><\/li><\/ul><h3 style=\"text-align: center;\">2018<\/h3><ul><li><a href=\"http:\/\/alliancefr.se\/norrkoping\/wp-content\/uploads\/sites\/17\/2024\/05\/Af-Programme-automne-2018-003.pdf\" target=\"_blank\" rel=\"noopener\">Programme automne 2018<\/a><\/li><li><a href=\"http:\/\/alliancefr.se\/norrkoping\/wp-content\/uploads\/sites\/17\/2024\/05\/Af-Programme-automne-2018-003.pdf\" target=\"_blank\" rel=\"noopener\">Programme printemps 2018<\/a><\/li><li><a href=\"http:\/\/alliancefr.se\/norrkoping\/wp-content\/uploads\/sites\/17\/2024\/05\/Cercle-de-film-2018-2019.pdf\" target=\"_blank\" rel=\"noopener\">Cercle de film 2018-2019<\/a><\/li><li><a href=\"http:\/\/alliancefr.se\/norrkoping\/wp-content\/uploads\/sites\/17\/2024\/05\/Cercle-de-film-2018-2019.pdf\" target=\"_blank\" rel=\"noopener\">Cercle de lecture 2018-2019<\/a><\/li><\/ul><h3 style=\"text-align: center;\">2017<\/h3><ul><li><a href=\"http:\/\/alliancefr.se\/norrkoping\/wp-content\/uploads\/sites\/17\/2024\/05\/Celebration-11-mars.pdf\" target=\"_blank\" rel=\"noopener\">C\u00e9l\u00e9bration 11 mars 2017<\/a><\/li><li><a href=\"http:\/\/alliancefr.se\/norrkoping\/wp-content\/uploads\/sites\/17\/2024\/05\/Invitation-Af-90-ars-middag-pa-Crescendo.pdf\" target=\"_blank\" rel=\"noopener\">Invitation 90-\u00e5rs middag p\u00e5 Crescendo<\/a><\/li><li><a href=\"http:\/\/alliancefr.se\/norrkoping\/wp-content\/uploads\/sites\/17\/2024\/05\/Af-programme-automne-2017.pdf\" target=\"_blank\" rel=\"noopener\">Programme automne 2017<\/a><\/li><li><a href=\"http:\/\/alliancefr.se\/norrkoping\/wp-content\/uploads\/sites\/17\/2024\/05\/Af-programme-printemps-2017.pdf\" target=\"_blank\" rel=\"noopener\">Programme printemps 2017<\/a><\/li><\/ul><h3 style=\"text-align: center;\">2016<\/h3><ul><li><a href=\"http:\/\/alliancefr.se\/norrkoping\/wp-content\/uploads\/sites\/17\/2024\/05\/Af-Cercles-de-films-2016-2017.pdf\" target=\"_blank\" rel=\"noopener\">Cercles de films 2016-2017<\/a><\/li><li><a href=\"http:\/\/alliancefr.se\/norrkoping\/wp-content\/uploads\/sites\/17\/2024\/05\/Af-films-dvd-2016-2017.pdf\" target=\"_blank\" rel=\"noopener\">Films dvd 2016-2017<\/a><\/li><li><a href=\"http:\/\/alliancefr.se\/norrkoping\/wp-content\/uploads\/sites\/17\/2024\/05\/Af-Lascirkel-2016-2017.pdf\">L\u00e4scirkel 2016-2017<\/a><\/li><li><a href=\"http:\/\/alliancefr.se\/norrkoping\/wp-content\/uploads\/sites\/17\/2024\/05\/2016-2-Host.pdf\" target=\"_blank\" rel=\"noopener\">2016 2 H\u00f6st<\/a><\/li><li><a href=\"http:\/\/alliancefr.se\/norrkoping\/wp-content\/uploads\/sites\/17\/2024\/05\/2016-1-Var.pdf\" target=\"_blank\" rel=\"noopener\">2016 1 V\u00e5r<\/a><\/li><\/ul><h3 style=\"text-align: center;\">2015<\/h3><ul><li><a href=\"http:\/\/alliancefr.se\/norrkoping\/wp-content\/uploads\/sites\/17\/2024\/05\/2015-2-Host.pdf\" target=\"_blank\" rel=\"noopener\">2015 2 H\u00f6st<\/a><\/li><li><a href=\"http:\/\/alliancefr.se\/norrkoping\/wp-content\/uploads\/sites\/17\/2024\/05\/2015-1-Var.pdf\" target=\"_blank\" rel=\"noopener\">2015 1 V\u00e5r<\/a><\/li><\/ul><h3 style=\"text-align: center;\">2014<\/h3><ul><li><a href=\"http:\/\/alliancefr.se\/norrkoping\/wp-content\/uploads\/sites\/17\/2024\/05\/2014-2-Host.pdf\" target=\"_blank\" rel=\"noopener\">2014 2 H\u00f6st<\/a><\/li><li><a href=\"http:\/\/alliancefr.se\/norrkoping\/wp-content\/uploads\/sites\/17\/2024\/05\/2014-1-Var.pdf\" target=\"_blank\" rel=\"noopener\">2014 1 V\u00e5r<\/a><\/li><\/ul><h3 style=\"text-align: center;\">2013<\/h3><ul><li><a href=\"http:\/\/alliancefr.se\/norrkoping\/wp-content\/uploads\/sites\/17\/2024\/05\/2013-2-Host.doc\" target=\"_blank\" rel=\"noopener\">2013 2 H\u00f6st<\/a><\/li><li><a href=\"http:\/\/alliancefr.se\/norrkoping\/wp-content\/uploads\/sites\/17\/2024\/05\/2013-1-Var.doc\" target=\"_blank\" rel=\"noopener\">2013 1 V\u00e5r<\/a><\/li><\/ul><h3 style=\"text-align: center;\">2012<\/h3><ul><li><a href=\"http:\/\/alliancefr.se\/norrkoping\/wp-content\/uploads\/sites\/17\/2024\/05\/2012-2-Host.doc\">2012 2 H\u00f6st<\/a><\/li><li><a href=\"http:\/\/alliancefr.se\/norrkoping\/wp-content\/uploads\/sites\/17\/2024\/05\/2012-1-Var.doc\" target=\"_blank\" rel=\"noopener\">2012 1 V\u00e5r<\/a><\/li><\/ul><h3 style=\"text-align: center;\">2011<\/h3><ul><li><a href=\"http:\/\/alliancefr.se\/norrkoping\/wp-content\/uploads\/sites\/17\/2024\/05\/2011-2-Host.doc\" target=\"_blank\" rel=\"noopener\">2011 2 H\u00f6st<\/a><\/li><li><a href=\"http:\/\/alliancefr.se\/norrkoping\/wp-content\/uploads\/sites\/17\/2024\/05\/2011-1-Var.pdf\" target=\"_blank\" rel=\"noopener\">2011 1 V\u00e5r<\/a><\/li><\/ul><h3 style=\"text-align: center;\">2010<\/h3><ul><li><a href=\"http:\/\/alliancefr.se\/norrkoping\/wp-content\/uploads\/sites\/17\/2024\/05\/2010-2-Host.pdf\" target=\"_blank\" rel=\"noopener\">2010 2 H\u00f6st<\/a><\/li><li><a href=\"http:\/\/alliancefr.se\/norrkoping\/wp-content\/uploads\/sites\/17\/2024\/05\/2010-1-Var.pdf\">2010 1 V\u00e5r<\/a><\/li><\/ul><h3 style=\"text-align: center;\">2009<\/h3><ul><li><a href=\"http:\/\/alliancefr.se\/norrkoping\/wp-content\/uploads\/sites\/17\/2024\/05\/2009-2-Host.pdf\" target=\"_blank\" rel=\"noopener\">2009 2 H\u00f6st<\/a><\/li><li><a href=\"http:\/\/alliancefr.se\/norrkoping\/wp-content\/uploads\/sites\/17\/2024\/05\/2009-1-Var.pdf\">2009 1 V\u00e5r<\/a><\/li><\/ul><h3 style=\"text-align: center;\">2008<\/h3><ul><li><a href=\"http:\/\/alliancefr.se\/norrkoping\/wp-content\/uploads\/sites\/17\/2024\/05\/2008-2-Host.pdf\" target=\"_blank\" rel=\"noopener\">2008 2 H\u00f6st<\/a><\/li><li><a href=\"http:\/\/alliancefr.se\/norrkoping\/wp-content\/uploads\/sites\/17\/2024\/05\/2008-1-Var.pdf\" target=\"_blank\" rel=\"noopener\">2008 1 V\u00e5r<\/a><\/li><\/ul><h3 style=\"text-align: center;\">2007<\/h3><ul><li><a href=\"http:\/\/alliancefr.se\/norrkoping\/wp-content\/uploads\/sites\/17\/2024\/05\/2007-2-Host.pdf\" target=\"_blank\" rel=\"noopener\">2007 2 H\u00f6st<\/a><\/li><li><a href=\"http:\/\/alliancefr.se\/norrkoping\/wp-content\/uploads\/sites\/17\/2024\/05\/2007-1-Var.pdf\" target=\"_blank\" rel=\"noopener\">2007 1 V\u00e5r<\/a><\/li><\/ul><h3 style=\"text-align: center;\">2006<\/h3><ul><li><a href=\"http:\/\/alliancefr.se\/norrkoping\/wp-content\/uploads\/sites\/17\/2024\/05\/2006-2-Host.pdf\" target=\"_blank\" rel=\"noopener\">2006 2 H\u00f6st<\/a><\/li><li><a href=\"http:\/\/alliancefr.se\/norrkoping\/wp-content\/uploads\/sites\/17\/2024\/05\/2006-1-Var.pdf\" target=\"_blank\" rel=\"noopener\">2006 1 V\u00e5r<\/a><\/li><\/ul><h3 style=\"text-align: center;\">2005<\/h3><ul><li><a href=\"http:\/\/alliancefr.se\/norrkoping\/wp-content\/uploads\/sites\/17\/2024\/05\/2005-1-Var.pdf\" target=\"_blank\" rel=\"noopener\">2005 1 V\u00e5r<\/a><\/li><\/ul>\t\t\t\t\t\t\t\t<\/div>\n\t\t\t\t<\/div>\n\t\t\t\t\t<\/div>\n\t\t\t\t<\/div>\n\t\t\t\t<\/div>\n\t\t","protected":false},"excerpt":{"rendered":"<p>2019 Programme printemps 2019 Franska filmfestivalen 2019 2018 Programme automne 2018 Programme printemps 2018 Cercle de film 2018-2019 Cercle de lecture 2018-2019 2017 C\u00e9l\u00e9bration 11 mars 2017 Invitation 90-\u00e5rs middag p\u00e5 Crescendo Programme automne 2017 Programme printemps 2017 2016 Cercles de films 2016-2017 Films dvd 2016-2017 L\u00e4scirkel 2016-2017 2016 2 H\u00f6st 2016 1 V\u00e5r 2015 2015 2 H\u00f6st 2015 1 V\u00e5r 2014 2014 2 H\u00f6st 2014 1 V\u00e5r 2013 2013 2 H\u00f6st 2013 1 V\u00e5r 2012 2012 2 H\u00f6st 2012 1 V\u00e5r 2011 2011 2 H\u00f6st 2011 1 V\u00e5r 2010 2010 2 H\u00f6st 2010 1 V\u00e5r 2009 2009 2 H\u00f6st 2009 1 V\u00e5r 2008 2008 2 H\u00f6st 2008 1 V\u00e5r 2007 2007 2 H\u00f6st 2007 1 V\u00e5r 2006 2006 2 H\u00f6st 2006 1 V\u00e5r 2005 2005 1 V\u00e5r<\/p>\n","protected":false},"author":1,"featured_media":0,"parent":0,"menu_order":0,"comment_status":"closed","ping_status":"closed","template":"","meta":{"om_disable_all_campaigns":false,"_monsterinsights_skip_tracking":false,"_monsterinsights_sitenote_active":false,"_monsterinsights_sitenote_note":"","_monsterinsights_sitenote_category":0,"_uf_show_specific_survey":0,"_uf_disable_surveys":false,"footnotes":""},"class_list":["post-38","page","type-page","status-publish","hentry"],"aioseo_notices":[],"rttpg_featured_image_url":null,"rttpg_author":{"display_name":"Super.admin","author_link":"https:\/\/alliancefr.se\/norrkoping\/author\/admin2174\/"},"rttpg_comment":0,"rttpg_category":" <a href=\"https:\/\/alliancefr.se\/norrkoping\/\" rel=\"tag\">Fran\u00e7ais<\/a>","rttpg_excerpt":"2019 Programme printemps 2019 Franska filmfestivalen 2019 2018 Programme automne 2018 Programme printemps 2018 Cercle de film 2018-2019 Cercle de lecture 2018-2019 2017 C\u00e9l\u00e9bration 11 mars 2017 Invitation 90-\u00e5rs middag p\u00e5 Crescendo Programme automne 2017 Programme printemps 2017 2016 Cercles de films 2016-2017 Films dvd 2016-2017 L\u00e4scirkel 2016-2017 2016 2 H\u00f6st 2016 1 V\u00e5r 2015\u2026","_links":{"self":[{"href":"https:\/\/alliancefr.se\/norrkoping\/wp-json\/wp\/v2\/pages\/38","targetHints":{"allow":["GET"]}}],"collection":[{"href":"https:\/\/alliancefr.se\/norrkoping\/wp-json\/wp\/v2\/pages"}],"about":[{"href":"https:\/\/alliancefr.se\/norrkoping\/wp-json\/wp\/v2\/types\/page"}],"author":[{"embeddable":true,"href":"https:\/\/alliancefr.se\/norrkoping\/wp-json\/wp\/v2\/users\/1"}],"replies":[{"embeddable":true,"href":"https:\/\/alliancefr.se\/norrkoping\/wp-json\/wp\/v2\/comments?post=38"}],"version-history":[{"count":21,"href":"https:\/\/alliancefr.se\/norrkoping\/wp-json\/wp\/v2\/pages\/38\/revisions"}],"predecessor-version":[{"id":2566,"href":"https:\/\/alliancefr.se\/norrkoping\/wp-json\/wp\/v2\/pages\/38\/revisions\/2566"}],"wp:attachment":[{"href":"https:\/\/alliancefr.se\/norrkoping\/wp-json\/wp\/v2\/media?parent=38"}],"curies":[{"name":"wp","href":"https:\/\/api.w.org\/{rel}","templated":true}]}}