{"id":4074,"date":"2024-10-02T16:39:04","date_gmt":"2024-10-02T14:39:04","guid":{"rendered":"https:\/\/alliancefr.se\/stockholm\/?page_id=4074"},"modified":"2025-08-25T22:49:33","modified_gmt":"2025-08-25T20:49:33","slug":"qui-sommes-nous","status":"publish","type":"page","link":"https:\/\/alliancefr.se\/lund-malmo\/qui-sommes-nous\/","title":{"rendered":"Qui sommes-nous ?"},"content":{"rendered":"\t\t<div data-elementor-type=\"wp-page\" data-elementor-id=\"4074\" class=\"elementor elementor-4074\">\n\t\t\t\t<div class=\"elementor-element elementor-element-a5d9931 e-flex e-con-boxed e-con e-parent\" data-id=\"a5d9931\" data-element_type=\"container\">\n\t\t\t\t\t<div class=\"e-con-inner\">\n\t\t\t\t\t<\/div>\n\t\t\t\t<\/div>\n\t\t<div class=\"elementor-element elementor-element-75c53d4 e-flex e-con-boxed e-con e-parent\" data-id=\"75c53d4\" data-element_type=\"container\">\n\t\t\t\t\t<div class=\"e-con-inner\">\n\t\t\t\t<div class=\"elementor-element elementor-element-756cbe1 elementor-widget elementor-widget-heading\" data-id=\"756cbe1\" data-element_type=\"widget\" data-widget_type=\"heading.default\">\n\t\t\t\t<div class=\"elementor-widget-container\">\n\t\t\t\t\t<h6 class=\"elementor-heading-title elementor-size-default\">Notre conseil d'administration<\/h6>\t\t\t\t<\/div>\n\t\t\t\t<\/div>\n\t\t\t\t\t<\/div>\n\t\t\t\t<\/div>\n\t\t<div class=\"elementor-element elementor-element-6f8582a e-flex e-con-boxed e-con e-parent\" data-id=\"6f8582a\" data-element_type=\"container\">\n\t\t\t\t\t<div class=\"e-con-inner\">\n\t\t\t\t<div class=\"elementor-element elementor-element-efc38aa elementor-widget elementor-widget-text-editor\" data-id=\"efc38aa\" data-element_type=\"widget\" data-widget_type=\"text-editor.default\">\n\t\t\t\t<div class=\"elementor-widget-container\">\n\t\t\t\t\t\t\t\t\t<p style=\"font-weight: 400\">L&rsquo;Alliance Fran\u00e7aise de Lund- Malm\u00f6 mutualise deux villes. <span style=\"color: var( --e-global-color-text );font-family: var( --e-global-typography-text-font-family ), Sans-serif;letter-spacing: 0px;text-align: var(--text-align)\">Les membres du conseil d&rsquo;administration travaillent b\u00e9n\u00e9volement et se r\u00e9partissent les domaines de responsabilit\u00e9 de la mani\u00e8re suivante :<\/span><\/p><p style=\"font-weight: 400\"><strong>PR\u00c9SIDENTE <\/strong>: Gw\u00e9na\u00eblle Beynet Fr\u00f6jd<\/p><p><strong>VICE-PR\u00c9SIDENTE DE LUND :\u00a0<\/strong>Sigol\u00e8ne Loizeau<\/p><p><strong>VICE-PR\u00c9SIDENTE DE MALM\u00d6 : <\/strong>Doina Batraneau<\/p><p><strong>SECR\u00c9TAIRE :\u00a0<\/strong>Jens Riis<\/p><p style=\"font-weight: 400\"><strong>TR\u00c9SORI\u00c8RE <\/strong>: Bettina Klingenheim<\/p><p style=\"font-weight: 400\"><strong>MEMBRE DU COMIT\u00c9 <\/strong>: G\u00f6rel Nergelius<\/p><p><b>PR\u00c9SIDENTE D&rsquo;HONNEUR<\/b><span style=\"font-weight: 400\">: Margareth Wijk<\/span><\/p>\t\t\t\t\t\t\t\t<\/div>\n\t\t\t\t<\/div>\n\t\t\t\t\t<\/div>\n\t\t\t\t<\/div>\n\t\t\t\t<\/div>\n\t\t","protected":false},"excerpt":{"rendered":"<p>Notre conseil d&rsquo;administration L&rsquo;Alliance Fran\u00e7aise de Lund- Malm\u00f6 mutualise deux villes. Les membres du conseil d&rsquo;administration travaillent b\u00e9n\u00e9volement et se r\u00e9partissent les domaines de responsabilit\u00e9 de la mani\u00e8re suivante : PR\u00c9SIDENTE : Gw\u00e9na\u00eblle Beynet Fr\u00f6jd VICE-PR\u00c9SIDENTE DE LUND :\u00a0Sigol\u00e8ne Loizeau VICE-PR\u00c9SIDENTE DE MALM\u00d6 : Doina Batraneau SECR\u00c9TAIRE :\u00a0Jens Riis TR\u00c9SORI\u00c8RE : Bettina Klingenheim MEMBRE DU COMIT\u00c9 : G\u00f6rel Nergelius PR\u00c9SIDENTE D&rsquo;HONNEUR: Margareth Wijk<\/p>\n","protected":false},"author":1,"featured_media":0,"parent":0,"menu_order":0,"comment_status":"closed","ping_status":"closed","template":"","meta":{"om_disable_all_campaigns":false,"_monsterinsights_skip_tracking":false,"_monsterinsights_sitenote_active":false,"_monsterinsights_sitenote_note":"","_monsterinsights_sitenote_category":0,"_uf_show_specific_survey":0,"_uf_disable_surveys":false,"footnotes":""},"class_list":["post-4074","page","type-page","status-publish","hentry"],"aioseo_notices":[],"rttpg_featured_image_url":null,"rttpg_author":{"display_name":"Super.admin","author_link":"https:\/\/alliancefr.se\/lund-malmo\/author\/admin2174\/"},"rttpg_comment":0,"rttpg_category":" <a href=\"https:\/\/alliancefr.se\/lund-malmo\/\" rel=\"tag\">Fran\u00e7ais<\/a>","rttpg_excerpt":"Notre conseil d&rsquo;administration L&rsquo;Alliance Fran\u00e7aise de Lund- Malm\u00f6 mutualise deux villes. Les membres du conseil d&rsquo;administration travaillent b\u00e9n\u00e9volement et se r\u00e9partissent les domaines de responsabilit\u00e9 de la mani\u00e8re suivante : PR\u00c9SIDENTE : Gw\u00e9na\u00eblle Beynet Fr\u00f6jd VICE-PR\u00c9SIDENTE DE LUND :\u00a0Sigol\u00e8ne Loizeau VICE-PR\u00c9SIDENTE DE MALM\u00d6 : Doina Batraneau SECR\u00c9TAIRE :\u00a0Jens Riis TR\u00c9SORI\u00c8RE : Bettina Klingenheim MEMBRE DU\u2026","_links":{"self":[{"href":"https:\/\/alliancefr.se\/lund-malmo\/wp-json\/wp\/v2\/pages\/4074","targetHints":{"allow":["GET"]}}],"collection":[{"href":"https:\/\/alliancefr.se\/lund-malmo\/wp-json\/wp\/v2\/pages"}],"about":[{"href":"https:\/\/alliancefr.se\/lund-malmo\/wp-json\/wp\/v2\/types\/page"}],"author":[{"embeddable":true,"href":"https:\/\/alliancefr.se\/lund-malmo\/wp-json\/wp\/v2\/users\/1"}],"replies":[{"embeddable":true,"href":"https:\/\/alliancefr.se\/lund-malmo\/wp-json\/wp\/v2\/comments?post=4074"}],"version-history":[{"count":12,"href":"https:\/\/alliancefr.se\/lund-malmo\/wp-json\/wp\/v2\/pages\/4074\/revisions"}],"predecessor-version":[{"id":5176,"href":"https:\/\/alliancefr.se\/lund-malmo\/wp-json\/wp\/v2\/pages\/4074\/revisions\/5176"}],"wp:attachment":[{"href":"https:\/\/alliancefr.se\/lund-malmo\/wp-json\/wp\/v2\/media?parent=4074"}],"curies":[{"name":"wp","href":"https:\/\/api.w.org\/{rel}","templated":true}]}}