{"id":3854,"date":"2024-08-28T15:41:31","date_gmt":"2024-08-28T13:41:31","guid":{"rendered":"https:\/\/alliancefr.se\/stockholm\/?page_id=3854"},"modified":"2025-07-11T16:54:09","modified_gmt":"2025-07-11T14:54:09","slug":"hem","status":"publish","type":"page","link":"https:\/\/alliancefr.se\/lund-malmo\/sv\/hem\/","title":{"rendered":"Hem"},"content":{"rendered":"\t\t<div data-elementor-type=\"wp-page\" data-elementor-id=\"3854\" class=\"elementor elementor-3854\">\n\t\t\t\t<div class=\"elementor-element elementor-element-f731c2b e-flex e-con-boxed e-con e-parent\" data-id=\"f731c2b\" data-element_type=\"container\">\n\t\t\t\t\t<div class=\"e-con-inner\">\n\t\t\t\t<div class=\"elementor-element elementor-element-ab9d297 elementor-widget elementor-widget-text-editor\" data-id=\"ab9d297\" data-element_type=\"widget\" data-widget_type=\"text-editor.default\">\n\t\t\t\t<div class=\"elementor-widget-container\">\n\t\t\t\t\t\t\t\t\t<p data-start=\"55\" data-end=\"652\"><span data-start=\"55\" data-end=\"652\">Alliance Fran\u00e7aise i Lund-Malm\u00f6 \u00e4r ett partnerskap mellan dessa tv\u00e5 st\u00e4der. Dess kommitt\u00e9, som best\u00e5r av frivilliga, organiserar varje termin ett program med kulturella aktiviteter. Evenemangen h\u00e5lls huvudsakligen p\u00e5 franska, men diskussionerna som f\u00f6ljer kan f\u00f6ras p\u00e5 franska eller svenska. Det \u00e4r allts\u00e5 inte n\u00f6dv\u00e4ndigt att tala flytande franska f\u00f6r att delta. V\u00e5r f\u00f6rening erbjuder inte spr\u00e5kkurser och har inte n\u00e5gon fast lokal. Vi alternerar v\u00e5ra m\u00f6ten p\u00e5 olika platser i de tv\u00e5 st\u00e4derna. Om du \u00e4r intresserad av det franska spr\u00e5ket, frankofona l\u00e4nder och kulturer, \u00e4r du varmt v\u00e4lkommen!<\/span><\/p>\t\t\t\t\t\t\t\t<\/div>\n\t\t\t\t<\/div>\n\t\t\t\t\t<\/div>\n\t\t\t\t<\/div>\n\t\t<div class=\"elementor-element elementor-element-5229b90 e-flex e-con-boxed e-con e-parent\" data-id=\"5229b90\" data-element_type=\"container\">\n\t\t\t\t\t<div class=\"e-con-inner\">\n\t\t\t\t<div class=\"elementor-element elementor-element-94fd665 elementor-widget elementor-widget-image-gallery\" data-id=\"94fd665\" data-element_type=\"widget\" data-widget_type=\"image-gallery.default\">\n\t\t\t\t<div class=\"elementor-widget-container\">\n\t\t\t\t\t\t\t<div class=\"elementor-image-gallery\">\n\t\t\t\t\t<\/div>\n\t\t\t\t\t\t<\/div>\n\t\t\t\t<\/div>\n\t\t\t\t\t<\/div>\n\t\t\t\t<\/div>\n\t\t\t\t<\/div>\n\t\t","protected":false},"excerpt":{"rendered":"<p>Alliance Fran\u00e7aise i Lund-Malm\u00f6 \u00e4r ett partnerskap mellan dessa tv\u00e5 st\u00e4der. Dess kommitt\u00e9, som best\u00e5r av frivilliga, organiserar varje termin ett program med kulturella aktiviteter. Evenemangen h\u00e5lls huvudsakligen p\u00e5 franska, men diskussionerna som f\u00f6ljer kan f\u00f6ras p\u00e5 franska eller svenska. Det \u00e4r allts\u00e5 inte n\u00f6dv\u00e4ndigt att tala flytande franska f\u00f6r att delta. V\u00e5r f\u00f6rening erbjuder inte spr\u00e5kkurser och har inte n\u00e5gon fast lokal. Vi alternerar v\u00e5ra m\u00f6ten p\u00e5 olika platser i de tv\u00e5 st\u00e4derna. Om du \u00e4r intresserad av det franska spr\u00e5ket, frankofona l\u00e4nder och kulturer, \u00e4r du varmt v\u00e4lkommen!<\/p>\n","protected":false},"author":1,"featured_media":0,"parent":0,"menu_order":0,"comment_status":"closed","ping_status":"closed","template":"","meta":{"om_disable_all_campaigns":false,"_monsterinsights_skip_tracking":false,"_monsterinsights_sitenote_active":false,"_monsterinsights_sitenote_note":"","_monsterinsights_sitenote_category":0,"_uf_show_specific_survey":0,"_uf_disable_surveys":false,"footnotes":""},"class_list":["post-3854","page","type-page","status-publish","hentry"],"aioseo_notices":[],"rttpg_featured_image_url":null,"rttpg_author":{"display_name":"Super.admin","author_link":"https:\/\/alliancefr.se\/lund-malmo\/author\/admin2174\/"},"rttpg_comment":0,"rttpg_category":" <a href=\"https:\/\/alliancefr.se\/lund-malmo\/sv\/\" rel=\"tag\">Svenska<\/a>","rttpg_excerpt":"Alliance Fran\u00e7aise i Lund-Malm\u00f6 \u00e4r ett partnerskap mellan dessa tv\u00e5 st\u00e4der. Dess kommitt\u00e9, som best\u00e5r av frivilliga, organiserar varje termin ett program med kulturella aktiviteter. Evenemangen h\u00e5lls huvudsakligen p\u00e5 franska, men diskussionerna som f\u00f6ljer kan f\u00f6ras p\u00e5 franska eller svenska. Det \u00e4r allts\u00e5 inte n\u00f6dv\u00e4ndigt att tala flytande franska f\u00f6r att delta. V\u00e5r f\u00f6rening erbjuder\u2026","_links":{"self":[{"href":"https:\/\/alliancefr.se\/lund-malmo\/wp-json\/wp\/v2\/pages\/3854","targetHints":{"allow":["GET"]}}],"collection":[{"href":"https:\/\/alliancefr.se\/lund-malmo\/wp-json\/wp\/v2\/pages"}],"about":[{"href":"https:\/\/alliancefr.se\/lund-malmo\/wp-json\/wp\/v2\/types\/page"}],"author":[{"embeddable":true,"href":"https:\/\/alliancefr.se\/lund-malmo\/wp-json\/wp\/v2\/users\/1"}],"replies":[{"embeddable":true,"href":"https:\/\/alliancefr.se\/lund-malmo\/wp-json\/wp\/v2\/comments?post=3854"}],"version-history":[{"count":6,"href":"https:\/\/alliancefr.se\/lund-malmo\/wp-json\/wp\/v2\/pages\/3854\/revisions"}],"predecessor-version":[{"id":4893,"href":"https:\/\/alliancefr.se\/lund-malmo\/wp-json\/wp\/v2\/pages\/3854\/revisions\/4893"}],"wp:attachment":[{"href":"https:\/\/alliancefr.se\/lund-malmo\/wp-json\/wp\/v2\/media?parent=3854"}],"curies":[{"name":"wp","href":"https:\/\/api.w.org\/{rel}","templated":true}]}}