{"id":14,"date":"2024-10-30T11:13:01","date_gmt":"2024-10-30T10:13:01","guid":{"rendered":"https:\/\/alliancefr.se\/lulea\/?page_id=14"},"modified":"2026-03-20T11:38:12","modified_gmt":"2026-03-20T10:38:12","slug":"accueil","status":"publish","type":"page","link":"https:\/\/alliancefr.se\/lulea\/","title":{"rendered":"Bienvenue \u00e0 l\u2019Alliance Fran\u00e7aise de Lule\u00e5"},"content":{"rendered":"<p style=\"color: #000000\">Nous sommes une association d\u00e9di\u00e9e \u00e0 tous ceux qui s\u2019int\u00e9ressent \u00e0 la langue fran\u00e7aise et \u00e0 la culture francophone. \u00c0 travers des caf\u00e9s linguistiques, des conf\u00e9rences, des projections de films et divers \u00e9v\u00e9nements culturels, nous cr\u00e9ons un espace de rencontre autour de la langue et de la culture fran\u00e7aises \u00e0 Lule\u00e5.<\/p>\n<p style=\"color: #000000\">Que vous soyez francophone ou simplement curieux, vous \u00eates les bienvenus \u00e0 nos activit\u00e9s !<\/p>\n<p style=\"color: #000000\">Suivez-nous pour rester inform\u00e9 de nos \u00e9v\u00e9nements.<\/p>\n\n\n<p><\/p>\n","protected":false},"excerpt":{"rendered":"<p>Nous sommes une association d\u00e9di\u00e9e \u00e0 tous ceux qui s\u2019int\u00e9ressent \u00e0 la langue fran\u00e7aise et \u00e0 la culture francophone. \u00c0 travers des caf\u00e9s linguistiques, des conf\u00e9rences, des projections de films et divers \u00e9v\u00e9nements culturels, nous cr\u00e9ons un espace de rencontre autour de la langue et de la culture fran\u00e7aises \u00e0 Lule\u00e5. Que vous soyez francophone ou simplement curieux, vous \u00eates les bienvenus \u00e0 nos activit\u00e9s ! Suivez-nous pour rester inform\u00e9 de nos \u00e9v\u00e9nements.<\/p>\n","protected":false},"author":1,"featured_media":0,"parent":0,"menu_order":0,"comment_status":"closed","ping_status":"closed","template":"","meta":{"om_disable_all_campaigns":false,"_monsterinsights_skip_tracking":false,"_monsterinsights_sitenote_active":false,"_monsterinsights_sitenote_note":"","_monsterinsights_sitenote_category":0,"_uf_show_specific_survey":0,"_uf_disable_surveys":false,"footnotes":""},"class_list":["post-14","page","type-page","status-publish","hentry"],"aioseo_notices":[],"rttpg_featured_image_url":null,"rttpg_author":{"display_name":"Super.admin","author_link":"https:\/\/alliancefr.se\/lulea\/author\/admin2174\/"},"rttpg_comment":0,"rttpg_category":" <a href=\"https:\/\/alliancefr.se\/lulea\/\" rel=\"tag\">Fran\u00e7ais<\/a>","rttpg_excerpt":"Nous sommes une association d\u00e9di\u00e9e \u00e0 tous ceux qui s\u2019int\u00e9ressent \u00e0 la langue fran\u00e7aise et \u00e0 la culture francophone. \u00c0 travers des caf\u00e9s linguistiques, des conf\u00e9rences, des projections de films et divers \u00e9v\u00e9nements culturels, nous cr\u00e9ons un espace de rencontre autour de la langue et de la culture fran\u00e7aises \u00e0 Lule\u00e5. Que vous soyez francophone\u2026","_links":{"self":[{"href":"https:\/\/alliancefr.se\/lulea\/wp-json\/wp\/v2\/pages\/14","targetHints":{"allow":["GET"]}}],"collection":[{"href":"https:\/\/alliancefr.se\/lulea\/wp-json\/wp\/v2\/pages"}],"about":[{"href":"https:\/\/alliancefr.se\/lulea\/wp-json\/wp\/v2\/types\/page"}],"author":[{"embeddable":true,"href":"https:\/\/alliancefr.se\/lulea\/wp-json\/wp\/v2\/users\/1"}],"replies":[{"embeddable":true,"href":"https:\/\/alliancefr.se\/lulea\/wp-json\/wp\/v2\/comments?post=14"}],"version-history":[{"count":9,"href":"https:\/\/alliancefr.se\/lulea\/wp-json\/wp\/v2\/pages\/14\/revisions"}],"predecessor-version":[{"id":231,"href":"https:\/\/alliancefr.se\/lulea\/wp-json\/wp\/v2\/pages\/14\/revisions\/231"}],"wp:attachment":[{"href":"https:\/\/alliancefr.se\/lulea\/wp-json\/wp\/v2\/media?parent=14"}],"curies":[{"name":"wp","href":"https:\/\/api.w.org\/{rel}","templated":true}]}}