{"id":61,"date":"2023-11-06T19:28:47","date_gmt":"2023-11-06T18:28:47","guid":{"rendered":"https:\/\/alliancefr.se\/linkoping\/om-oss\/"},"modified":"2025-03-05T12:44:13","modified_gmt":"2025-03-05T11:44:13","slug":"om-oss","status":"publish","type":"page","link":"https:\/\/alliancefr.se\/linkoping\/sv\/om-oss\/","title":{"rendered":"Om oss"},"content":{"rendered":"\t\t<div data-elementor-type=\"wp-page\" data-elementor-id=\"61\" class=\"elementor elementor-61\">\n\t\t\t\t\t\t<section class=\"elementor-section elementor-top-section elementor-element elementor-element-78d08bb0 elementor-section-boxed elementor-section-height-default elementor-section-height-default\" data-id=\"78d08bb0\" data-element_type=\"section\">\n\t\t\t\t\t\t<div class=\"elementor-container elementor-column-gap-default\">\n\t\t\t\t\t<div class=\"elementor-column elementor-col-100 elementor-top-column elementor-element elementor-element-3d0aa006\" data-id=\"3d0aa006\" data-element_type=\"column\">\n\t\t\t<div class=\"elementor-widget-wrap elementor-element-populated\">\n\t\t\t\t\t\t<div class=\"elementor-element elementor-element-314a59f4 elementor-widget elementor-widget-text-editor\" data-id=\"314a59f4\" data-element_type=\"widget\" data-widget_type=\"text-editor.default\">\n\t\t\t\t<div class=\"elementor-widget-container\">\n\t\t\t\t\t\t\t\t\t<h4><strong>V\u00e4lkommen till Alliance Fran\u00e7ais de Link\u00f6ping!<\/strong><\/h4><p>\u00c4r du intresserad av Frankrike och den franskspr\u00e5kiga v\u00e4rlden? Franska spr\u00e5ket talas i olika l\u00e4nder i alla v\u00e4rldsdelar.<\/p><p>Vi bjuder in till f\u00f6redrag om fransk politik, musik, historia och litteratur. Det g\u00f6r vi i form av informella tr\u00e4ffar som brukar \u00e4ga rum p\u00e5 Folkuniversitetet i Link\u00f6ping.<\/p><p>L\u00e5ter det intressant? <a href=\"https:\/\/alliancefr.se\/linkoping\/sv\/bli-medlem\/\">G\u00e5 med i v\u00e5r f\u00f6rening och f\u00e5 en smak av Frankrike och fransk kultur.<\/a><\/p><p>F\u00f6redragen h\u00e5lls f\u00f6r det mest p\u00e5 franska och ibland p\u00e5 svenska.<\/p><p>Alliance Fran\u00e7aise \u00e4r en opolitisk organisation. Den \u00e4r heller inte knuten till n\u00e5gon religion. Alliance Francaise bildades 1883 f\u00f6r att fr\u00e4mja franska spr\u00e5ket och kulturen. Vid den tiden var Frankrike ett land med m\u00e5nga kolonier. F\u00f6r att kunna kommunicera med sina kolonier ute i v\u00e4rlden, beh\u00f6vdes ett gemensamt spr\u00e5k. 1882 fick Frankrike allm\u00e4n skolplikt, men det fanns en stor grupp vuxna som heller inte kunde l\u00e4sa och skriva franska. H\u00e4r gav Alliance Fran\u00e7aise en unik m\u00f6jlighet f\u00f6r vuxna i Frankrike, men ocks\u00e5 f\u00f6r barn och vuxna i kolonierna att l\u00e4ra sig l\u00e4sa och skriva p\u00e5 franska. De fick \u00e4ven tillg\u00e5ng till den franska kulturen och litteraturen. Alliance Fran\u00e7aise \u00e4r fortfarande ledande i v\u00e4rlden, n\u00e4r det g\u00e4ller att f\u00f6rmedla och utbilda m\u00e4nniskor i franska som fr\u00e4mmande spr\u00e5k. Alliance Fran\u00e7ais finns i alla v\u00e4rldsdelar.<\/p><p>P\u00e5 kort tid bildades f\u00f6reningar i m\u00e5nga av Europas l\u00e4nder, Orienten, Amerika och Australien. Alliance Fran\u00e7aise finns i dag i 130 l\u00e4nder. Den f\u00f6rsta alliansen i Sverige grundades i Stockholm 1889. Som fj\u00e4rde f\u00f6rening i landet bildades Allians Fran\u00e7aise i Link\u00f6ping\u00a0<strong>1919<\/strong>. Det verkliga arbetet kom f\u00f6rst i g\u00e5ng 1920. N\u00e5gra data f\u00f6r Allians Fran\u00e7aise i Link\u00f6ping \u00e4r:<\/p><p>45 medlemmar. N\u00e5gra nya medlemmar per \u00e5r. 6 sammankomster per \u00e5r. En v\u00e5rutflykt varje \u00e5r tillsammans med allianserna i Norrk\u00f6ping och Nyk\u00f6ping.<\/p><p>Totalt finns i dag 17 Alliance Fran\u00e7aise- f\u00f6reningar i Sverige med totalt ca 3000 medlemmar.<\/p><p>Till skillnad fr\u00e5n Alliance Fran\u00e7ais i andra l\u00e4nder, bedriver AF i Sverige ingen undervisning i franska spr\u00e5ket.<\/p>\t\t\t\t\t\t\t\t<\/div>\n\t\t\t\t<\/div>\n\t\t\t\t\t<\/div>\n\t\t<\/div>\n\t\t\t\t\t<\/div>\n\t\t<\/section>\n\t\t\t\t<section class=\"elementor-section elementor-top-section elementor-element elementor-element-c4ab663 elementor-section-boxed elementor-section-height-default elementor-section-height-default\" data-id=\"c4ab663\" data-element_type=\"section\">\n\t\t\t\t\t\t<div class=\"elementor-container elementor-column-gap-default\">\n\t\t\t\t\t<div class=\"elementor-column elementor-col-100 elementor-top-column elementor-element elementor-element-923e52f\" data-id=\"923e52f\" data-element_type=\"column\">\n\t\t\t<div class=\"elementor-widget-wrap elementor-element-populated\">\n\t\t\t\t\t\t<div class=\"elementor-element elementor-element-694ccff elementor-widget elementor-widget-text-editor\" data-id=\"694ccff\" data-element_type=\"widget\" data-widget_type=\"text-editor.default\">\n\t\t\t\t<div class=\"elementor-widget-container\">\n\t\t\t\t\t\t\t\t\t<h3><strong>Styrelsen i Alliance Fran\u00e7ais de Link\u00f6ping<\/strong><\/h3><p><img decoding=\"async\" class=\"size-full wp-image-223 alignleft\" src=\"http:\/\/alliancefr.se\/linkoping\/wp-content\/uploads\/sites\/14\/2023\/12\/Image1.jpg\" alt=\"\" width=\"97\" height=\"121\" \/><\/p><p><strong>Eva-Lena Bard<\/strong><br \/>ordf\u00f6rande<br \/><a href=\"mailto:evalena.bard@gmail.com\">evalena.bard@gmail.com<\/a><\/p><p>\u00a0<\/p><p>\u00a0<\/p><p><img decoding=\"async\" class=\" wp-image-224 alignleft\" src=\"http:\/\/alliancefr.se\/linkoping\/wp-content\/uploads\/sites\/14\/2023\/12\/Image2.jpg\" alt=\"\" width=\"95\" height=\"136\" \/><\/p><p><strong>Kenneth Anderini<\/strong><\/p><p>kass\u00f6r<br \/><a href=\"mailto:kenneth.anderini@telia.com\">kenneth.anderini@telia.com<\/a><\/p><p>\u00a0<\/p><p>\u00a0<\/p><p><strong>Francesca Jouannet<\/strong><br \/>Styrelseledamot<br \/><a href=\"mailto:francesca.jouannet@utb.linkoping.se\">francesca.jouannet@utb.linkoping.se<\/a><\/p><p><strong>Annika Morin<\/strong><br \/>styrelseledamot<br \/><a href=\"mailto:annika.morin@utb.linkoping.se\">annika.morin@utb.linkoping.se<\/a><\/p><p><strong>Anette Gentile<\/strong><\/p><p>Styrelseledamot<\/p><p>Anette-gentile2@gmail.com<\/p>\t\t\t\t\t\t\t\t<\/div>\n\t\t\t\t<\/div>\n\t\t\t\t\t<\/div>\n\t\t<\/div>\n\t\t\t\t\t<\/div>\n\t\t<\/section>\n\t\t\t\t<\/div>\n\t\t","protected":false},"excerpt":{"rendered":"<p>V\u00e4lkommen till Alliance Fran\u00e7ais de Link\u00f6ping! \u00c4r du intresserad av Frankrike och den franskspr\u00e5kiga v\u00e4rlden? Franska spr\u00e5ket talas i olika l\u00e4nder i alla v\u00e4rldsdelar. Vi bjuder in till f\u00f6redrag om fransk politik, musik, historia och litteratur. Det g\u00f6r vi i form av informella tr\u00e4ffar som brukar \u00e4ga rum p\u00e5 Folkuniversitetet i Link\u00f6ping. L\u00e5ter det intressant? G\u00e5 med i v\u00e5r f\u00f6rening och f\u00e5 en smak av Frankrike och fransk kultur. F\u00f6redragen h\u00e5lls f\u00f6r det mest p\u00e5 franska och ibland p\u00e5 svenska. Alliance Fran\u00e7aise \u00e4r en opolitisk organisation. Den \u00e4r heller inte knuten till n\u00e5gon religion. Alliance Francaise bildades 1883 f\u00f6r att fr\u00e4mja franska spr\u00e5ket och kulturen. Vid den tiden var Frankrike ett land med m\u00e5nga kolonier. F\u00f6r att kunna kommunicera med sina kolonier ute i v\u00e4rlden, beh\u00f6vdes ett gemensamt spr\u00e5k. 1882 fick Frankrike allm\u00e4n skolplikt, men det fanns en stor grupp vuxna som heller inte kunde l\u00e4sa och skriva franska. H\u00e4r gav Alliance Fran\u00e7aise en unik m\u00f6jlighet f\u00f6r vuxna i Frankrike, men ocks\u00e5 f\u00f6r barn och vuxna i kolonierna att l\u00e4ra sig l\u00e4sa och skriva p\u00e5 franska. De fick \u00e4ven tillg\u00e5ng till den franska kulturen och litteraturen. Alliance Fran\u00e7aise \u00e4r fortfarande ledande i v\u00e4rlden, n\u00e4r det g\u00e4ller att f\u00f6rmedla och utbilda m\u00e4nniskor i franska som fr\u00e4mmande spr\u00e5k. Alliance Fran\u00e7ais finns i alla v\u00e4rldsdelar. P\u00e5 kort tid bildades f\u00f6reningar i m\u00e5nga av Europas l\u00e4nder, Orienten, Amerika och Australien. Alliance Fran\u00e7aise finns i dag i 130 l\u00e4nder. Den f\u00f6rsta alliansen i Sverige grundades i Stockholm 1889. Som fj\u00e4rde f\u00f6rening i landet bildades Allians Fran\u00e7aise i Link\u00f6ping\u00a01919. Det verkliga arbetet kom f\u00f6rst i g\u00e5ng 1920. N\u00e5gra data f\u00f6r Allians Fran\u00e7aise i Link\u00f6ping \u00e4r: 45 medlemmar. N\u00e5gra nya medlemmar per \u00e5r. 6 sammankomster per \u00e5r. En v\u00e5rutflykt varje \u00e5r tillsammans med allianserna i Norrk\u00f6ping och Nyk\u00f6ping. Totalt finns i dag 17 Alliance Fran\u00e7aise- f\u00f6reningar i Sverige med totalt ca 3000 medlemmar. Till skillnad fr\u00e5n Alliance Fran\u00e7ais i andra l\u00e4nder, bedriver AF i Sverige ingen undervisning i franska spr\u00e5ket. Styrelsen i Alliance Fran\u00e7ais de Link\u00f6ping Eva-Lena Bardordf\u00f6randeevalena.bard@gmail.com \u00a0 \u00a0 Kenneth Anderini kass\u00f6rkenneth.anderini@telia.com \u00a0 \u00a0 Francesca JouannetStyrelseledamotfrancesca.jouannet@utb.linkoping.se Annika Morinstyrelseledamotannika.morin@utb.linkoping.se Anette Gentile Styrelseledamot Anette-gentile2@gmail.com<\/p>\n","protected":false},"author":1,"featured_media":0,"parent":0,"menu_order":0,"comment_status":"closed","ping_status":"closed","template":"","meta":{"om_disable_all_campaigns":false,"_monsterinsights_skip_tracking":false,"_monsterinsights_sitenote_active":false,"_monsterinsights_sitenote_note":"","_monsterinsights_sitenote_category":0,"_uf_show_specific_survey":0,"_uf_disable_surveys":false,"footnotes":""},"class_list":["post-61","page","type-page","status-publish","hentry"],"aioseo_notices":[],"rttpg_featured_image_url":null,"rttpg_author":{"display_name":"Super.admin","author_link":"https:\/\/alliancefr.se\/linkoping\/author\/admin2174\/"},"rttpg_comment":0,"rttpg_category":" <a href=\"https:\/\/alliancefr.se\/linkoping\/sv\/\" rel=\"tag\">Svenska<\/a>","rttpg_excerpt":"V\u00e4lkommen till Alliance Fran\u00e7ais de Link\u00f6ping! \u00c4r du intresserad av Frankrike och den franskspr\u00e5kiga v\u00e4rlden? Franska spr\u00e5ket talas i olika l\u00e4nder i alla v\u00e4rldsdelar. Vi bjuder in till f\u00f6redrag om fransk politik, musik, historia och litteratur. Det g\u00f6r vi i form av informella tr\u00e4ffar som brukar \u00e4ga rum p\u00e5 Folkuniversitetet i Link\u00f6ping. L\u00e5ter det intressant?\u2026","_links":{"self":[{"href":"https:\/\/alliancefr.se\/linkoping\/wp-json\/wp\/v2\/pages\/61","targetHints":{"allow":["GET"]}}],"collection":[{"href":"https:\/\/alliancefr.se\/linkoping\/wp-json\/wp\/v2\/pages"}],"about":[{"href":"https:\/\/alliancefr.se\/linkoping\/wp-json\/wp\/v2\/types\/page"}],"author":[{"embeddable":true,"href":"https:\/\/alliancefr.se\/linkoping\/wp-json\/wp\/v2\/users\/1"}],"replies":[{"embeddable":true,"href":"https:\/\/alliancefr.se\/linkoping\/wp-json\/wp\/v2\/comments?post=61"}],"version-history":[{"count":21,"href":"https:\/\/alliancefr.se\/linkoping\/wp-json\/wp\/v2\/pages\/61\/revisions"}],"predecessor-version":[{"id":684,"href":"https:\/\/alliancefr.se\/linkoping\/wp-json\/wp\/v2\/pages\/61\/revisions\/684"}],"wp:attachment":[{"href":"https:\/\/alliancefr.se\/linkoping\/wp-json\/wp\/v2\/media?parent=61"}],"curies":[{"name":"wp","href":"https:\/\/api.w.org\/{rel}","templated":true}]}}