{"id":453,"date":"2023-12-21T19:55:31","date_gmt":"2023-12-21T18:55:31","guid":{"rendered":"https:\/\/alliancefr.se\/linkoping\/?page_id=453"},"modified":"2023-12-21T19:58:20","modified_gmt":"2023-12-21T18:58:20","slug":"arkiv","status":"publish","type":"page","link":"https:\/\/alliancefr.se\/linkoping\/sv\/arkiv\/","title":{"rendered":"Arkiv"},"content":{"rendered":"\t\t<div data-elementor-type=\"wp-page\" data-elementor-id=\"453\" class=\"elementor elementor-453\">\n\t\t\t\t\t\t<section class=\"elementor-section elementor-top-section elementor-element elementor-element-5cb3817 elementor-section-boxed elementor-section-height-default elementor-section-height-default\" data-id=\"5cb3817\" data-element_type=\"section\">\n\t\t\t\t\t\t<div class=\"elementor-container elementor-column-gap-default\">\n\t\t\t\t\t<div class=\"elementor-column elementor-col-100 elementor-top-column elementor-element elementor-element-55a07ac\" data-id=\"55a07ac\" data-element_type=\"column\">\n\t\t\t<div class=\"elementor-widget-wrap elementor-element-populated\">\n\t\t\t\t\t\t<div class=\"elementor-element elementor-element-9d8cd48 elementor-widget elementor-widget-text-editor\" data-id=\"9d8cd48\" data-element_type=\"widget\" data-widget_type=\"text-editor.default\">\n\t\t\t\t<div class=\"elementor-widget-container\">\n\t\t\t\t\t\t\t\t\t<p><strong>Uppt\u00e4ck Alliance Fran\u00e7aise de Link\u00f6pings program fr\u00e5n tidigare \u00e5r:<\/strong><\/p><p><a href=\"https:\/\/alliancefr.se\/linkoping\/programme-automne-2023\/\">H\u00f6st 2023<\/a><br \/><a href=\"https:\/\/alliancefr.se\/linkoping\/programme-printemps-2023\/\">V\u00e5r 2023<\/a><\/p><p><a href=\"https:\/\/alliancefr.se\/linkoping\/programme-automne-2022\/\">H\u00f6st2022<\/a><br \/><a href=\"https:\/\/alliancefr.se\/linkoping\/programme-printemps-2022\/\">V\u00e5r 2022<\/a><\/p><p><a href=\"https:\/\/alliancefr.se\/linkoping\/programme-automne-2021\/\">H\u00f6st 2021<\/a><\/p><p><a href=\"https:\/\/alliancefr.se\/linkoping\/programme-automne-2020\/\">H\u00f6st 2020<\/a><br \/><a href=\"https:\/\/alliancefr.se\/linkoping\/programme-printemps-2020\/\">V\u00e5r 2020<\/a><\/p><p><a href=\"https:\/\/alliancefr.se\/linkoping\/programme-automne-2019\/\">H\u00f6st 2019<\/a><br \/><a href=\"https:\/\/alliancefr.se\/linkoping\/programme-printemps-2019\/\">V\u00e5r 2019<\/a><\/p><p><a href=\"https:\/\/alliancefr.se\/linkoping\/programme-automne-2018\/\">H\u00f6st 2018<\/a><br \/><a href=\"https:\/\/alliancefr.se\/linkoping\/programme-printemps-2018\/\">V\u00e5r 2018<\/a><\/p><p><a href=\"https:\/\/alliancefr.se\/linkoping\/programme-automne-2017\/\">H\u00f6st 2017<\/a><br \/><a href=\"https:\/\/alliancefr.se\/linkoping\/programme-printemps-2017\/\">V\u00e5r 2017<\/a><\/p><p><a href=\"https:\/\/alliancefr.se\/linkoping\/programme-automne-2016\/\">H\u00f6st 2016<\/a><br \/><a href=\"https:\/\/alliancefr.se\/linkoping\/programme-printemps-2016\/\">V\u00e5r 2016<\/a><\/p><p><a href=\"https:\/\/alliancefr.se\/linkoping\/programme-automne-2015\/\">H\u00f6st 2015<\/a><br \/><a href=\"https:\/\/alliancefr.se\/linkoping\/programme-printemps-2015\/\">V\u00e5r 2015<\/a><\/p><p><a href=\"https:\/\/alliancefr.se\/linkoping\/programme-automne-2014\/\">H\u00f6st 2014<\/a><br \/><a href=\"https:\/\/alliancefr.se\/linkoping\/programme-printemps-2014\/\">V\u00e5r 2014<\/a><\/p><p><a href=\"https:\/\/alliancefr.se\/linkoping\/programme-automne-2013\/\">H\u00f6st 2013<\/a><br \/><a href=\"https:\/\/alliancefr.se\/linkoping\/programme-printemps-2013\/\">V\u00e5r 2013<\/a><\/p><p><a href=\"https:\/\/alliancefr.se\/linkoping\/programme-automne-2012\/\">H\u00f6st 2012<\/a><br \/><a href=\"https:\/\/alliancefr.se\/linkoping\/programme-printemps-2012\/\">V\u00e5r 2012<\/a><\/p><p><a href=\"https:\/\/alliancefr.se\/linkoping\/programme-automne-2011\/\">H\u00f6st 2011<\/a><br \/><a href=\"https:\/\/alliancefr.se\/linkoping\/programme-printemps-2011\/\">V\u00e5r 2011<\/a><\/p><p><a href=\"https:\/\/alliancefr.se\/linkoping\/programme-automne-2010\/\">H\u00f6st 2010<\/a><br \/><a href=\"https:\/\/alliancefr.se\/linkoping\/programme-printemps-2010\/\">V\u00e5r 2010<\/a><\/p><p><a href=\"https:\/\/alliancefr.se\/linkoping\/programme-automne-2009\/\">H\u00f6st\u00a02009<\/a><br \/><a href=\"https:\/\/alliancefr.se\/linkoping\/programme-printemps-2009\/\">V\u00e5r 2009<\/a><\/p><p><a href=\"https:\/\/alliancefr.se\/linkoping\/programme-automne-2008\/\">H\u00f6st 2008<\/a><\/p>\t\t\t\t\t\t\t\t<\/div>\n\t\t\t\t<\/div>\n\t\t\t\t\t<\/div>\n\t\t<\/div>\n\t\t\t\t\t<\/div>\n\t\t<\/section>\n\t\t\t\t<\/div>\n\t\t","protected":false},"excerpt":{"rendered":"<p>Uppt\u00e4ck Alliance Fran\u00e7aise de Link\u00f6pings program fr\u00e5n tidigare \u00e5r: H\u00f6st 2023V\u00e5r 2023 H\u00f6st2022V\u00e5r 2022 H\u00f6st 2021 H\u00f6st 2020V\u00e5r 2020 H\u00f6st 2019V\u00e5r 2019 H\u00f6st 2018V\u00e5r 2018 H\u00f6st 2017V\u00e5r 2017 H\u00f6st 2016V\u00e5r 2016 H\u00f6st 2015V\u00e5r 2015 H\u00f6st 2014V\u00e5r 2014 H\u00f6st 2013V\u00e5r 2013 H\u00f6st 2012V\u00e5r 2012 H\u00f6st 2011V\u00e5r 2011 H\u00f6st 2010V\u00e5r 2010 H\u00f6st\u00a02009V\u00e5r 2009 H\u00f6st 2008<\/p>\n","protected":false},"author":1,"featured_media":0,"parent":0,"menu_order":0,"comment_status":"closed","ping_status":"closed","template":"","meta":{"om_disable_all_campaigns":false,"_monsterinsights_skip_tracking":false,"_monsterinsights_sitenote_active":false,"_monsterinsights_sitenote_note":"","_monsterinsights_sitenote_category":0,"_uf_show_specific_survey":0,"_uf_disable_surveys":false,"footnotes":""},"class_list":["post-453","page","type-page","status-publish","hentry"],"aioseo_notices":[],"rttpg_featured_image_url":null,"rttpg_author":{"display_name":"Super.admin","author_link":"https:\/\/alliancefr.se\/linkoping\/author\/admin2174\/"},"rttpg_comment":0,"rttpg_category":" <a href=\"https:\/\/alliancefr.se\/linkoping\/sv\/\" rel=\"tag\">Svenska<\/a>","rttpg_excerpt":"Uppt\u00e4ck Alliance Fran\u00e7aise de Link\u00f6pings program fr\u00e5n tidigare \u00e5r: H\u00f6st 2023V\u00e5r 2023 H\u00f6st2022V\u00e5r 2022 H\u00f6st 2021 H\u00f6st 2020V\u00e5r 2020 H\u00f6st 2019V\u00e5r 2019 H\u00f6st 2018V\u00e5r 2018 H\u00f6st 2017V\u00e5r 2017 H\u00f6st 2016V\u00e5r 2016 H\u00f6st 2015V\u00e5r 2015 H\u00f6st 2014V\u00e5r 2014 H\u00f6st 2013V\u00e5r 2013 H\u00f6st 2012V\u00e5r 2012 H\u00f6st 2011V\u00e5r 2011 H\u00f6st 2010V\u00e5r 2010 H\u00f6st\u00a02009V\u00e5r 2009 H\u00f6st 2008","_links":{"self":[{"href":"https:\/\/alliancefr.se\/linkoping\/wp-json\/wp\/v2\/pages\/453","targetHints":{"allow":["GET"]}}],"collection":[{"href":"https:\/\/alliancefr.se\/linkoping\/wp-json\/wp\/v2\/pages"}],"about":[{"href":"https:\/\/alliancefr.se\/linkoping\/wp-json\/wp\/v2\/types\/page"}],"author":[{"embeddable":true,"href":"https:\/\/alliancefr.se\/linkoping\/wp-json\/wp\/v2\/users\/1"}],"replies":[{"embeddable":true,"href":"https:\/\/alliancefr.se\/linkoping\/wp-json\/wp\/v2\/comments?post=453"}],"version-history":[{"count":7,"href":"https:\/\/alliancefr.se\/linkoping\/wp-json\/wp\/v2\/pages\/453\/revisions"}],"predecessor-version":[{"id":460,"href":"https:\/\/alliancefr.se\/linkoping\/wp-json\/wp\/v2\/pages\/453\/revisions\/460"}],"wp:attachment":[{"href":"https:\/\/alliancefr.se\/linkoping\/wp-json\/wp\/v2\/media?parent=453"}],"curies":[{"name":"wp","href":"https:\/\/api.w.org\/{rel}","templated":true}]}}