{"id":403,"date":"2023-12-21T19:09:51","date_gmt":"2023-12-21T18:09:51","guid":{"rendered":"https:\/\/alliancefr.se\/linkoping\/?page_id=403"},"modified":"2023-12-21T19:10:10","modified_gmt":"2023-12-21T18:10:10","slug":"programme-printemps-2013","status":"publish","type":"page","link":"https:\/\/alliancefr.se\/linkoping\/programme-printemps-2013\/","title":{"rendered":"Programme printemps 2013"},"content":{"rendered":"\t\t<div data-elementor-type=\"wp-page\" data-elementor-id=\"403\" class=\"elementor elementor-403\">\n\t\t\t\t\t\t<section class=\"elementor-section elementor-top-section elementor-element elementor-element-2fbcae0 elementor-section-boxed elementor-section-height-default elementor-section-height-default\" data-id=\"2fbcae0\" data-element_type=\"section\">\n\t\t\t\t\t\t<div class=\"elementor-container elementor-column-gap-default\">\n\t\t\t\t\t<div class=\"elementor-column elementor-col-100 elementor-top-column elementor-element elementor-element-344cce4\" data-id=\"344cce4\" data-element_type=\"column\">\n\t\t\t<div class=\"elementor-widget-wrap elementor-element-populated\">\n\t\t\t\t\t\t<div class=\"elementor-element elementor-element-2386940 elementor-widget elementor-widget-text-editor\" data-id=\"2386940\" data-element_type=\"widget\" data-widget_type=\"text-editor.default\">\n\t\t\t\t<div class=\"elementor-widget-container\">\n\t\t\t\t\t\t\t\t\t<p>Nous esp\u00e9rons vous retrouver nombreux lors de nos activit\u00e9s.<\/p><p>\u00a0<\/p><p>Le\u00a0<strong>lundi 18 f\u00e9vrier<\/strong>\u00a0\u00e0 19h00 \u00e0 Folkuniversitetet,\u00a0<a href=\"http:\/\/kartor.eniro.se\/m\/9JKbh\">S:t Larsgatan 44, salle 22<\/a><\/p><p align=\"center\"><strong>La r\u00e9union annuelle<\/strong><\/p><p>Apr\u00e8s la r\u00e9union annuelle nous\u00a0sommes tr\u00e8s contents d&rsquo;avoir notre cher ami\u00a0\u00a0<strong>Michel Barbier<\/strong>\u00a0chez nous. Il va parler de:<\/p><p>\u00a0<\/p><p align=\"center\">\u201c<strong>Marseille &#8211; 26 si\u00e8cles et un avenir.<\/strong>\u00ab\u00a0<\/p><p>\u00a0<\/p><p>Marseille est la\u00a0capitale europ\u00e9enne de la culture en cette ann\u00e9e 2013.<\/p><p>\u00a0<\/p><p><em>Apr\u00e8s la conf\u00e9rence notre ma\u00eetre de c\u00e9r\u00e9monie, Christer Gr\u00f6nevall, nous servira un petit souper (150:- ). Inscription (bindande) au plus tard le\u00a0<strong>13 f\u00e9vrier<\/strong>\u00a0aupr\u00e8s de Christer Gr\u00f6nevall t\u00e9l 0705 778216 ou d&rsquo;Ulla Starkhammar t\u00e9l. 013 60650<\/em><\/p><p>\u00a0<\/p><p>Le\u00a0<strong>mercredi 20 mars<\/strong>\u00a0\u00e0 19h00 \u00e0 Folkuniversitetet,\u00a0<a href=\"http:\/\/kartor.eniro.se\/m\/9JKbh\">S:t Larsgatan 44, salle 22<\/a><\/p><p align=\"center\">\u201d<strong>L&rsquo;hu\u00eetre de la mer \u00e0 la table.<\/strong>\u201d<\/p><p><strong>Michel Renault\u00a0<\/strong>d&rsquo;\u00d6rebro, originaire de Bordeaux, nous pr\u00e9sentera un th\u00e8me sur l&rsquo;hu\u00eetre, embl\u00e8me de sa r\u00e9gion d&rsquo;origine.<\/p><p><em>D\u00e9gustation\u00a0d&rsquo;une hu\u00eetre et d&rsquo;un petit verre de Chablis\u00a0( 50:-).<\/em><\/p><p>\u00a0<\/p><p>Le\u00a0<strong>lundi 22 avril\u00a0<\/strong>\u00e0 19h00\u00a0\u00e0 Folkuniversitetet,\u00a0<a href=\"http:\/\/kartor.eniro.se\/m\/9JKbh\">S:t Larsgatan 44, salle 22<\/a><\/p><p align=\"center\">\u00ab\u00a0<strong>D\u00e9gustation de vins rouges fran\u00e7ais.<\/strong>\u00ab\u00a0<\/p><p align=\"center\">\u00a0<\/p><p><strong>Birgitta Samuelsson\u00a0<\/strong>de Link\u00f6ping va\u00a0nous guider en su\u00e8dois dans une d\u00e9gustation de quatre vins rouges de diff\u00e9rentes r\u00e9gions fran\u00e7aises.<\/p><p>Apportez quatre verres s&rsquo;il vous pla\u00eet! Apr\u00e8s la d\u00e9gustation nous servirons du fromage. Prix pour la d\u00e9gustation et le fromage 100:-.<\/p><p>Inscription avant le\u00a0<strong>16 avril<\/strong>\u00a0aup\u00e8s d&rsquo;Ulla Starkhammar t\u00e9l. 013 60650.<\/p><p>F\u00f6rel\u00e4sningen sker p\u00e5 svenska.<\/p><p>\u00a0<\/p><p>Le\u00a0<strong>samedi 25 mai L&rsquo;excursion du printemps<\/strong>.<\/p><p>Cette ann\u00e9e c&rsquo;est l&rsquo;A.F. de Norrk\u00f6ping gui arrange l&rsquo;excursion. Nous nous voyons \u00e0 10h00 devant\u00a0<a href=\"http:\/\/www.godegard.se\/\">Porslinsmus\u00e9et \u00e0 Godeg\u00e5rd<\/a>. Nous prenons une tasse de caf\u00e9 \u00e0 Tr\u00e4dg\u00e5rdsm\u00e4starbostaden. Ap\u00e8s le caf\u00e9 nous aurons une visite guid\u00e9e du mus\u00e9e et du manoir. Le d\u00e9jeuner sera servi vers 13 heures \u00e0 Tj\u00e4llmo V\u00e4rdshus. Prix pour la visite guid\u00e9e et le d\u00e9jeuner 280:-.<\/p><p><em>Inscription (bindande) au plus tard le\u00a0<strong>12 mai<\/strong>\u00a0aupr\u00e8s d&rsquo;Ulla Starkhammar t\u00e9l. 013 60650 ou de Torsten Ericsson t\u00e9l. 013 172080<\/em><\/p><p>\u00a0<\/p><p><strong>Soyez les bienvenus!<\/strong><\/p>\t\t\t\t\t\t\t\t<\/div>\n\t\t\t\t<\/div>\n\t\t\t\t\t<\/div>\n\t\t<\/div>\n\t\t\t\t\t<\/div>\n\t\t<\/section>\n\t\t\t\t<\/div>\n\t\t","protected":false},"excerpt":{"rendered":"<p>Nous esp\u00e9rons vous retrouver nombreux lors de nos activit\u00e9s. \u00a0 Le\u00a0lundi 18 f\u00e9vrier\u00a0\u00e0 19h00 \u00e0 Folkuniversitetet,\u00a0S:t Larsgatan 44, salle 22 La r\u00e9union annuelle Apr\u00e8s la r\u00e9union annuelle nous\u00a0sommes tr\u00e8s contents d&rsquo;avoir notre cher ami\u00a0\u00a0Michel Barbier\u00a0chez nous. Il va parler de: \u00a0 \u201cMarseille &#8211; 26 si\u00e8cles et un avenir.\u00ab\u00a0 \u00a0 Marseille est la\u00a0capitale europ\u00e9enne de la culture en cette ann\u00e9e 2013. \u00a0 Apr\u00e8s la conf\u00e9rence notre ma\u00eetre de c\u00e9r\u00e9monie, Christer Gr\u00f6nevall, nous servira un petit souper (150:- ). Inscription (bindande) au plus tard le\u00a013 f\u00e9vrier\u00a0aupr\u00e8s de Christer Gr\u00f6nevall t\u00e9l 0705 778216 ou d&rsquo;Ulla Starkhammar t\u00e9l. 013 60650 \u00a0 Le\u00a0mercredi 20 mars\u00a0\u00e0 19h00 \u00e0 Folkuniversitetet,\u00a0S:t Larsgatan 44, salle 22 \u201dL&rsquo;hu\u00eetre de la mer \u00e0 la table.\u201d Michel Renault\u00a0d&rsquo;\u00d6rebro, originaire de Bordeaux, nous pr\u00e9sentera un th\u00e8me sur l&rsquo;hu\u00eetre, embl\u00e8me de sa r\u00e9gion d&rsquo;origine. D\u00e9gustation\u00a0d&rsquo;une hu\u00eetre et d&rsquo;un petit verre de Chablis\u00a0( 50:-). \u00a0 Le\u00a0lundi 22 avril\u00a0\u00e0 19h00\u00a0\u00e0 Folkuniversitetet,\u00a0S:t Larsgatan 44, salle 22 \u00ab\u00a0D\u00e9gustation de vins rouges fran\u00e7ais.\u00ab\u00a0 \u00a0 Birgitta Samuelsson\u00a0de Link\u00f6ping va\u00a0nous guider en su\u00e8dois dans une d\u00e9gustation de quatre vins rouges de diff\u00e9rentes r\u00e9gions fran\u00e7aises. Apportez quatre verres s&rsquo;il vous pla\u00eet! Apr\u00e8s la d\u00e9gustation nous servirons du fromage. Prix pour la d\u00e9gustation et le fromage 100:-. Inscription avant le\u00a016 avril\u00a0aup\u00e8s d&rsquo;Ulla Starkhammar t\u00e9l. 013 60650. F\u00f6rel\u00e4sningen sker p\u00e5 svenska. \u00a0 Le\u00a0samedi 25 mai L&rsquo;excursion du printemps. Cette ann\u00e9e c&rsquo;est l&rsquo;A.F. de Norrk\u00f6ping gui arrange l&rsquo;excursion. Nous nous voyons \u00e0 10h00 devant\u00a0Porslinsmus\u00e9et \u00e0 Godeg\u00e5rd. Nous prenons une tasse de caf\u00e9 \u00e0 Tr\u00e4dg\u00e5rdsm\u00e4starbostaden. Ap\u00e8s le caf\u00e9 nous aurons une visite guid\u00e9e du mus\u00e9e et du manoir. Le d\u00e9jeuner sera servi vers 13 heures \u00e0 Tj\u00e4llmo V\u00e4rdshus. Prix pour la visite guid\u00e9e et le d\u00e9jeuner 280:-. Inscription (bindande) au plus tard le\u00a012 mai\u00a0aupr\u00e8s d&rsquo;Ulla Starkhammar t\u00e9l. 013 60650 ou de Torsten Ericsson t\u00e9l. 013 172080 \u00a0 Soyez les bienvenus!<\/p>\n","protected":false},"author":1,"featured_media":0,"parent":0,"menu_order":0,"comment_status":"closed","ping_status":"closed","template":"","meta":{"om_disable_all_campaigns":false,"_monsterinsights_skip_tracking":false,"_monsterinsights_sitenote_active":false,"_monsterinsights_sitenote_note":"","_monsterinsights_sitenote_category":0,"_uf_show_specific_survey":0,"_uf_disable_surveys":false,"footnotes":""},"class_list":["post-403","page","type-page","status-publish","hentry"],"aioseo_notices":[],"rttpg_featured_image_url":null,"rttpg_author":{"display_name":"Super.admin","author_link":"https:\/\/alliancefr.se\/linkoping\/author\/admin2174\/"},"rttpg_comment":0,"rttpg_category":" <a href=\"https:\/\/alliancefr.se\/linkoping\/\" rel=\"tag\">Fran\u00e7ais<\/a>","rttpg_excerpt":"Nous esp\u00e9rons vous retrouver nombreux lors de nos activit\u00e9s. \u00a0 Le\u00a0lundi 18 f\u00e9vrier\u00a0\u00e0 19h00 \u00e0 Folkuniversitetet,\u00a0S:t Larsgatan 44, salle 22 La r\u00e9union annuelle Apr\u00e8s la r\u00e9union annuelle nous\u00a0sommes tr\u00e8s contents d&rsquo;avoir notre cher ami\u00a0\u00a0Michel Barbier\u00a0chez nous. Il va parler de: \u00a0 \u201cMarseille &#8211; 26 si\u00e8cles et un avenir.\u00ab\u00a0 \u00a0 Marseille est la\u00a0capitale europ\u00e9enne de la\u2026","_links":{"self":[{"href":"https:\/\/alliancefr.se\/linkoping\/wp-json\/wp\/v2\/pages\/403","targetHints":{"allow":["GET"]}}],"collection":[{"href":"https:\/\/alliancefr.se\/linkoping\/wp-json\/wp\/v2\/pages"}],"about":[{"href":"https:\/\/alliancefr.se\/linkoping\/wp-json\/wp\/v2\/types\/page"}],"author":[{"embeddable":true,"href":"https:\/\/alliancefr.se\/linkoping\/wp-json\/wp\/v2\/users\/1"}],"replies":[{"embeddable":true,"href":"https:\/\/alliancefr.se\/linkoping\/wp-json\/wp\/v2\/comments?post=403"}],"version-history":[{"count":4,"href":"https:\/\/alliancefr.se\/linkoping\/wp-json\/wp\/v2\/pages\/403\/revisions"}],"predecessor-version":[{"id":407,"href":"https:\/\/alliancefr.se\/linkoping\/wp-json\/wp\/v2\/pages\/403\/revisions\/407"}],"wp:attachment":[{"href":"https:\/\/alliancefr.se\/linkoping\/wp-json\/wp\/v2\/media?parent=403"}],"curies":[{"name":"wp","href":"https:\/\/api.w.org\/{rel}","templated":true}]}}