{"id":393,"date":"2023-12-21T19:06:58","date_gmt":"2023-12-21T18:06:58","guid":{"rendered":"https:\/\/alliancefr.se\/linkoping\/?page_id=393"},"modified":"2023-12-21T19:07:15","modified_gmt":"2023-12-21T18:07:15","slug":"programme-printemps-2014","status":"publish","type":"page","link":"https:\/\/alliancefr.se\/linkoping\/programme-printemps-2014\/","title":{"rendered":"Programme printemps 2014"},"content":{"rendered":"\t\t<div data-elementor-type=\"wp-page\" data-elementor-id=\"393\" class=\"elementor elementor-393\">\n\t\t\t\t\t\t<section class=\"elementor-section elementor-top-section elementor-element elementor-element-1d36c61 elementor-section-boxed elementor-section-height-default elementor-section-height-default\" data-id=\"1d36c61\" data-element_type=\"section\">\n\t\t\t\t\t\t<div class=\"elementor-container elementor-column-gap-default\">\n\t\t\t\t\t<div class=\"elementor-column elementor-col-100 elementor-top-column elementor-element elementor-element-e2a6c75\" data-id=\"e2a6c75\" data-element_type=\"column\">\n\t\t\t<div class=\"elementor-widget-wrap elementor-element-populated\">\n\t\t\t\t\t\t<div class=\"elementor-element elementor-element-ed63cb6 elementor-widget elementor-widget-text-editor\" data-id=\"ed63cb6\" data-element_type=\"widget\" data-widget_type=\"text-editor.default\">\n\t\t\t\t<div class=\"elementor-widget-container\">\n\t\t\t\t\t\t\t\t\t<p>Nous esp\u00e9rons vous retrouver nombreux lors de nos activit\u00e9s.<\/p><p>\u00a0<\/p><p>Le\u00a0<strong>\u00a0mardi 4 f\u00e9vrier<\/strong>\u00a0\u00e0 19h00 \u00e0 Folkuniversitetet,\u00a0<a href=\"http:\/\/kartor.eniro.se\/m\/9JKbh\">S:t Larsgatan 44<\/a><\/p><p align=\"center\"><strong>La r\u00e9union annuelle<\/strong><\/p><p>Apr\u00e8s la r\u00e9union annuelle\u00a0\u00a0<strong>M. Pierre Labbe<\/strong>,\u00a0Conseiller de Coop\u00e9ration et d&rsquo;Action Culturelle, Ambassade de France en Su\u00e8de, fera une conf\u00e9rence sur \u201c<strong>La francophonie. Une bataille entre fran\u00e7ais et anglais?<\/strong>\u00ab\u00a0<\/p><p>\u00a0<\/p><p><em>Un verre amical sera servi apr\u00e8s la conf\u00e9rence (50:-).<\/em><\/p><p>\u00a0<\/p><p>Le\u00a0<strong>lundi\u00a017 mars<\/strong>\u00a0\u00e0 19h00 \u00e0 Folkuniversitetet,\u00a0<a href=\"http:\/\/kartor.eniro.se\/m\/9JKbh\">S:t Larsgatan 44<\/a><\/p><p><strong>M. Cristophe Luciani<\/strong>, Europasr\u00e5k, Stockholm, parlera de<br \/>\u201d<strong>La vie des fran\u00e7ais pendant la premi\u00e8re guerre mondiale.<\/strong>\u201d\u00a0<\/p><p>2014 &#8211; 100 ans apr\u00e8s le d\u00e9clenchement de la grande guerre.<br \/>M. Luciani nous a dej\u00e0 visit\u00e9 quelques fois et ses conf\u00e9rences ont toujours \u00e9t\u00e9 tr\u00e8s estim\u00e9es<\/p><p><em>Un verre amical sera servi apr\u00e8s la conf\u00e9rence (50:-).<\/em><\/p><p>\u00a0<\/p><p>Le\u00a0<strong>mardi 8 avril\u00a0<\/strong>\u00e0 19h00\u00a0\u00e0 Folkuniversitetet,\u00a0<a href=\"http:\/\/kartor.eniro.se\/m\/9JKbh\">S:t Larsgatan 44<\/a><\/p><p><strong>M. Mathieu Linares<\/strong>, Universit\u00e9 de Link\u00f6ping va\u00a0faire une causerie et chanter des chansons acommpagn\u00e9es \u00e0 la guitare sur requ\u00eate. Si vous avez des chansons, des chanteurs ou chanteuses que vous voulez \u00e9couter, donner vos suggestions deux semaines avant la conf\u00e9rence \u00e0 Ulla Starkhammar 013 60650 ou \u00e0 Torten Ericsson 013 172080<\/p><p><em>Apr\u00e8s la conf\u00e9rence notre ma\u00eetre de c\u00e9r\u00e9monie, Christer Gr\u00f6nevall, nous servira un petit souper (150:- ).<br \/>Inscription (bindande) au plus tard le\u00a0<strong>2 avril<\/strong>\u00a0aupr\u00e8s de Christer Gr\u00f6nevall t\u00e9l 0705 778216 ou d&rsquo;Ulla Starkhammar t\u00e9l. 013 60650<\/em><\/p><p>\u00a0<\/p><p>Le\u00a0<strong>samedi\u00a010 mai L&rsquo;excursion du printemps<\/strong>.<\/p><p>Cette foisc&rsquo;est l&rsquo;A.F. de Link\u00f6ping gui a le plaisir d&rsquo;inviter les alliances de Norrk\u00f6ping et Nyk\u00f6ping \u00e0 Link\u00f6ping. Nous nous voyons devant le ch\u00e2teau de Link\u00f6ping \u00e0 10h00\u00a0pour une tasse de caf\u00e9. A 10h30 nous aurons une visite guid\u00e9e du ch\u00e2teau par le pr\u00e9fet Elisabeth Nilsson avec un peu d&rsquo;histoire int\u00e9ressante. A 11h30 nous aurons une visite guid\u00e9e au mus\u00e9e du ch\u00e2teau et de la cath\u00e9drale. Le d\u00e9jeuner sera servi vers 13h30\u00a0\u00e0\u00a0 V\u00e4rdshuset Gamla Link\u00f6ping. Prix pour la visite guid\u00e9e et le d\u00e9jeuner 250:-.<\/p><p><em>Inscription (bindande) au plus tard le\u00a0<strong>26 avril\u00a0<\/strong>\u00a0 aupr\u00e8s d&rsquo;Ulla Starkhammar t\u00e9l. 013 60650 ou de Torsten Ericsson t\u00e9l. 013 172080<\/em><\/p><p>\u00a0<\/p><p><strong>Soyez les bienvenus!<\/strong><\/p>\t\t\t\t\t\t\t\t<\/div>\n\t\t\t\t<\/div>\n\t\t\t\t\t<\/div>\n\t\t<\/div>\n\t\t\t\t\t<\/div>\n\t\t<\/section>\n\t\t\t\t<\/div>\n\t\t","protected":false},"excerpt":{"rendered":"<p>Nous esp\u00e9rons vous retrouver nombreux lors de nos activit\u00e9s. \u00a0 Le\u00a0\u00a0mardi 4 f\u00e9vrier\u00a0\u00e0 19h00 \u00e0 Folkuniversitetet,\u00a0S:t Larsgatan 44 La r\u00e9union annuelle Apr\u00e8s la r\u00e9union annuelle\u00a0\u00a0M. Pierre Labbe,\u00a0Conseiller de Coop\u00e9ration et d&rsquo;Action Culturelle, Ambassade de France en Su\u00e8de, fera une conf\u00e9rence sur \u201cLa francophonie. Une bataille entre fran\u00e7ais et anglais?\u00ab\u00a0 \u00a0 Un verre amical sera servi apr\u00e8s la conf\u00e9rence (50:-). \u00a0 Le\u00a0lundi\u00a017 mars\u00a0\u00e0 19h00 \u00e0 Folkuniversitetet,\u00a0S:t Larsgatan 44 M. Cristophe Luciani, Europasr\u00e5k, Stockholm, parlera de\u201dLa vie des fran\u00e7ais pendant la premi\u00e8re guerre mondiale.\u201d\u00a0 2014 &#8211; 100 ans apr\u00e8s le d\u00e9clenchement de la grande guerre.M. Luciani nous a dej\u00e0 visit\u00e9 quelques fois et ses conf\u00e9rences ont toujours \u00e9t\u00e9 tr\u00e8s estim\u00e9es Un verre amical sera servi apr\u00e8s la conf\u00e9rence (50:-). \u00a0 Le\u00a0mardi 8 avril\u00a0\u00e0 19h00\u00a0\u00e0 Folkuniversitetet,\u00a0S:t Larsgatan 44 M. Mathieu Linares, Universit\u00e9 de Link\u00f6ping va\u00a0faire une causerie et chanter des chansons acommpagn\u00e9es \u00e0 la guitare sur requ\u00eate. Si vous avez des chansons, des chanteurs ou chanteuses que vous voulez \u00e9couter, donner vos suggestions deux semaines avant la conf\u00e9rence \u00e0 Ulla Starkhammar 013 60650 ou \u00e0 Torten Ericsson 013 172080 Apr\u00e8s la conf\u00e9rence notre ma\u00eetre de c\u00e9r\u00e9monie, Christer Gr\u00f6nevall, nous servira un petit souper (150:- ).Inscription (bindande) au plus tard le\u00a02 avril\u00a0aupr\u00e8s de Christer Gr\u00f6nevall t\u00e9l 0705 778216 ou d&rsquo;Ulla Starkhammar t\u00e9l. 013 60650 \u00a0 Le\u00a0samedi\u00a010 mai L&rsquo;excursion du printemps. Cette foisc&rsquo;est l&rsquo;A.F. de Link\u00f6ping gui a le plaisir d&rsquo;inviter les alliances de Norrk\u00f6ping et Nyk\u00f6ping \u00e0 Link\u00f6ping. Nous nous voyons devant le ch\u00e2teau de Link\u00f6ping \u00e0 10h00\u00a0pour une tasse de caf\u00e9. A 10h30 nous aurons une visite guid\u00e9e du ch\u00e2teau par le pr\u00e9fet Elisabeth Nilsson avec un peu d&rsquo;histoire int\u00e9ressante. A 11h30 nous aurons une visite guid\u00e9e au mus\u00e9e du ch\u00e2teau et de la cath\u00e9drale. Le d\u00e9jeuner sera servi vers 13h30\u00a0\u00e0\u00a0 V\u00e4rdshuset Gamla Link\u00f6ping. Prix pour la visite guid\u00e9e et le d\u00e9jeuner 250:-. Inscription (bindande) au plus tard le\u00a026 avril\u00a0\u00a0 aupr\u00e8s d&rsquo;Ulla Starkhammar t\u00e9l. 013 60650 ou de Torsten Ericsson t\u00e9l. 013 172080 \u00a0 Soyez les bienvenus!<\/p>\n","protected":false},"author":1,"featured_media":0,"parent":0,"menu_order":0,"comment_status":"closed","ping_status":"closed","template":"","meta":{"om_disable_all_campaigns":false,"_monsterinsights_skip_tracking":false,"_monsterinsights_sitenote_active":false,"_monsterinsights_sitenote_note":"","_monsterinsights_sitenote_category":0,"_uf_show_specific_survey":0,"_uf_disable_surveys":false,"footnotes":""},"class_list":["post-393","page","type-page","status-publish","hentry"],"aioseo_notices":[],"rttpg_featured_image_url":null,"rttpg_author":{"display_name":"Super.admin","author_link":"https:\/\/alliancefr.se\/linkoping\/author\/admin2174\/"},"rttpg_comment":0,"rttpg_category":" <a href=\"https:\/\/alliancefr.se\/linkoping\/\" rel=\"tag\">Fran\u00e7ais<\/a>","rttpg_excerpt":"Nous esp\u00e9rons vous retrouver nombreux lors de nos activit\u00e9s. \u00a0 Le\u00a0\u00a0mardi 4 f\u00e9vrier\u00a0\u00e0 19h00 \u00e0 Folkuniversitetet,\u00a0S:t Larsgatan 44 La r\u00e9union annuelle Apr\u00e8s la r\u00e9union annuelle\u00a0\u00a0M. Pierre Labbe,\u00a0Conseiller de Coop\u00e9ration et d&rsquo;Action Culturelle, Ambassade de France en Su\u00e8de, fera une conf\u00e9rence sur \u201cLa francophonie. Une bataille entre fran\u00e7ais et anglais?\u00ab\u00a0 \u00a0 Un verre amical sera servi\u2026","_links":{"self":[{"href":"https:\/\/alliancefr.se\/linkoping\/wp-json\/wp\/v2\/pages\/393","targetHints":{"allow":["GET"]}}],"collection":[{"href":"https:\/\/alliancefr.se\/linkoping\/wp-json\/wp\/v2\/pages"}],"about":[{"href":"https:\/\/alliancefr.se\/linkoping\/wp-json\/wp\/v2\/types\/page"}],"author":[{"embeddable":true,"href":"https:\/\/alliancefr.se\/linkoping\/wp-json\/wp\/v2\/users\/1"}],"replies":[{"embeddable":true,"href":"https:\/\/alliancefr.se\/linkoping\/wp-json\/wp\/v2\/comments?post=393"}],"version-history":[{"count":4,"href":"https:\/\/alliancefr.se\/linkoping\/wp-json\/wp\/v2\/pages\/393\/revisions"}],"predecessor-version":[{"id":397,"href":"https:\/\/alliancefr.se\/linkoping\/wp-json\/wp\/v2\/pages\/393\/revisions\/397"}],"wp:attachment":[{"href":"https:\/\/alliancefr.se\/linkoping\/wp-json\/wp\/v2\/media?parent=393"}],"curies":[{"name":"wp","href":"https:\/\/api.w.org\/{rel}","templated":true}]}}