{"id":310,"date":"2023-12-21T18:35:53","date_gmt":"2023-12-21T17:35:53","guid":{"rendered":"https:\/\/alliancefr.se\/linkoping\/?page_id=310"},"modified":"2023-12-21T18:39:13","modified_gmt":"2023-12-21T17:39:13","slug":"programme-automne-2019","status":"publish","type":"page","link":"https:\/\/alliancefr.se\/linkoping\/programme-automne-2019\/","title":{"rendered":"Programme automne 2019"},"content":{"rendered":"\t\t<div data-elementor-type=\"wp-page\" data-elementor-id=\"310\" class=\"elementor elementor-310\">\n\t\t\t\t\t\t<section class=\"elementor-section elementor-top-section elementor-element elementor-element-b1cf153 elementor-section-boxed elementor-section-height-default elementor-section-height-default\" data-id=\"b1cf153\" data-element_type=\"section\">\n\t\t\t\t\t\t<div class=\"elementor-container elementor-column-gap-default\">\n\t\t\t\t\t<div class=\"elementor-column elementor-col-100 elementor-top-column elementor-element elementor-element-559f0a6\" data-id=\"559f0a6\" data-element_type=\"column\">\n\t\t\t<div class=\"elementor-widget-wrap elementor-element-populated\">\n\t\t\t\t\t\t<div class=\"elementor-element elementor-element-2a1a8cc elementor-widget elementor-widget-text-editor\" data-id=\"2a1a8cc\" data-element_type=\"widget\" data-widget_type=\"text-editor.default\">\n\t\t\t\t<div class=\"elementor-widget-container\">\n\t\t\t\t\t\t\t\t\t<p style=\"font-weight: 400;\">Nous esp\u00e9rons vous retrouver nombreux lors de nos activit\u00e9s. Apportez de la monnaie pour les rafra\u00eechissements. Tout le monde est bienvenu, membre ou pas.<\/p><p><br style=\"font-weight: 400;\" \/><span style=\"font-weight: 400;\">Du\u00a0<\/span><strong>\u00a018 au 21 septembre<\/strong><a style=\"font-weight: 400;\" href=\"http:\/\/kartor.eniro.se\/m\/AP6RQ\"><br \/><\/a><\/p><p style=\"font-weight: 400;\">Tous les membres ont \u00e9t\u00e9 invit\u00e9s \u00e0 visiter certaines institutions importantes \u00e0 Paris. La visite a \u00e9t\u00e9 un succ\u00e8s.<\/p><p style=\"font-weight: 400;\">Voir le\u00a0<a href=\"https:\/\/alliancefr.se\/linkoping\/visites-dinstitutions\/\">compte-rendu.<\/a><\/p><p style=\"font-weight: 400;\">Le\u00a0<strong>\u00a0lundi 21 octobre\u00a0<\/strong>\u00e0 19h00 \u00e0 Folkuniversitetet,\u00a0<a href=\"http:\/\/kartor.eniro.se\/m\/AP6RQ\">S:t Larsgatan, 44<br \/><\/a><\/p><p style=\"font-weight: 400;\">Un duo musical \u2013\u00a0<strong>Paris Sepia<\/strong>\u00a0\u2013 nous divertira. On joue de la musette, de l&rsquo;accord\u00e9on et du banjo, et l&rsquo;on chante.<\/p><p style=\"font-weight: 400;\"><em>Un verre amical sera servi apr\u00e8s la conf\u00e9rence(50 kr)<\/em><\/p><p><span style=\"font-weight: 400;\">\u00a0<\/span><em style=\"font-weight: 400;\"><em><br \/><\/em><\/em><\/p><p style=\"font-weight: 400;\">Le\u00a0<strong>jeudi 7 novembre\u00a0<\/strong>\u00e0 19h00 \u00e0 Folkuniversitetet,\u00a0<a href=\"http:\/\/kartor.eniro.se\/m\/AP6RQ\">S:t Larsgatan 44<br \/><\/a><\/p><p style=\"font-weight: 400;\"><strong>Jean-Robert Viallet<\/strong>\u00a0&#8211; qui va rendre visite \u00e0 toutes les Alliances de Su\u00e8de \u2013 pr\u00e9sentera un visionnage de son film:<\/p><p style=\"font-weight: 400;\">\u201d<strong>L\u00b4homme a mang\u00e9 la Terre<\/strong>\u201d.<\/p><p style=\"font-weight: 400;\"><em>Un verre amical sera servi apr\u00e8s la conf\u00e9rence(50 kr)<\/em><\/p><p><br style=\"font-weight: 400;\" \/><span style=\"font-weight: 400;\">Du\u00a0<\/span><strong>\u00a011 au 24 novembre<\/strong><span style=\"font-weight: 400;\">\u00a0\u00e0 la\u00a0<\/span><a style=\"font-weight: 400;\" href=\"https:\/\/kartor.eniro.se\/m\/xdDR5\">biblioth\u00e8que municipale\u00a0<\/a><span style=\"font-weight: 400;\">de Link\u00f6ping<\/span><br style=\"font-weight: 400;\" \/><br style=\"font-weight: 400;\" \/><\/p><p style=\"font-weight: 400;\">l&rsquo;Alliance Francaise de Link\u00f6ping organisera une exposition publique.<\/p><p><br style=\"font-weight: 400;\" \/><br style=\"font-weight: 400;\" \/><span style=\"font-weight: 400;\">Le\u00a0<\/span><strong>samedi 23 novembre\u00a0<\/strong><span style=\"font-weight: 400;\">de 13h00\u00a0 \u00e0 16h00 \u00e0 la\u00a0<\/span><a style=\"font-weight: 400;\" href=\"https:\/\/kartor.eniro.se\/m\/xdDR5\">biblioth\u00e8que municipale<\/a><br style=\"font-weight: 400;\" \/><span style=\"font-weight: 400;\">\u00a0<\/span><\/p><p style=\"font-weight: 400;\"><i>Des discours seront tenus. Entr\u00e9e ouverte au public.<\/i><\/p><p style=\"font-weight: 400;\"><i>\u00a0<\/i><\/p><p style=\"font-weight: 400;\"><strong>Le\u00a0samedi 23 novembre\u00a0<\/strong>\u00e0 19h00\u00a0\u00e0\u00a0<a href=\"https:\/\/goo.gl\/maps\/zH3fTiWWGvBVtt38A\">Hagdahls<\/a>, Vasav\u00e4gen 16<strong><br \/>\u00a0<\/strong><\/p><p style=\"font-weight: 400;\"><i>Un<\/i><strong><i>\u00a0Grand d\u00eener\u00a0<\/i><\/strong><i>de f\u00eate est pr\u00e9vu.<\/i><\/p><p style=\"font-weight: 400;\"><i>Une invitation sera bient\u00f4t envoy\u00e9e\u00a0<\/i><i>\u00e0 tous les membres.<br \/><\/i><\/p><p style=\"font-weight: 400;\"><strong>Soyez les bienvenus!<\/strong><\/p>\t\t\t\t\t\t\t\t<\/div>\n\t\t\t\t<\/div>\n\t\t\t\t\t<\/div>\n\t\t<\/div>\n\t\t\t\t\t<\/div>\n\t\t<\/section>\n\t\t\t\t<\/div>\n\t\t","protected":false},"excerpt":{"rendered":"<p>Nous esp\u00e9rons vous retrouver nombreux lors de nos activit\u00e9s. Apportez de la monnaie pour les rafra\u00eechissements. Tout le monde est bienvenu, membre ou pas. Du\u00a0\u00a018 au 21 septembre Tous les membres ont \u00e9t\u00e9 invit\u00e9s \u00e0 visiter certaines institutions importantes \u00e0 Paris. La visite a \u00e9t\u00e9 un succ\u00e8s. Voir le\u00a0compte-rendu. Le\u00a0\u00a0lundi 21 octobre\u00a0\u00e0 19h00 \u00e0 Folkuniversitetet,\u00a0S:t Larsgatan, 44 Un duo musical \u2013\u00a0Paris Sepia\u00a0\u2013 nous divertira. On joue de la musette, de l&rsquo;accord\u00e9on et du banjo, et l&rsquo;on chante. Un verre amical sera servi apr\u00e8s la conf\u00e9rence(50 kr) \u00a0 Le\u00a0jeudi 7 novembre\u00a0\u00e0 19h00 \u00e0 Folkuniversitetet,\u00a0S:t Larsgatan 44 Jean-Robert Viallet\u00a0&#8211; qui va rendre visite \u00e0 toutes les Alliances de Su\u00e8de \u2013 pr\u00e9sentera un visionnage de son film: \u201dL\u00b4homme a mang\u00e9 la Terre\u201d. Un verre amical sera servi apr\u00e8s la conf\u00e9rence(50 kr) Du\u00a0\u00a011 au 24 novembre\u00a0\u00e0 la\u00a0biblioth\u00e8que municipale\u00a0de Link\u00f6ping l&rsquo;Alliance Francaise de Link\u00f6ping organisera une exposition publique. Le\u00a0samedi 23 novembre\u00a0de 13h00\u00a0 \u00e0 16h00 \u00e0 la\u00a0biblioth\u00e8que municipale\u00a0 Des discours seront tenus. Entr\u00e9e ouverte au public. \u00a0 Le\u00a0samedi 23 novembre\u00a0\u00e0 19h00\u00a0\u00e0\u00a0Hagdahls, Vasav\u00e4gen 16\u00a0 Un\u00a0Grand d\u00eener\u00a0de f\u00eate est pr\u00e9vu. Une invitation sera bient\u00f4t envoy\u00e9e\u00a0\u00e0 tous les membres. Soyez les bienvenus!<\/p>\n","protected":false},"author":1,"featured_media":0,"parent":0,"menu_order":0,"comment_status":"closed","ping_status":"closed","template":"","meta":{"om_disable_all_campaigns":false,"_monsterinsights_skip_tracking":false,"_monsterinsights_sitenote_active":false,"_monsterinsights_sitenote_note":"","_monsterinsights_sitenote_category":0,"_uf_show_specific_survey":0,"_uf_disable_surveys":false,"footnotes":""},"class_list":["post-310","page","type-page","status-publish","hentry"],"aioseo_notices":[],"rttpg_featured_image_url":null,"rttpg_author":{"display_name":"Super.admin","author_link":"https:\/\/alliancefr.se\/linkoping\/author\/admin2174\/"},"rttpg_comment":0,"rttpg_category":" <a href=\"https:\/\/alliancefr.se\/linkoping\/\" rel=\"tag\">Fran\u00e7ais<\/a>","rttpg_excerpt":"Nous esp\u00e9rons vous retrouver nombreux lors de nos activit\u00e9s. Apportez de la monnaie pour les rafra\u00eechissements. Tout le monde est bienvenu, membre ou pas. Du\u00a0\u00a018 au 21 septembre Tous les membres ont \u00e9t\u00e9 invit\u00e9s \u00e0 visiter certaines institutions importantes \u00e0 Paris. La visite a \u00e9t\u00e9 un succ\u00e8s. Voir le\u00a0compte-rendu. Le\u00a0\u00a0lundi 21 octobre\u00a0\u00e0 19h00 \u00e0 Folkuniversitetet,\u00a0S:t\u2026","_links":{"self":[{"href":"https:\/\/alliancefr.se\/linkoping\/wp-json\/wp\/v2\/pages\/310","targetHints":{"allow":["GET"]}}],"collection":[{"href":"https:\/\/alliancefr.se\/linkoping\/wp-json\/wp\/v2\/pages"}],"about":[{"href":"https:\/\/alliancefr.se\/linkoping\/wp-json\/wp\/v2\/types\/page"}],"author":[{"embeddable":true,"href":"https:\/\/alliancefr.se\/linkoping\/wp-json\/wp\/v2\/users\/1"}],"replies":[{"embeddable":true,"href":"https:\/\/alliancefr.se\/linkoping\/wp-json\/wp\/v2\/comments?post=310"}],"version-history":[{"count":7,"href":"https:\/\/alliancefr.se\/linkoping\/wp-json\/wp\/v2\/pages\/310\/revisions"}],"predecessor-version":[{"id":322,"href":"https:\/\/alliancefr.se\/linkoping\/wp-json\/wp\/v2\/pages\/310\/revisions\/322"}],"wp:attachment":[{"href":"https:\/\/alliancefr.se\/linkoping\/wp-json\/wp\/v2\/media?parent=310"}],"curies":[{"name":"wp","href":"https:\/\/api.w.org\/{rel}","templated":true}]}}