{"id":282,"date":"2023-12-21T16:59:26","date_gmt":"2023-12-21T15:59:26","guid":{"rendered":"https:\/\/alliancefr.se\/linkoping\/?page_id=282"},"modified":"2023-12-21T16:59:49","modified_gmt":"2023-12-21T15:59:49","slug":"programme-printemps-2022","status":"publish","type":"page","link":"https:\/\/alliancefr.se\/linkoping\/programme-printemps-2022\/","title":{"rendered":"Programme printemps 2022"},"content":{"rendered":"\t\t<div data-elementor-type=\"wp-page\" data-elementor-id=\"282\" class=\"elementor elementor-282\">\n\t\t\t\t\t\t<section class=\"elementor-section elementor-top-section elementor-element elementor-element-5e77e6c elementor-section-boxed elementor-section-height-default elementor-section-height-default\" data-id=\"5e77e6c\" data-element_type=\"section\">\n\t\t\t\t\t\t<div class=\"elementor-container elementor-column-gap-default\">\n\t\t\t\t\t<div class=\"elementor-column elementor-col-100 elementor-top-column elementor-element elementor-element-ceecf43\" data-id=\"ceecf43\" data-element_type=\"column\">\n\t\t\t<div class=\"elementor-widget-wrap elementor-element-populated\">\n\t\t\t\t\t\t<div class=\"elementor-element elementor-element-589ba85 elementor-widget elementor-widget-text-editor\" data-id=\"589ba85\" data-element_type=\"widget\" data-widget_type=\"text-editor.default\">\n\t\t\t\t<div class=\"elementor-widget-container\">\n\t\t\t\t\t\t\t\t\t<p style=\"font-weight: 400;\">Nous esp\u00e9rons vous retrouver nombreux lors de nos activit\u00e9s. Apportez de la monnaie pour les rafra\u00eechissements. Tout le monde est bienvenu, membre ou pas.<\/p><p><br style=\"font-weight: 400;\" \/><br style=\"font-weight: 400;\" \/><\/p><p style=\"font-weight: 400;\">Le\u00a0<strong>\u00a0mercredi 9 mars\u00a0<\/strong>\u00e0 19h00 \u00e0\u00a0<a href=\"https:\/\/kartor.eniro.se\/m\/AjzTP\">F\u00f6reningshuset Font\u00e4nen<\/a>,<br \/>(gamla Brandstationen p\u00e5 V\u00e4stra V\u00e4gen 32 i Link\u00f6ping),rum Vegesack en trappa upp i huvudbyggnaden (rum nr 371).<br \/>G\u00e5 till huvudentr\u00e9n Font\u00e4nen. N\u00e5gon fr\u00e5n f\u00f6reningen kommer att ta emot vid huvudentr\u00e9n kl 18.30-19.00. Vid ankomst efter kl 19.00 (men ankomst b\u00f6r helst ske senast kl 18.55) vv ring Christer Gr\u00f6nevall 070-5778216.<br \/>\u00a0<\/p><p style=\"font-weight: 400;\"><strong>Assembl\u00e9e annuelle<\/strong><\/p><p style=\"font-weight: 400;\">Gastronomen\u00a0<strong>Peter \u00d6lander<\/strong>\u00a0h\u00e5ller f\u00f6redrag, mestadels p\u00e5 svenska, om tillblivelsen av ostron; La vie sauvage des huitres.<\/p><p style=\"font-weight: 400;\"><em>Un verre amical sera servi apr\u00e8s la conf\u00e9rence (50 kr).<\/em><\/p><p><span style=\"font-weight: 400;\">\u00a0<\/span><em style=\"font-weight: 400;\"><em><br \/><\/em><\/em><\/p><p style=\"font-weight: 400;\">Le\u00a0<strong>mardi 5 avril\u00a0<\/strong>\u00e0 19h00 \u00e0\u00a0<a href=\"https:\/\/kartor.eniro.se\/m\/AjzTP\">F\u00f6reningshuset Font\u00e4nen<\/a>,<br \/>(gamla Brandstationen p\u00e5 V\u00e4stra V\u00e4gen 32 i Link\u00f6ping),rum Vegesack en trappa upp i huvudbyggnaden (rum nr 371).<br \/>G\u00e5 till huvudentr\u00e9n Font\u00e4nen. N\u00e5gon fr\u00e5n f\u00f6reningen kommer att ta emot vid huvudentr\u00e9n kl 18.30-19.00.. Vid sen ankomst; vv ring Ga\u00eblle Bjurstr\u00f6m 070-9252637.<br \/>\u00a0<\/p><p style=\"font-weight: 400;\">L\u00e4raren i franska,\u00a0<strong>M. Bruno Rebillon<\/strong>, h\u00e5ller f\u00f6redrag p\u00e5 franska \u201dQui est susceptible de remporter l\u00b4\u00e9lection pr\u00e9sidentielle en France?\u201d<\/p><p>\u00a0<\/p><p style=\"font-weight: 400;\"><em>Apr\u00e8s la conf\u00e9rence un petit souper sera servi (150 kr). Inscription pour le souper avant le 3 avril aupr\u00e8s de Ga\u00eblle Bjurstr\u00f6m 070-9252637 ou gaellejanicot@hotmail.com.<\/em><\/p><p><br style=\"font-weight: 400;\" \/><br style=\"font-weight: 400;\" \/><\/p><p style=\"font-weight: 400;\">Le\u00a0<strong>samedi 14 mai.\u00a0<\/strong>L\u00b4excursion printani\u00e8re organis\u00e9e par l\u00b4Alliance Fran\u00e7aise de Link\u00f6ping.<br \/>\u00a0<\/p><p style=\"font-weight: 400;\">Den v\u00e4lk\u00e4nde link\u00f6pingsguiden\u00a0<strong>Thomas Malm<\/strong>\u00a0tar ut oss p\u00e5 en\u00a0<strong>medeltida vandring<\/strong>\u00a0i Link\u00f6pings city.<\/p><p style=\"font-weight: 400;\">Samlingen, som b\u00f6rjar kl 10.00, inleds med mindre frukost och den avslutas med lunch. Vi ses f\u00f6rst p\u00e5\u00a0<a href=\"https:\/\/g.page\/CHOCOLAT_LKPG?share\"><strong>caf\u00e9 Chocolat\u00a0<\/strong><\/a>p\u00e5 Storgatan 54 i Link\u00f6ping(nedanf\u00f6r Borgg\u00e5rden och Stadshuset p\u00e5 h\u00f6ger sida av gatan) f\u00f6r frukost med juice + kaffe, te eller choklad, val mellan scones, surdegsmacka eller croissant+tillbeh\u00f6r.<br \/>\u00a0<br \/>\u00a0Klockan 11.00 -12.30 Guidar Thomas Malm i centrala Link\u00f6ping och ber\u00e4ttar om det Medeltida Link\u00f6ping.<br \/><br \/>D\u00e4refter avslutar vi med en\u00a0<strong>l\u00e4ttlunch p\u00e5\u00a0<a href=\"https:\/\/goo.gl\/maps\/md33jgT1X1iWeLsg9\">hotell Ekoxen<\/a><\/strong>\u00a0som ligger invid Tr\u00e4dg\u00e5rdsf\u00f6reningen. H\u00e4r t\u00e4nker vi oss att kunna v\u00e4lja mellan en k\u00f6tt-, fisk- eller vegetarisk r\u00e4tt. (Detaljer kommer att tillk\u00e4nnages i b\u00f6rjan p\u00e5 maj.) L\u00e4sk, mineralvatten eller l\u00e4tt\u00f6l ing\u00e5r. Ev. vin eller andra drycker betalas separat till restaurangen.<br \/><br \/>Anm\u00e4lan g\u00f6rs genom ins\u00e4ttning av 300 kronor per deltagare p\u00e5 link\u00f6pingsalliansens plusgiro 57 10 45 \u2013 4. Ange\u00a0<strong>\u201dv\u00e5rm\u00f6tet\u201d, namn, e-mailadress eller mobilnummer vid inbetalningen<\/strong>. Det \u00e4r bokat plats f\u00f6r 25 personer, s\u00e5 anm\u00e4lan b\u00f6r g\u00f6ras i god tid om man vill vara s\u00e4ker p\u00e5 att f\u00e5 en plats. F\u00f6rst till kvarn med betalningen g\u00e4ller. Deltagare ska vara medlem av n\u00e5gon av Alliancerna men f\u00e5r ta med en ledsagare som inte \u00e4r medlem. I m\u00e5n av plats som bed\u00f6ms i m\u00e5nadsskiftet april\/maj kan deltagande av fler icke medlemmar till\u00e5tas.<br \/><br \/>I b\u00f6rjan p\u00e5 maj anm\u00e4ls \u00f6nskat val av frukosttillbeh\u00f6r + dryck samt val av lunchalternativ till kenneth.anderini@telia.com. Jag skickar ut p\u00e5minnelse och preciserad meny! Den som d\u00e5 inte anm\u00e4ler sitt \u00f6nskem\u00e5l f\u00f6ruts\u00e4tts acceptera kaffe med surdegsmacka till frukost och k\u00f6ttalternativet vid lunch.<br \/><br \/>Parkering av bil kan l\u00e4mpligen g\u00f6ras i parkeringshuset Akilles med infart vid V\u00e4stra V\u00e4gens s\u00f6dra \u00e4nde mot Storgatan. Fr\u00e5n\u00a0<a href=\"https:\/\/goo.gl\/maps\/VGGkPv7cn9wWbMJXA\">Akilles<\/a>\u00a0g\u00e5r man mot Borgg\u00e5rden med slottet och domkyrkan till v\u00e4nster, f\u00f6rbi Stadshuset ocks\u00e5 p\u00e5 v\u00e4nster sida. Om man kommer med t\u00e5g till Link\u00f6pings C b\u00f6r man r\u00e4kna med en promenad p\u00e5 30 min till caf\u00e9 Chocolat. Lokalbuss finns fr\u00e5n Centralstationen, l\u00e4mpligen till h\u00e5llplats Tr\u00e4dg\u00e5rdstorget och d\u00e4refter en kort promenad via Tanneforsgatan till Storgatan p\u00e5 10 minuter. Storgatan har antagligen vid m\u00f6testillf\u00e4llet blivit omgjord till g\u00e5gata vid caf\u00e9 Chocolat!<\/p><p>\u00a0<\/p><p style=\"font-weight: 400;\"><strong>Soyez les bienvenus!<\/strong><\/p>\t\t\t\t\t\t\t\t<\/div>\n\t\t\t\t<\/div>\n\t\t\t\t\t<\/div>\n\t\t<\/div>\n\t\t\t\t\t<\/div>\n\t\t<\/section>\n\t\t\t\t<\/div>\n\t\t","protected":false},"excerpt":{"rendered":"<p>Nous esp\u00e9rons vous retrouver nombreux lors de nos activit\u00e9s. Apportez de la monnaie pour les rafra\u00eechissements. Tout le monde est bienvenu, membre ou pas. Le\u00a0\u00a0mercredi 9 mars\u00a0\u00e0 19h00 \u00e0\u00a0F\u00f6reningshuset Font\u00e4nen,(gamla Brandstationen p\u00e5 V\u00e4stra V\u00e4gen 32 i Link\u00f6ping),rum Vegesack en trappa upp i huvudbyggnaden (rum nr 371).G\u00e5 till huvudentr\u00e9n Font\u00e4nen. N\u00e5gon fr\u00e5n f\u00f6reningen kommer att ta emot vid huvudentr\u00e9n kl 18.30-19.00. Vid ankomst efter kl 19.00 (men ankomst b\u00f6r helst ske senast kl 18.55) vv ring Christer Gr\u00f6nevall 070-5778216.\u00a0 Assembl\u00e9e annuelle Gastronomen\u00a0Peter \u00d6lander\u00a0h\u00e5ller f\u00f6redrag, mestadels p\u00e5 svenska, om tillblivelsen av ostron; La vie sauvage des huitres. Un verre amical sera servi apr\u00e8s la conf\u00e9rence (50 kr). \u00a0 Le\u00a0mardi 5 avril\u00a0\u00e0 19h00 \u00e0\u00a0F\u00f6reningshuset Font\u00e4nen,(gamla Brandstationen p\u00e5 V\u00e4stra V\u00e4gen 32 i Link\u00f6ping),rum Vegesack en trappa upp i huvudbyggnaden (rum nr 371).G\u00e5 till huvudentr\u00e9n Font\u00e4nen. N\u00e5gon fr\u00e5n f\u00f6reningen kommer att ta emot vid huvudentr\u00e9n kl 18.30-19.00.. Vid sen ankomst; vv ring Ga\u00eblle Bjurstr\u00f6m 070-9252637.\u00a0 L\u00e4raren i franska,\u00a0M. Bruno Rebillon, h\u00e5ller f\u00f6redrag p\u00e5 franska \u201dQui est susceptible de remporter l\u00b4\u00e9lection pr\u00e9sidentielle en France?\u201d \u00a0 Apr\u00e8s la conf\u00e9rence un petit souper sera servi (150 kr). Inscription pour le souper avant le 3 avril aupr\u00e8s de Ga\u00eblle Bjurstr\u00f6m 070-9252637 ou gaellejanicot@hotmail.com. Le\u00a0samedi 14 mai.\u00a0L\u00b4excursion printani\u00e8re organis\u00e9e par l\u00b4Alliance Fran\u00e7aise de Link\u00f6ping.\u00a0 Den v\u00e4lk\u00e4nde link\u00f6pingsguiden\u00a0Thomas Malm\u00a0tar ut oss p\u00e5 en\u00a0medeltida vandring\u00a0i Link\u00f6pings city. Samlingen, som b\u00f6rjar kl 10.00, inleds med mindre frukost och den avslutas med lunch. Vi ses f\u00f6rst p\u00e5\u00a0caf\u00e9 Chocolat\u00a0p\u00e5 Storgatan 54 i Link\u00f6ping(nedanf\u00f6r Borgg\u00e5rden och Stadshuset p\u00e5 h\u00f6ger sida av gatan) f\u00f6r frukost med juice + kaffe, te eller choklad, val mellan scones, surdegsmacka eller croissant+tillbeh\u00f6r.\u00a0\u00a0Klockan 11.00 -12.30 Guidar Thomas Malm i centrala Link\u00f6ping och ber\u00e4ttar om det Medeltida Link\u00f6ping. D\u00e4refter avslutar vi med en\u00a0l\u00e4ttlunch p\u00e5\u00a0hotell Ekoxen\u00a0som ligger invid Tr\u00e4dg\u00e5rdsf\u00f6reningen. H\u00e4r t\u00e4nker vi oss att kunna v\u00e4lja mellan en k\u00f6tt-, fisk- eller vegetarisk r\u00e4tt. (Detaljer kommer att tillk\u00e4nnages i b\u00f6rjan p\u00e5 maj.) L\u00e4sk, mineralvatten eller l\u00e4tt\u00f6l ing\u00e5r. Ev. vin eller andra drycker betalas separat till restaurangen. Anm\u00e4lan g\u00f6rs genom ins\u00e4ttning av 300 kronor per deltagare p\u00e5 link\u00f6pingsalliansens plusgiro 57 10 45 \u2013 4. Ange\u00a0\u201dv\u00e5rm\u00f6tet\u201d, namn, e-mailadress eller mobilnummer vid inbetalningen. Det \u00e4r bokat plats f\u00f6r 25 personer, s\u00e5 anm\u00e4lan b\u00f6r g\u00f6ras i god tid om man vill vara s\u00e4ker p\u00e5 att f\u00e5 en plats. F\u00f6rst till kvarn med betalningen g\u00e4ller. Deltagare ska vara medlem av n\u00e5gon av Alliancerna men f\u00e5r ta med en ledsagare som inte \u00e4r medlem. I m\u00e5n av plats som bed\u00f6ms i m\u00e5nadsskiftet april\/maj kan deltagande av fler icke medlemmar till\u00e5tas. I b\u00f6rjan p\u00e5 maj anm\u00e4ls \u00f6nskat val av frukosttillbeh\u00f6r + dryck samt val av lunchalternativ till kenneth.anderini@telia.com. Jag skickar ut p\u00e5minnelse och preciserad meny! Den som d\u00e5 inte anm\u00e4ler sitt \u00f6nskem\u00e5l f\u00f6ruts\u00e4tts acceptera kaffe med surdegsmacka till frukost och k\u00f6ttalternativet vid lunch. Parkering av bil kan l\u00e4mpligen g\u00f6ras i parkeringshuset Akilles med infart vid V\u00e4stra V\u00e4gens s\u00f6dra \u00e4nde mot Storgatan. Fr\u00e5n\u00a0Akilles\u00a0g\u00e5r man mot Borgg\u00e5rden med slottet och domkyrkan till v\u00e4nster, f\u00f6rbi Stadshuset ocks\u00e5 p\u00e5 v\u00e4nster sida. Om man kommer med t\u00e5g till Link\u00f6pings C b\u00f6r man r\u00e4kna med en promenad p\u00e5 30 min till caf\u00e9 Chocolat. Lokalbuss finns fr\u00e5n Centralstationen, l\u00e4mpligen till h\u00e5llplats Tr\u00e4dg\u00e5rdstorget och d\u00e4refter en kort promenad via Tanneforsgatan till Storgatan p\u00e5 10 minuter. Storgatan har antagligen vid m\u00f6testillf\u00e4llet blivit omgjord till g\u00e5gata vid caf\u00e9 Chocolat! \u00a0 Soyez les bienvenus!<\/p>\n","protected":false},"author":1,"featured_media":0,"parent":0,"menu_order":0,"comment_status":"closed","ping_status":"closed","template":"","meta":{"om_disable_all_campaigns":false,"_monsterinsights_skip_tracking":false,"_monsterinsights_sitenote_active":false,"_monsterinsights_sitenote_note":"","_monsterinsights_sitenote_category":0,"_uf_show_specific_survey":0,"_uf_disable_surveys":false,"footnotes":""},"class_list":["post-282","page","type-page","status-publish","hentry"],"aioseo_notices":[],"rttpg_featured_image_url":null,"rttpg_author":{"display_name":"Super.admin","author_link":"https:\/\/alliancefr.se\/linkoping\/author\/admin2174\/"},"rttpg_comment":0,"rttpg_category":" <a href=\"https:\/\/alliancefr.se\/linkoping\/\" rel=\"tag\">Fran\u00e7ais<\/a>","rttpg_excerpt":"Nous esp\u00e9rons vous retrouver nombreux lors de nos activit\u00e9s. Apportez de la monnaie pour les rafra\u00eechissements. Tout le monde est bienvenu, membre ou pas. Le\u00a0\u00a0mercredi 9 mars\u00a0\u00e0 19h00 \u00e0\u00a0F\u00f6reningshuset Font\u00e4nen,(gamla Brandstationen p\u00e5 V\u00e4stra V\u00e4gen 32 i Link\u00f6ping),rum Vegesack en trappa upp i huvudbyggnaden (rum nr 371).G\u00e5 till huvudentr\u00e9n Font\u00e4nen. N\u00e5gon fr\u00e5n f\u00f6reningen kommer att ta\u2026","_links":{"self":[{"href":"https:\/\/alliancefr.se\/linkoping\/wp-json\/wp\/v2\/pages\/282","targetHints":{"allow":["GET"]}}],"collection":[{"href":"https:\/\/alliancefr.se\/linkoping\/wp-json\/wp\/v2\/pages"}],"about":[{"href":"https:\/\/alliancefr.se\/linkoping\/wp-json\/wp\/v2\/types\/page"}],"author":[{"embeddable":true,"href":"https:\/\/alliancefr.se\/linkoping\/wp-json\/wp\/v2\/users\/1"}],"replies":[{"embeddable":true,"href":"https:\/\/alliancefr.se\/linkoping\/wp-json\/wp\/v2\/comments?post=282"}],"version-history":[{"count":4,"href":"https:\/\/alliancefr.se\/linkoping\/wp-json\/wp\/v2\/pages\/282\/revisions"}],"predecessor-version":[{"id":286,"href":"https:\/\/alliancefr.se\/linkoping\/wp-json\/wp\/v2\/pages\/282\/revisions\/286"}],"wp:attachment":[{"href":"https:\/\/alliancefr.se\/linkoping\/wp-json\/wp\/v2\/media?parent=282"}],"curies":[{"name":"wp","href":"https:\/\/api.w.org\/{rel}","templated":true}]}}