{"id":10,"date":"2023-11-02T16:18:05","date_gmt":"2023-11-02T15:18:05","guid":{"rendered":"https:\/\/alliancefr.se\/linkoping\/qui-sommes-nous\/"},"modified":"2025-03-03T20:26:31","modified_gmt":"2025-03-03T19:26:31","slug":"qui-sommes-nous","status":"publish","type":"page","link":"https:\/\/alliancefr.se\/linkoping\/qui-sommes-nous\/","title":{"rendered":"Qui sommes-nous\u00a0?"},"content":{"rendered":"\t\t<div data-elementor-type=\"wp-page\" data-elementor-id=\"10\" class=\"elementor elementor-10\">\n\t\t\t\t\t\t<section class=\"elementor-section elementor-top-section elementor-element elementor-element-3bd9a26a elementor-section-boxed elementor-section-height-default elementor-section-height-default\" data-id=\"3bd9a26a\" data-element_type=\"section\">\n\t\t\t\t\t\t<div class=\"elementor-container elementor-column-gap-default\">\n\t\t\t\t\t<div class=\"elementor-column elementor-col-100 elementor-top-column elementor-element elementor-element-5277afb9\" data-id=\"5277afb9\" data-element_type=\"column\">\n\t\t\t<div class=\"elementor-widget-wrap elementor-element-populated\">\n\t\t\t\t\t\t<div class=\"elementor-element elementor-element-15db48e4 elementor-widget elementor-widget-text-editor\" data-id=\"15db48e4\" data-element_type=\"widget\" data-widget_type=\"text-editor.default\">\n\t\t\t\t<div class=\"elementor-widget-container\">\n\t\t\t\t\t\t\t\t\t<h4><strong>Bienvenue \u00e0 l&rsquo;Alliance fran\u00e7aise de Link\u00f6ping !<\/strong><\/h4><p>Vous vous int\u00e9ressez \u00e0 la France et \u00e0 la francophonie ? La langue fran\u00e7aise est parl\u00e9e dans diff\u00e9rents pays sur tous les continents.<\/p><p>Nous vous invitons \u00e0 des conf\u00e9rences sur la politique, la musique, l&rsquo;histoire et la litt\u00e9rature fran\u00e7aises. Nous le faisons sous la forme de rencontres informelles qui se d\u00e9roulent g\u00e9n\u00e9ralement \u00e0 la Folkuniversitetet de Link\u00f6ping.<\/p><p>Cela vous semble int\u00e9ressant ? <a href=\"https:\/\/alliancefr.se\/linkoping\/devenir-membre\/\">Rejoignez notre association et d\u00e9couvrez la France et la culture fran\u00e7aise.<\/a><\/p><p>Les conf\u00e9rences se d\u00e9roulent principalement en fran\u00e7ais et parfois en su\u00e9dois.<\/p><p>L&rsquo;Alliance fran\u00e7aise est une organisation apolitique. Elle n&rsquo;est pas non plus li\u00e9e \u00e0 une quelconque religion. L&rsquo;Alliance fran\u00e7aise a \u00e9t\u00e9 fond\u00e9e en 1883 pour promouvoir la langue et la culture fran\u00e7aises. A cette \u00e9poque, la France \u00e9tait un pays avec de nombreuses colonies. En 1882, la France a introduit l&rsquo;enseignement obligatoire, mais il y avait un grand nombre d&rsquo;adultes qui ne savaient ni lire ni \u00e9crire le fran\u00e7ais. L&rsquo;Alliance fran\u00e7aise a offert une occasion unique aux adultes en France, mais aussi aux enfants et aux adultes dans les colonies, d&rsquo;apprendre \u00e0 lire et \u00e0 \u00e9crire en fran\u00e7ais. Ils ont \u00e9galement eu acc\u00e8s \u00e0 la culture et \u00e0 la litt\u00e9rature fran\u00e7aises. L&rsquo;Alliance fran\u00e7aise reste un leader mondial dans l&rsquo;enseignement et la formation au fran\u00e7ais langue \u00e9trang\u00e8re. L&rsquo;Alliance fran\u00e7aise est pr\u00e9sente sur tous les continents.<\/p><p>En peu de temps, des associations ont \u00e9t\u00e9 cr\u00e9\u00e9es dans de nombreux pays d&rsquo;Europe, d&rsquo;Orient, d&rsquo;Am\u00e9rique et d&rsquo;Australie. Aujourd&rsquo;hui, l&rsquo;Alliance fran\u00e7aise est pr\u00e9sente dans 130 pays. La premi\u00e8re Alliance en Su\u00e8de a \u00e9t\u00e9 fond\u00e9e \u00e0 Stockholm en 1889. Quatri\u00e8me association du pays, l&rsquo;Allians Fran\u00e7aise a \u00e9t\u00e9 cr\u00e9\u00e9e \u00e0 Link\u00f6ping en <strong>1919,<\/strong> mais le v\u00e9ritable travail n&rsquo;a commenc\u00e9 qu&rsquo;en 1920. Voici quelques donn\u00e9es concernant l&rsquo;Allians Fran\u00e7aise de Link\u00f6ping :<\/p><p>45 membres. Quelques nouveaux membres par an. 6 r\u00e9unions par an. Une excursion au printemps chaque ann\u00e9e avec les alliances de Norrk\u00f6ping et Nyk\u00f6ping.<\/p><p>Il y a actuellement 17 Alliances Fran\u00e7aises en Su\u00e8de avec un total d&rsquo;environ 3000 membres.<\/p><p>Contrairement aux Alliances Fran\u00e7aises d&rsquo;autres pays, l&rsquo;AF en Su\u00e8de n&rsquo;enseigne pas la langue fran\u00e7aise.<\/p>\t\t\t\t\t\t\t\t<\/div>\n\t\t\t\t<\/div>\n\t\t\t\t\t<\/div>\n\t\t<\/div>\n\t\t\t\t\t<\/div>\n\t\t<\/section>\n\t\t\t\t<section class=\"elementor-section elementor-top-section elementor-element elementor-element-eb6dc0b elementor-section-boxed elementor-section-height-default elementor-section-height-default\" data-id=\"eb6dc0b\" data-element_type=\"section\">\n\t\t\t\t\t\t<div class=\"elementor-container elementor-column-gap-default\">\n\t\t\t\t\t<div class=\"elementor-column elementor-col-100 elementor-top-column elementor-element elementor-element-02f71bd\" data-id=\"02f71bd\" data-element_type=\"column\">\n\t\t\t<div class=\"elementor-widget-wrap elementor-element-populated\">\n\t\t\t\t\t\t<div class=\"elementor-element elementor-element-c1a70dc elementor-widget elementor-widget-text-editor\" data-id=\"c1a70dc\" data-element_type=\"widget\" data-widget_type=\"text-editor.default\">\n\t\t\t\t<div class=\"elementor-widget-container\">\n\t\t\t\t\t\t\t\t\t<h3><strong>Conseil d&rsquo;administration de l&rsquo;Alliance Fran\u00e7ais de Link\u00f6ping<\/strong><\/h3><p><img decoding=\"async\" class=\"size-full wp-image-223 alignleft\" src=\"http:\/\/alliancefr.se\/linkoping\/wp-content\/uploads\/sites\/14\/2023\/12\/Image1.jpg\" alt=\"\" width=\"97\" height=\"121\" \/><\/p><p><strong>Eva-Lena Bard<\/strong><br \/>Pr\u00e9sidente<br \/><a href=\"mailto:evalena.bard@gmail.com\">evalena.bard@gmail.com<\/a><\/p><p><img decoding=\"async\" class=\" wp-image-224 alignleft\" src=\"http:\/\/alliancefr.se\/linkoping\/wp-content\/uploads\/sites\/14\/2023\/12\/Image2.jpg\" alt=\"\" width=\"95\" height=\"136\" \/><\/p><p><strong>Kenneth Anderini<\/strong><br \/><a href=\"mailto:kenneth.anderini@telia.com\">kenneth.anderini@telia.com<\/a><\/p><p><strong>\u00a0<\/strong><\/p><p><strong style=\"font-family: var( --e-global-typography-text-font-family ), Sans-serif;letter-spacing: 0px\">\u00a0<\/strong><\/p><p><strong style=\"font-family: var( --e-global-typography-text-font-family ), Sans-serif;letter-spacing: 0px\">\u00a0<\/strong><\/p><p><strong style=\"font-family: var( --e-global-typography-text-font-family ), Sans-serif;letter-spacing: 0px\">Francesca Jouannet<\/strong><\/p><p>Membre de comit\u00e9<br \/><a href=\"mailto:francesca.jouannet@utb.linkoping.se\">francesca.jouannet@utb.linkoping.se<\/a><\/p><p><strong>Annika<\/strong> Morin<br \/>Membre de comit\u00e9<br \/><a href=\"mailto:annika.morin@utb.linkoping.se\">annika.morin@utb.linkoping.se<\/a><\/p><p><strong>Ingela Dellby<\/strong><\/p><p>Membre de comit\u00e9<\/p><p><span style=\"text-decoration: underline\">ingela@dellby.eu<\/span><\/p><p><span style=\"text-decoration: underline;font-family: var( --e-global-typography-text-font-family ), Sans-serif;letter-spacing: 0px\">\u00a0<\/span><\/p><p><span style=\"text-decoration: underline;font-family: var( --e-global-typography-text-font-family ), Sans-serif;letter-spacing: 0px\"><b>Antette Gentile<\/b><\/span><\/p><p><span style=\"text-decoration: underline\">Membre de comit\u00e9<\/span><\/p><p>anette.gentile2@gmail.com<\/p>\t\t\t\t\t\t\t\t<\/div>\n\t\t\t\t<\/div>\n\t\t\t\t\t<\/div>\n\t\t<\/div>\n\t\t\t\t\t<\/div>\n\t\t<\/section>\n\t\t\t\t<section class=\"elementor-section elementor-top-section elementor-element elementor-element-b48dbe6 elementor-section-boxed elementor-section-height-default elementor-section-height-default\" data-id=\"b48dbe6\" data-element_type=\"section\">\n\t\t\t\t\t\t<div class=\"elementor-container elementor-column-gap-default\">\n\t\t\t\t\t<div class=\"elementor-column elementor-col-100 elementor-top-column elementor-element elementor-element-38863fe\" data-id=\"38863fe\" data-element_type=\"column\">\n\t\t\t<div class=\"elementor-widget-wrap\">\n\t\t\t\t\t\t\t<\/div>\n\t\t<\/div>\n\t\t\t\t\t<\/div>\n\t\t<\/section>\n\t\t\t\t<\/div>\n\t\t","protected":false},"excerpt":{"rendered":"<p>Bienvenue \u00e0 l&rsquo;Alliance fran\u00e7aise de Link\u00f6ping ! Vous vous int\u00e9ressez \u00e0 la France et \u00e0 la francophonie ? La langue fran\u00e7aise est parl\u00e9e dans diff\u00e9rents pays sur tous les continents. Nous vous invitons \u00e0 des conf\u00e9rences sur la politique, la musique, l&rsquo;histoire et la litt\u00e9rature fran\u00e7aises. Nous le faisons sous la forme de rencontres informelles qui se d\u00e9roulent g\u00e9n\u00e9ralement \u00e0 la Folkuniversitetet de Link\u00f6ping. Cela vous semble int\u00e9ressant ? Rejoignez notre association et d\u00e9couvrez la France et la culture fran\u00e7aise. Les conf\u00e9rences se d\u00e9roulent principalement en fran\u00e7ais et parfois en su\u00e9dois. L&rsquo;Alliance fran\u00e7aise est une organisation apolitique. Elle n&rsquo;est pas non plus li\u00e9e \u00e0 une quelconque religion. L&rsquo;Alliance fran\u00e7aise a \u00e9t\u00e9 fond\u00e9e en 1883 pour promouvoir la langue et la culture fran\u00e7aises. A cette \u00e9poque, la France \u00e9tait un pays avec de nombreuses colonies. En 1882, la France a introduit l&rsquo;enseignement obligatoire, mais il y avait un grand nombre d&rsquo;adultes qui ne savaient ni lire ni \u00e9crire le fran\u00e7ais. L&rsquo;Alliance fran\u00e7aise a offert une occasion unique aux adultes en France, mais aussi aux enfants et aux adultes dans les colonies, d&rsquo;apprendre \u00e0 lire et \u00e0 \u00e9crire en fran\u00e7ais. Ils ont \u00e9galement eu acc\u00e8s \u00e0 la culture et \u00e0 la litt\u00e9rature fran\u00e7aises. L&rsquo;Alliance fran\u00e7aise reste un leader mondial dans l&rsquo;enseignement et la formation au fran\u00e7ais langue \u00e9trang\u00e8re. L&rsquo;Alliance fran\u00e7aise est pr\u00e9sente sur tous les continents. En peu de temps, des associations ont \u00e9t\u00e9 cr\u00e9\u00e9es dans de nombreux pays d&rsquo;Europe, d&rsquo;Orient, d&rsquo;Am\u00e9rique et d&rsquo;Australie. Aujourd&rsquo;hui, l&rsquo;Alliance fran\u00e7aise est pr\u00e9sente dans 130 pays. La premi\u00e8re Alliance en Su\u00e8de a \u00e9t\u00e9 fond\u00e9e \u00e0 Stockholm en 1889. Quatri\u00e8me association du pays, l&rsquo;Allians Fran\u00e7aise a \u00e9t\u00e9 cr\u00e9\u00e9e \u00e0 Link\u00f6ping en 1919, mais le v\u00e9ritable travail n&rsquo;a commenc\u00e9 qu&rsquo;en 1920. Voici quelques donn\u00e9es concernant l&rsquo;Allians Fran\u00e7aise de Link\u00f6ping : 45 membres. Quelques nouveaux membres par an. 6 r\u00e9unions par an. Une excursion au printemps chaque ann\u00e9e avec les alliances de Norrk\u00f6ping et Nyk\u00f6ping. Il y a actuellement 17 Alliances Fran\u00e7aises en Su\u00e8de avec un total d&rsquo;environ 3000 membres. Contrairement aux Alliances Fran\u00e7aises d&rsquo;autres pays, l&rsquo;AF en Su\u00e8de n&rsquo;enseigne pas la langue fran\u00e7aise. Conseil d&rsquo;administration de l&rsquo;Alliance Fran\u00e7ais de Link\u00f6ping Eva-Lena BardPr\u00e9sidenteevalena.bard@gmail.com Kenneth Anderinikenneth.anderini@telia.com \u00a0 \u00a0 \u00a0 Francesca Jouannet Membre de comit\u00e9francesca.jouannet@utb.linkoping.se Annika MorinMembre de comit\u00e9annika.morin@utb.linkoping.se Ingela Dellby Membre de comit\u00e9 ingela@dellby.eu \u00a0 Antette Gentile Membre de comit\u00e9 anette.gentile2@gmail.com<\/p>\n","protected":false},"author":1,"featured_media":0,"parent":0,"menu_order":0,"comment_status":"closed","ping_status":"closed","template":"","meta":{"om_disable_all_campaigns":false,"_monsterinsights_skip_tracking":false,"_monsterinsights_sitenote_active":false,"_monsterinsights_sitenote_note":"","_monsterinsights_sitenote_category":0,"_uf_show_specific_survey":0,"_uf_disable_surveys":false,"footnotes":""},"class_list":["post-10","page","type-page","status-publish","hentry"],"aioseo_notices":[],"rttpg_featured_image_url":null,"rttpg_author":{"display_name":"Super.admin","author_link":"https:\/\/alliancefr.se\/linkoping\/author\/admin2174\/"},"rttpg_comment":0,"rttpg_category":" <a href=\"https:\/\/alliancefr.se\/linkoping\/\" rel=\"tag\">Fran\u00e7ais<\/a>","rttpg_excerpt":"Bienvenue \u00e0 l&rsquo;Alliance fran\u00e7aise de Link\u00f6ping ! Vous vous int\u00e9ressez \u00e0 la France et \u00e0 la francophonie ? La langue fran\u00e7aise est parl\u00e9e dans diff\u00e9rents pays sur tous les continents. Nous vous invitons \u00e0 des conf\u00e9rences sur la politique, la musique, l&rsquo;histoire et la litt\u00e9rature fran\u00e7aises. Nous le faisons sous la forme de rencontres informelles\u2026","_links":{"self":[{"href":"https:\/\/alliancefr.se\/linkoping\/wp-json\/wp\/v2\/pages\/10","targetHints":{"allow":["GET"]}}],"collection":[{"href":"https:\/\/alliancefr.se\/linkoping\/wp-json\/wp\/v2\/pages"}],"about":[{"href":"https:\/\/alliancefr.se\/linkoping\/wp-json\/wp\/v2\/types\/page"}],"author":[{"embeddable":true,"href":"https:\/\/alliancefr.se\/linkoping\/wp-json\/wp\/v2\/users\/1"}],"replies":[{"embeddable":true,"href":"https:\/\/alliancefr.se\/linkoping\/wp-json\/wp\/v2\/comments?post=10"}],"version-history":[{"count":39,"href":"https:\/\/alliancefr.se\/linkoping\/wp-json\/wp\/v2\/pages\/10\/revisions"}],"predecessor-version":[{"id":668,"href":"https:\/\/alliancefr.se\/linkoping\/wp-json\/wp\/v2\/pages\/10\/revisions\/668"}],"wp:attachment":[{"href":"https:\/\/alliancefr.se\/linkoping\/wp-json\/wp\/v2\/media?parent=10"}],"curies":[{"name":"wp","href":"https:\/\/api.w.org\/{rel}","templated":true}]}}