{"id":48,"date":"2014-05-18T10:27:23","date_gmt":"2014-05-18T08:27:23","guid":{"rendered":"https:\/\/alliancefr.se\/jonkoping\/alliance-francaise-i-varlden\/"},"modified":"2023-11-29T16:24:52","modified_gmt":"2023-11-29T15:24:52","slug":"alliance-francaise-i-varlden","status":"publish","type":"page","link":"https:\/\/alliancefr.se\/jonkoping\/sv\/alliance-francaise-i-varlden\/","title":{"rendered":"Alliance Fran\u00e7aise i V\u00e4rlden"},"content":{"rendered":"\t\t<div data-elementor-type=\"wp-page\" data-elementor-id=\"48\" class=\"elementor elementor-48\">\n\t\t\t\t\t\t<section class=\"elementor-section elementor-top-section elementor-element elementor-element-4f49350a elementor-section-boxed elementor-section-height-default elementor-section-height-default\" data-id=\"4f49350a\" data-element_type=\"section\">\n\t\t\t\t\t\t<div class=\"elementor-container elementor-column-gap-default\">\n\t\t\t\t\t<div class=\"elementor-column elementor-col-100 elementor-top-column elementor-element elementor-element-213fc157\" data-id=\"213fc157\" data-element_type=\"column\">\n\t\t\t<div class=\"elementor-widget-wrap elementor-element-populated\">\n\t\t\t\t\t\t<div class=\"elementor-element elementor-element-f55f515 elementor-widget elementor-widget-text-editor\" data-id=\"f55f515\" data-element_type=\"widget\" data-widget_type=\"text-editor.default\">\n\t\t\t\t<div class=\"elementor-widget-container\">\n\t\t\t\t\t\t\t\t\t<figure id=\"attachment_295\" aria-describedby=\"caption-attachment-295\" style=\"width: 238px\" class=\"wp-caption alignright\"><a href=\"http:\/\/www.alliancefrancaise-jonk.se\/wp-content\/uploads\/2014\/05\/Jules-Verne.jpg\"><img fetchpriority=\"high\" decoding=\"async\" class=\"wp-image-295 size-full\" src=\"http:\/\/www.alliancefrancaise-jonk.se\/wp-content\/uploads\/2014\/05\/Jules-Verne.jpg\" alt=\"\" width=\"238\" height=\"250\" \/><\/a><figcaption id=\"caption-attachment-295\" class=\"wp-caption-text\">F\u00f6rfattaren Jules Verne var med och grundade Alliance Francaise<\/figcaption><\/figure><p>Alliance fran\u00e7aise bildades 1883 i Paris av n\u00e5gra enskilda initiativtagare &#8211; varav de flesta universitetsl\u00e4rare &#8211; som ville skapa en f\u00f6rening med syfte att sprida k\u00e4nnedom om det franska spr\u00e5ket, den franska litteraturen, vetenskapen och konsten f\u00f6r att st\u00e4rka Frankrikes inflytande i v\u00e4rlden. Fr\u00e5n start fick f\u00f6reningen kraftigt st\u00f6d av inflytelserika personer inom olika samh\u00e4llsklasser. I den f\u00f6rsta styrelsen ingick m\u00e5nga k\u00e4nda namn, bland annat Louis Pasteur, Ernest Renan och Jules Verne.<\/p><p>\u00d6ver hela v\u00e4rlden finns idag mer \u00e4n 800 f\u00f6reningar i 137 l\u00e4nder. Inr\u00e4knat medlemmar och studerande \u00e4r \u00f6ver 500.000 m\u00e4nniskor engagerade. Det \u00e4r framf\u00f6r allt insatserna fr\u00e5n de m\u00e5nga frivilliga entusiasterna under de 130 \u00e5r som g\u00e5tt, i Frankrike och i andra l\u00e4nder, som skapat framg\u00e5ngen. Med tiden har det franskpatriotiska inslaget tonats ner. Inriktningen \u00e4r idag att stimulera intresset f\u00f6r det franska spr\u00e5ket och den franska kulturen. Som en sammah\u00e5llande faktor \u00f6ver hela v\u00e4rlden fungerar Fondation Alliance Fran\u00e7aise i Paris.<\/p><p>Den f\u00f6rsta f\u00f6reningen i Sverige bildades 1889 i Stockholm under namnet Samfundet Alliance Fran\u00e7aise, f\u00f6ljd 1891 av en avdelning i Uppsala, Alliance Fran\u00e7aise d&rsquo;Upsal, och 1892 av en i G\u00f6teborg. Varje f\u00f6rening utg\u00f6r en sj\u00e4lvst\u00e4ndig enhet, med egen ekonomi och med lokal f\u00f6rankring p\u00e5 orten d\u00e4r den verkar. De svenska f\u00f6reningarna samarbetar sinsemellan och med Franska Ambassaden i Sverige.<\/p><p>Att Frankrikes president, Fran\u00e7ois Hollande, \u00e4r hedersordf\u00f6rande markerar vilken vikt man i Frankrike tillm\u00e4ter r\u00f6relsen och dess verksamhet.<\/p>\t\t\t\t\t\t\t\t<\/div>\n\t\t\t\t<\/div>\n\t\t\t\t\t<\/div>\n\t\t<\/div>\n\t\t\t\t\t<\/div>\n\t\t<\/section>\n\t\t\t\t<section class=\"elementor-section elementor-top-section elementor-element elementor-element-3d17705 elementor-section-boxed elementor-section-height-default elementor-section-height-default\" data-id=\"3d17705\" data-element_type=\"section\">\n\t\t\t\t\t\t<div class=\"elementor-container elementor-column-gap-default\">\n\t\t\t\t\t<div class=\"elementor-column elementor-col-100 elementor-top-column elementor-element elementor-element-9900d99\" data-id=\"9900d99\" data-element_type=\"column\">\n\t\t\t<div class=\"elementor-widget-wrap elementor-element-populated\">\n\t\t\t\t\t\t<div class=\"elementor-element elementor-element-69abfff elementor-widget elementor-widget-text-editor\" data-id=\"69abfff\" data-element_type=\"widget\" data-widget_type=\"text-editor.default\">\n\t\t\t\t<div class=\"elementor-widget-container\">\n\t\t\t\t\t\t\t\t\t<section class=\"elementor-section elementor-top-section elementor-element elementor-element-1c236432 elementor-section-boxed elementor-section-height-default elementor-section-height-default\" data-id=\"1c236432\" data-element_type=\"section\"><div class=\"elementor-container elementor-column-gap-default\"><div class=\"elementor-column elementor-col-100 elementor-top-column elementor-element elementor-element-16f81ffb\" data-id=\"16f81ffb\" data-element_type=\"column\"><div class=\"elementor-widget-wrap elementor-element-populated\"><div class=\"elementor-element elementor-element-5b0f13e elementor-widget elementor-widget-text-editor\" data-id=\"5b0f13e\" data-element_type=\"widget\" data-widget_type=\"text-editor.default\"><h3 class=\"elementor-widget-container\"><strong>N\u00e4tverket i Sverige<\/strong><\/h3><p>I Stockholm grundades 1889 den f\u00f6rsta svenska Alliance Fran\u00e7aise. Den f\u00f6ljdes snabbt av Alliance Fran\u00e7aise i Uppsala och i G\u00f6teborg. Idag omfattar det svenska Alliance Fran\u00e7aises n\u00e4tverket 16 f\u00f6reningar, som har en s\u00e4rskild st\u00e4llning i fr\u00e4mjandet av den fransktalande v\u00e4rlden. P\u00e5 grund av den st\u00f6rra svenska traditionen av studief\u00f6rbund som Medborgarskolan och Folkh\u00f6gskolan, erbjuder de svenska Alliance Fran\u00e7aise inga kurser i franska. Dock f\u00f6resl\u00e5r de m\u00e5nga aktiviteter och konferenser i franska och svenska om fransktalande kulturer. Som en del av samarbetet mellan de olika Alliance Fran\u00e7aise i Sverige, h\u00e5lls ett nationellt m\u00f6te varje \u00e5r i en n\u00e4tverksmedlems stad. \u00c5r 2016 \u00e4gde detta m\u00f6te rum i Falun. H\u00e4r diskuteras tidigare och framtida projekt, s\u00e5som utveckling av partnerskap eller utbyte av f\u00f6rel\u00e4sare mellan de olika Alliance Fran\u00e7aise och st\u00e4der i Sverige.<\/p><\/div><\/div><\/div><\/div><\/section><section class=\"elementor-section elementor-top-section elementor-element elementor-element-68fbd0d elementor-section-boxed elementor-section-height-default elementor-section-height-default\" data-id=\"68fbd0d\" data-element_type=\"section\"><div class=\"elementor-container elementor-column-gap-default\"><div class=\"elementor-column elementor-col-100 elementor-top-column elementor-element elementor-element-7625b92\" data-id=\"7625b92\" data-element_type=\"column\"><div class=\"elementor-widget-wrap elementor-element-populated\"><div class=\"elementor-element elementor-element-c2600d9 elementor-widget elementor-widget-text-editor\" data-id=\"c2600d9\" data-element_type=\"widget\" data-widget_type=\"text-editor.default\"><div class=\"elementor-widget-container\"><p><a href=\"http:\/\/alliancefr.se\/sv\">Uppt\u00e4ck kartan \u00f6ver Alliance Fran\u00e7aise n\u00e4tverk i Sverige h\u00e4r<\/a><\/p><\/div><\/div><\/div><\/div><\/div><\/section>\t\t\t\t\t\t\t\t<\/div>\n\t\t\t\t<\/div>\n\t\t\t\t\t<\/div>\n\t\t<\/div>\n\t\t\t\t\t<\/div>\n\t\t<\/section>\n\t\t\t\t<\/div>\n\t\t","protected":false},"excerpt":{"rendered":"<p>Alliance fran\u00e7aise bildades 1883 i Paris av n\u00e5gra enskilda initiativtagare &#8211; varav de flesta universitetsl\u00e4rare &#8211; som ville skapa en f\u00f6rening med syfte att sprida k\u00e4nnedom om det franska spr\u00e5ket, den franska litteraturen, vetenskapen och konsten f\u00f6r att st\u00e4rka Frankrikes inflytande i v\u00e4rlden. Fr\u00e5n start fick f\u00f6reningen kraftigt st\u00f6d av inflytelserika personer inom olika samh\u00e4llsklasser. I den f\u00f6rsta styrelsen ingick m\u00e5nga k\u00e4nda namn, bland annat Louis Pasteur, Ernest Renan och Jules Verne. \u00d6ver hela v\u00e4rlden finns idag mer \u00e4n 800 f\u00f6reningar i 137 l\u00e4nder. Inr\u00e4knat medlemmar och studerande \u00e4r \u00f6ver 500.000 m\u00e4nniskor engagerade. Det \u00e4r framf\u00f6r allt insatserna fr\u00e5n de m\u00e5nga frivilliga entusiasterna under de 130 \u00e5r som g\u00e5tt, i Frankrike och i andra l\u00e4nder, som skapat framg\u00e5ngen. Med tiden har det franskpatriotiska inslaget tonats ner. Inriktningen \u00e4r idag att stimulera intresset f\u00f6r det franska spr\u00e5ket och den franska kulturen. Som en sammah\u00e5llande faktor \u00f6ver hela v\u00e4rlden fungerar Fondation Alliance Fran\u00e7aise i Paris. Den f\u00f6rsta f\u00f6reningen i Sverige bildades 1889 i Stockholm under namnet Samfundet Alliance Fran\u00e7aise, f\u00f6ljd 1891 av en avdelning i Uppsala, Alliance Fran\u00e7aise d&rsquo;Upsal, och 1892 av en i G\u00f6teborg. Varje f\u00f6rening utg\u00f6r en sj\u00e4lvst\u00e4ndig enhet, med egen ekonomi och med lokal f\u00f6rankring p\u00e5 orten d\u00e4r den verkar. De svenska f\u00f6reningarna samarbetar sinsemellan och med Franska Ambassaden i Sverige. Att Frankrikes president, Fran\u00e7ois Hollande, \u00e4r hedersordf\u00f6rande markerar vilken vikt man i Frankrike tillm\u00e4ter r\u00f6relsen och dess verksamhet. N\u00e4tverket i Sverige I Stockholm grundades 1889 den f\u00f6rsta svenska Alliance Fran\u00e7aise. Den f\u00f6ljdes snabbt av Alliance Fran\u00e7aise i Uppsala och i G\u00f6teborg. Idag omfattar det svenska Alliance Fran\u00e7aises n\u00e4tverket 16 f\u00f6reningar, som har en s\u00e4rskild st\u00e4llning i fr\u00e4mjandet av den fransktalande v\u00e4rlden. P\u00e5 grund av den st\u00f6rra svenska traditionen av studief\u00f6rbund som Medborgarskolan och Folkh\u00f6gskolan, erbjuder de svenska Alliance Fran\u00e7aise inga kurser i franska. Dock f\u00f6resl\u00e5r de m\u00e5nga aktiviteter och konferenser i franska och svenska om fransktalande kulturer. Som en del av samarbetet mellan de olika Alliance Fran\u00e7aise i Sverige, h\u00e5lls ett nationellt m\u00f6te varje \u00e5r i en n\u00e4tverksmedlems stad. \u00c5r 2016 \u00e4gde detta m\u00f6te rum i Falun. H\u00e4r diskuteras tidigare och framtida projekt, s\u00e5som utveckling av partnerskap eller utbyte av f\u00f6rel\u00e4sare mellan de olika Alliance Fran\u00e7aise och st\u00e4der i Sverige. Uppt\u00e4ck kartan \u00f6ver Alliance Fran\u00e7aise n\u00e4tverk i Sverige h\u00e4r<\/p>\n","protected":false},"author":1,"featured_media":0,"parent":0,"menu_order":0,"comment_status":"closed","ping_status":"closed","template":"","meta":{"om_disable_all_campaigns":false,"_monsterinsights_skip_tracking":false,"_monsterinsights_sitenote_active":false,"_monsterinsights_sitenote_note":"","_monsterinsights_sitenote_category":0,"_uf_show_specific_survey":0,"_uf_disable_surveys":false,"footnotes":""},"class_list":["post-48","page","type-page","status-publish","hentry"],"aioseo_notices":[],"rttpg_featured_image_url":null,"rttpg_author":{"display_name":"Super.admin","author_link":"https:\/\/alliancefr.se\/jonkoping\/author\/admin2174\/"},"rttpg_comment":0,"rttpg_category":" <a href=\"https:\/\/alliancefr.se\/jonkoping\/sv\/\" rel=\"tag\">Svenska<\/a>","rttpg_excerpt":"Alliance fran\u00e7aise bildades 1883 i Paris av n\u00e5gra enskilda initiativtagare &#8211; varav de flesta universitetsl\u00e4rare &#8211; som ville skapa en f\u00f6rening med syfte att sprida k\u00e4nnedom om det franska spr\u00e5ket, den franska litteraturen, vetenskapen och konsten f\u00f6r att st\u00e4rka Frankrikes inflytande i v\u00e4rlden. Fr\u00e5n start fick f\u00f6reningen kraftigt st\u00f6d av inflytelserika personer inom olika samh\u00e4llsklasser.\u2026","_links":{"self":[{"href":"https:\/\/alliancefr.se\/jonkoping\/wp-json\/wp\/v2\/pages\/48","targetHints":{"allow":["GET"]}}],"collection":[{"href":"https:\/\/alliancefr.se\/jonkoping\/wp-json\/wp\/v2\/pages"}],"about":[{"href":"https:\/\/alliancefr.se\/jonkoping\/wp-json\/wp\/v2\/types\/page"}],"author":[{"embeddable":true,"href":"https:\/\/alliancefr.se\/jonkoping\/wp-json\/wp\/v2\/users\/1"}],"replies":[{"embeddable":true,"href":"https:\/\/alliancefr.se\/jonkoping\/wp-json\/wp\/v2\/comments?post=48"}],"version-history":[{"count":6,"href":"https:\/\/alliancefr.se\/jonkoping\/wp-json\/wp\/v2\/pages\/48\/revisions"}],"predecessor-version":[{"id":2291,"href":"https:\/\/alliancefr.se\/jonkoping\/wp-json\/wp\/v2\/pages\/48\/revisions\/2291"}],"wp:attachment":[{"href":"https:\/\/alliancefr.se\/jonkoping\/wp-json\/wp\/v2\/media?parent=48"}],"curies":[{"name":"wp","href":"https:\/\/api.w.org\/{rel}","templated":true}]}}