{"id":45,"date":"2014-05-18T10:27:02","date_gmt":"2014-05-18T08:27:02","guid":{"rendered":"https:\/\/alliancefr.se\/jonkoping\/alliance-francaise-jonkoping\/"},"modified":"2023-11-29T17:15:16","modified_gmt":"2023-11-29T16:15:16","slug":"alliance-francaise-jonkoping","status":"publish","type":"page","link":"https:\/\/alliancefr.se\/jonkoping\/sv\/alliance-francaise-jonkoping\/","title":{"rendered":"Om oss"},"content":{"rendered":"\t\t<div data-elementor-type=\"wp-page\" data-elementor-id=\"45\" class=\"elementor elementor-45\">\n\t\t\t\t\t\t<section class=\"elementor-section elementor-top-section elementor-element elementor-element-760fa3d1 elementor-section-boxed elementor-section-height-default elementor-section-height-default\" data-id=\"760fa3d1\" data-element_type=\"section\">\n\t\t\t\t\t\t<div class=\"elementor-container elementor-column-gap-default\">\n\t\t\t\t\t<div class=\"elementor-column elementor-col-100 elementor-top-column elementor-element elementor-element-6aad99a8\" data-id=\"6aad99a8\" data-element_type=\"column\">\n\t\t\t<div class=\"elementor-widget-wrap elementor-element-populated\">\n\t\t\t\t\t\t\t<\/div>\n\t\t<\/div>\n\t\t\t\t\t<\/div>\n\t\t<\/section>\n\t\t\t\t<section class=\"elementor-section elementor-top-section elementor-element elementor-element-78b7347 elementor-section-boxed elementor-section-height-default elementor-section-height-default\" data-id=\"78b7347\" data-element_type=\"section\">\n\t\t\t\t\t\t<div class=\"elementor-container elementor-column-gap-default\">\n\t\t\t\t\t<div class=\"elementor-column elementor-col-100 elementor-top-column elementor-element elementor-element-51efe69\" data-id=\"51efe69\" data-element_type=\"column\">\n\t\t\t<div class=\"elementor-widget-wrap elementor-element-populated\">\n\t\t\t\t\t\t<div class=\"elementor-element elementor-element-f7c51c8 elementor-widget elementor-widget-image\" data-id=\"f7c51c8\" data-element_type=\"widget\" data-widget_type=\"image.default\">\n\t\t\t\t<div class=\"elementor-widget-container\">\n\t\t\t\t\t\t\t\t\t\t\t\t\t\t\t<img fetchpriority=\"high\" decoding=\"async\" width=\"810\" height=\"364\" src=\"https:\/\/alliancefr.se\/jonkoping\/wp-content\/uploads\/sites\/11\/2023\/11\/arton8394.png\" class=\"attachment-large size-large wp-image-2254\" alt=\"\" \/>\t\t\t\t\t\t\t\t\t\t\t\t\t\t\t<\/div>\n\t\t\t\t<\/div>\n\t\t\t\t\t<\/div>\n\t\t<\/div>\n\t\t\t\t\t<\/div>\n\t\t<\/section>\n\t\t\t\t<section class=\"elementor-section elementor-top-section elementor-element elementor-element-2901622 elementor-section-boxed elementor-section-height-default elementor-section-height-default\" data-id=\"2901622\" data-element_type=\"section\">\n\t\t\t\t\t\t<div class=\"elementor-container elementor-column-gap-default\">\n\t\t\t\t\t<div class=\"elementor-column elementor-col-100 elementor-top-column elementor-element elementor-element-3f668ce\" data-id=\"3f668ce\" data-element_type=\"column\">\n\t\t\t<div class=\"elementor-widget-wrap elementor-element-populated\">\n\t\t\t\t\t\t<div class=\"elementor-element elementor-element-2e58d7c elementor-widget elementor-widget-text-editor\" data-id=\"2e58d7c\" data-element_type=\"widget\" data-widget_type=\"text-editor.default\">\n\t\t\t\t<div class=\"elementor-widget-container\">\n\t\t\t\t\t\t\t\t\t<p class=\"entry-title\">Alliance Fran\u00e7aise \u00e4r en v\u00e4rldsomfattande f\u00f6rening som grundades\u00a0 i Paris 1883. F\u00f6reningen, som \u00e4r politiskt och religi\u00f6st obunden, har till syfte att fr\u00e4mja intresset f\u00f6r det franska spr\u00e5ket och den franska kulturen.<\/p>\t\t\t\t\t\t\t\t<\/div>\n\t\t\t\t<\/div>\n\t\t\t\t\t<\/div>\n\t\t<\/div>\n\t\t\t\t\t<\/div>\n\t\t<\/section>\n\t\t\t\t<section class=\"elementor-section elementor-top-section elementor-element elementor-element-b2a8e9a elementor-section-boxed elementor-section-height-default elementor-section-height-default\" data-id=\"b2a8e9a\" data-element_type=\"section\">\n\t\t\t\t\t\t<div class=\"elementor-container elementor-column-gap-default\">\n\t\t\t\t\t<div class=\"elementor-column elementor-col-100 elementor-top-column elementor-element elementor-element-246ae05\" data-id=\"246ae05\" data-element_type=\"column\">\n\t\t\t<div class=\"elementor-widget-wrap elementor-element-populated\">\n\t\t\t\t\t\t<div class=\"elementor-element elementor-element-9501563 elementor-widget elementor-widget-text-editor\" data-id=\"9501563\" data-element_type=\"widget\" data-widget_type=\"text-editor.default\">\n\t\t\t\t<div class=\"elementor-widget-container\">\n\t\t\t\t\t\t\t\t\t<h4><strong>Historia<\/strong><\/h4><p>Alliance Fran\u00e7aise i J\u00f6nk\u00f6ping bildades p\u00e5 h\u00f6sten 1928. Det ber\u00e4ttas att v\u00e5r f\u00f6rste f\u00f6rel\u00e4sare fr\u00e5n Alliance Fran\u00e7aise i Paris, som anl\u00e4nde till J\u00f6nk\u00f6pings station den 13 december, en iskall Luciadag d\u00e5 det stormade p\u00e5 V\u00e4ttern, fick ett v\u00e4lkomnande som imponerade mycket p\u00e5 honom. Strax efter att han stigit av t\u00e5get m\u00f6tte han ett Luciat\u00e5g och utbrast d\u00e5: \u201dDen andra Ljusets stad\u201d! En fin komplimang, d\u00e5 \u201dLjusets stad\u201d f\u00f6r alla fransm\u00e4n \u00e4r Paris.<\/p><h4><strong>Idag<\/strong><\/h4><p>Numera \u00e4r Alliance Fran\u00e7aise en f\u00f6rening d\u00e4r alla som \u00e4r intresserade av Frankrike och det franska spr\u00e5ket tr\u00e4ffas f\u00f6r att umg\u00e5s, lyssna p\u00e5 franska, prata om man s\u00e5 vill. Flera av v\u00e5ra medlemmar kommer ursprungligen fr\u00e5n fransktalande l\u00e4nder.<\/p><p>Ungef\u00e4r en g\u00e5ng i m\u00e5naden p\u00e5 kv\u00e4llstid h\u00e5lls tr\u00e4ffar, ofta med en inbjuden g\u00e4st fr\u00e5n Frankrike som h\u00e5ller ett anf\u00f6rande om n\u00e5got \u00e4mne med fransk anknytning. Vi ordnar \u00e4ven vinprovningar, visaftnar och \u00e4ven anf\u00f6rande p\u00e5 svenska om t ex fransk konst och litteratur. D\u00e4refter serveras en l\u00e4tt m\u00e5ltid till sj\u00e4lvkostnadspris f\u00f6r den som vill. Umg\u00e4ngesspr\u00e5ket mellan medlemmarna \u00e4r givetvis svenska, men f\u00f6r att ha beh\u00e5llning av f\u00f6rel\u00e4sningar och andra aktiviteter m\u00e5ste man ha vissa kunskaper i franska. Och vill man tr\u00e4na sin franska kan man g\u00f6ra det.<\/p><p>F\u00f6reningen \u00e4r politiskt och religi\u00f6st obunden. Den uppb\u00e4r inga bidrag f\u00f6rutom ett f\u00f6reningsbidrag fr\u00e5n J\u00f6nk\u00f6pings kommun och \u00e4r ekonomiskt beroende av sina medlemmars avgifter. Styrelsen uppb\u00e4r inga arvoden.<\/p>\t\t\t\t\t\t\t\t<\/div>\n\t\t\t\t<\/div>\n\t\t\t\t\t<\/div>\n\t\t<\/div>\n\t\t\t\t\t<\/div>\n\t\t<\/section>\n\t\t\t\t<section class=\"elementor-section elementor-top-section elementor-element elementor-element-77e9c94 elementor-section-boxed elementor-section-height-default elementor-section-height-default\" data-id=\"77e9c94\" data-element_type=\"section\">\n\t\t\t\t\t\t<div class=\"elementor-container elementor-column-gap-default\">\n\t\t\t\t\t<div class=\"elementor-column elementor-col-100 elementor-top-column elementor-element elementor-element-345eabd\" data-id=\"345eabd\" data-element_type=\"column\">\n\t\t\t<div class=\"elementor-widget-wrap elementor-element-populated\">\n\t\t\t\t\t\t<div class=\"elementor-element elementor-element-1c17737 elementor-widget elementor-widget-text-editor\" data-id=\"1c17737\" data-element_type=\"widget\" data-widget_type=\"text-editor.default\">\n\t\t\t\t<div class=\"elementor-widget-container\">\n\t\t\t\t\t\t\t\t\t<h3><strong>V\u00e5r kommitt\u00e9<\/strong><\/h3><p><strong>Ordf\u00f6rande<\/strong><br \/>Constantin Dragan<\/p><p><strong>Vice ordf\u00f6rande<\/strong><br \/>Ann Bj\u00f6rnfjord<\/p><p><strong>Sekreterare<\/strong><br \/>Ellinor Norberg<\/p><p><strong>Vice-sekreterare<\/strong><br \/>Lena Knutsson<\/p><p><strong>Kass\u00f6r<\/strong><br \/>\u00c5sa Timarson<\/p><p><strong>Vice kass\u00f6r<\/strong><br \/>Agneta Marklinger<\/p><p><strong>Ledamot<br \/><\/strong>Ann Garming<\/p>\t\t\t\t\t\t\t\t<\/div>\n\t\t\t\t<\/div>\n\t\t\t\t\t<\/div>\n\t\t<\/div>\n\t\t\t\t\t<\/div>\n\t\t<\/section>\n\t\t\t\t<\/div>\n\t\t","protected":false},"excerpt":{"rendered":"<p>Alliance Fran\u00e7aise \u00e4r en v\u00e4rldsomfattande f\u00f6rening som grundades\u00a0 i Paris 1883. F\u00f6reningen, som \u00e4r politiskt och religi\u00f6st obunden, har till syfte att fr\u00e4mja intresset f\u00f6r det franska spr\u00e5ket och den franska kulturen. Historia Alliance Fran\u00e7aise i J\u00f6nk\u00f6ping bildades p\u00e5 h\u00f6sten 1928. Det ber\u00e4ttas att v\u00e5r f\u00f6rste f\u00f6rel\u00e4sare fr\u00e5n Alliance Fran\u00e7aise i Paris, som anl\u00e4nde till J\u00f6nk\u00f6pings station den 13 december, en iskall Luciadag d\u00e5 det stormade p\u00e5 V\u00e4ttern, fick ett v\u00e4lkomnande som imponerade mycket p\u00e5 honom. Strax efter att han stigit av t\u00e5get m\u00f6tte han ett Luciat\u00e5g och utbrast d\u00e5: \u201dDen andra Ljusets stad\u201d! En fin komplimang, d\u00e5 \u201dLjusets stad\u201d f\u00f6r alla fransm\u00e4n \u00e4r Paris. Idag Numera \u00e4r Alliance Fran\u00e7aise en f\u00f6rening d\u00e4r alla som \u00e4r intresserade av Frankrike och det franska spr\u00e5ket tr\u00e4ffas f\u00f6r att umg\u00e5s, lyssna p\u00e5 franska, prata om man s\u00e5 vill. Flera av v\u00e5ra medlemmar kommer ursprungligen fr\u00e5n fransktalande l\u00e4nder. Ungef\u00e4r en g\u00e5ng i m\u00e5naden p\u00e5 kv\u00e4llstid h\u00e5lls tr\u00e4ffar, ofta med en inbjuden g\u00e4st fr\u00e5n Frankrike som h\u00e5ller ett anf\u00f6rande om n\u00e5got \u00e4mne med fransk anknytning. Vi ordnar \u00e4ven vinprovningar, visaftnar och \u00e4ven anf\u00f6rande p\u00e5 svenska om t ex fransk konst och litteratur. D\u00e4refter serveras en l\u00e4tt m\u00e5ltid till sj\u00e4lvkostnadspris f\u00f6r den som vill. Umg\u00e4ngesspr\u00e5ket mellan medlemmarna \u00e4r givetvis svenska, men f\u00f6r att ha beh\u00e5llning av f\u00f6rel\u00e4sningar och andra aktiviteter m\u00e5ste man ha vissa kunskaper i franska. Och vill man tr\u00e4na sin franska kan man g\u00f6ra det. F\u00f6reningen \u00e4r politiskt och religi\u00f6st obunden. Den uppb\u00e4r inga bidrag f\u00f6rutom ett f\u00f6reningsbidrag fr\u00e5n J\u00f6nk\u00f6pings kommun och \u00e4r ekonomiskt beroende av sina medlemmars avgifter. Styrelsen uppb\u00e4r inga arvoden. V\u00e5r kommitt\u00e9 Ordf\u00f6randeConstantin Dragan Vice ordf\u00f6randeAnn Bj\u00f6rnfjord SekreterareEllinor Norberg Vice-sekreterareLena Knutsson Kass\u00f6r\u00c5sa Timarson Vice kass\u00f6rAgneta Marklinger LedamotAnn Garming<\/p>\n","protected":false},"author":1,"featured_media":0,"parent":0,"menu_order":0,"comment_status":"closed","ping_status":"closed","template":"","meta":{"om_disable_all_campaigns":false,"_monsterinsights_skip_tracking":false,"_monsterinsights_sitenote_active":false,"_monsterinsights_sitenote_note":"","_monsterinsights_sitenote_category":0,"_uf_show_specific_survey":0,"_uf_disable_surveys":false,"footnotes":""},"class_list":["post-45","page","type-page","status-publish","hentry"],"aioseo_notices":[],"rttpg_featured_image_url":null,"rttpg_author":{"display_name":"Super.admin","author_link":"https:\/\/alliancefr.se\/jonkoping\/author\/admin2174\/"},"rttpg_comment":0,"rttpg_category":" <a href=\"https:\/\/alliancefr.se\/jonkoping\/sv\/\" rel=\"tag\">Svenska<\/a>","rttpg_excerpt":"Alliance Fran\u00e7aise \u00e4r en v\u00e4rldsomfattande f\u00f6rening som grundades\u00a0 i Paris 1883. F\u00f6reningen, som \u00e4r politiskt och religi\u00f6st obunden, har till syfte att fr\u00e4mja intresset f\u00f6r det franska spr\u00e5ket och den franska kulturen. Historia Alliance Fran\u00e7aise i J\u00f6nk\u00f6ping bildades p\u00e5 h\u00f6sten 1928. Det ber\u00e4ttas att v\u00e5r f\u00f6rste f\u00f6rel\u00e4sare fr\u00e5n Alliance Fran\u00e7aise i Paris, som anl\u00e4nde till\u2026","_links":{"self":[{"href":"https:\/\/alliancefr.se\/jonkoping\/wp-json\/wp\/v2\/pages\/45","targetHints":{"allow":["GET"]}}],"collection":[{"href":"https:\/\/alliancefr.se\/jonkoping\/wp-json\/wp\/v2\/pages"}],"about":[{"href":"https:\/\/alliancefr.se\/jonkoping\/wp-json\/wp\/v2\/types\/page"}],"author":[{"embeddable":true,"href":"https:\/\/alliancefr.se\/jonkoping\/wp-json\/wp\/v2\/users\/1"}],"replies":[{"embeddable":true,"href":"https:\/\/alliancefr.se\/jonkoping\/wp-json\/wp\/v2\/comments?post=45"}],"version-history":[{"count":10,"href":"https:\/\/alliancefr.se\/jonkoping\/wp-json\/wp\/v2\/pages\/45\/revisions"}],"predecessor-version":[{"id":2345,"href":"https:\/\/alliancefr.se\/jonkoping\/wp-json\/wp\/v2\/pages\/45\/revisions\/2345"}],"wp:attachment":[{"href":"https:\/\/alliancefr.se\/jonkoping\/wp-json\/wp\/v2\/media?parent=45"}],"curies":[{"name":"wp","href":"https:\/\/api.w.org\/{rel}","templated":true}]}}