{"id":1043,"date":"2017-06-20T17:55:06","date_gmt":"2017-06-20T15:55:06","guid":{"rendered":"https:\/\/alliancefr.se\/jonkoping\/a-propos-de-nous\/"},"modified":"2023-11-29T17:14:16","modified_gmt":"2023-11-29T16:14:16","slug":"a-propos-de-nous","status":"publish","type":"page","link":"https:\/\/alliancefr.se\/jonkoping\/a-propos-de-nous\/","title":{"rendered":"Qui sommes-nous ?"},"content":{"rendered":"\t\t<div data-elementor-type=\"wp-page\" data-elementor-id=\"1043\" class=\"elementor elementor-1043\">\n\t\t\t\t\t\t<section class=\"elementor-section elementor-top-section elementor-element elementor-element-f2cf1cc elementor-section-boxed elementor-section-height-default elementor-section-height-default\" data-id=\"f2cf1cc\" data-element_type=\"section\">\n\t\t\t\t\t\t<div class=\"elementor-container elementor-column-gap-default\">\n\t\t\t\t\t<div class=\"elementor-column elementor-col-100 elementor-top-column elementor-element elementor-element-68d21d0\" data-id=\"68d21d0\" data-element_type=\"column\">\n\t\t\t<div class=\"elementor-widget-wrap elementor-element-populated\">\n\t\t\t\t\t\t<div class=\"elementor-element elementor-element-128ef87 elementor-widget elementor-widget-image\" data-id=\"128ef87\" data-element_type=\"widget\" data-widget_type=\"image.default\">\n\t\t\t\t<div class=\"elementor-widget-container\">\n\t\t\t\t\t\t\t\t\t\t\t\t\t\t\t<img fetchpriority=\"high\" decoding=\"async\" width=\"810\" height=\"364\" src=\"https:\/\/alliancefr.se\/jonkoping\/wp-content\/uploads\/sites\/11\/2023\/11\/arton8394.png\" class=\"attachment-large size-large wp-image-2254\" alt=\"\" \/>\t\t\t\t\t\t\t\t\t\t\t\t\t\t\t<\/div>\n\t\t\t\t<\/div>\n\t\t\t\t\t<\/div>\n\t\t<\/div>\n\t\t\t\t\t<\/div>\n\t\t<\/section>\n\t\t\t\t<section class=\"elementor-section elementor-top-section elementor-element elementor-element-09fd7c8 elementor-section-boxed elementor-section-height-default elementor-section-height-default\" data-id=\"09fd7c8\" data-element_type=\"section\">\n\t\t\t\t\t\t<div class=\"elementor-container elementor-column-gap-default\">\n\t\t\t\t\t<div class=\"elementor-column elementor-col-100 elementor-top-column elementor-element elementor-element-6736823\" data-id=\"6736823\" data-element_type=\"column\">\n\t\t\t<div class=\"elementor-widget-wrap elementor-element-populated\">\n\t\t\t\t\t\t<div class=\"elementor-element elementor-element-ffdb168 elementor-widget elementor-widget-text-editor\" data-id=\"ffdb168\" data-element_type=\"widget\" data-widget_type=\"text-editor.default\">\n\t\t\t\t<div class=\"elementor-widget-container\">\n\t\t\t\t\t\t\t\t\t<p style=\"text-align: center;\">Mouvement associatif fond\u00e9 en 1883 \u00e0 Paris, l\u2019Alliance fran\u00e7aise couvre le monde entier. Le r\u00e9seau des Alliances fran\u00e7aises est pr\u00e9sent dans 137 pays. L&rsquo;Alliance Fran\u00e7aise est statutairement libre de tout lien politique et religieux. Elle a pour objectif de mieux faire conna\u00eetre la culture fran\u00e7aise et les cultures francophones, dans toutes les dimensions, et de favoriser la diversit\u00e9 culturelle en mettant en valeur toutes les cultures.<\/p><p style=\"text-align: center;\"><strong style=\"font-family: var( --e-global-typography-text-font-family ), Sans-serif; letter-spacing: 0px;\">Francophone? Francophile? Curieux? Soyez les bienvenus comme membres de<br \/>\u00a0l\u2019Alliance Fran\u00e7aise m\u00eame si votre fran\u00e7ais n\u2019est pas parfait.<br \/>Retrouvez-nous autour d&rsquo;une conf\u00e9rence, d&rsquo;une activit\u00e9 en relation avec la France et le monde de la francophonie.<\/strong><\/p><p style=\"text-align: center;\">De nouveaux membres sont toujours les bienvenus dans notre association \u00e0 J\u00f6nk\u00f6ping, et c&rsquo;est avec beaucoup de plaisir que nous les accueillerons.<\/p>\t\t\t\t\t\t\t\t<\/div>\n\t\t\t\t<\/div>\n\t\t\t\t\t<\/div>\n\t\t<\/div>\n\t\t\t\t\t<\/div>\n\t\t<\/section>\n\t\t\t\t<section class=\"elementor-section elementor-top-section elementor-element elementor-element-767ae18 elementor-section-boxed elementor-section-height-default elementor-section-height-default\" data-id=\"767ae18\" data-element_type=\"section\">\n\t\t\t\t\t\t<div class=\"elementor-container elementor-column-gap-default\">\n\t\t\t\t\t<div class=\"elementor-column elementor-col-100 elementor-top-column elementor-element elementor-element-2d6c88c\" data-id=\"2d6c88c\" data-element_type=\"column\">\n\t\t\t<div class=\"elementor-widget-wrap elementor-element-populated\">\n\t\t\t\t\t\t<div class=\"elementor-element elementor-element-c3a4d1f elementor-widget elementor-widget-text-editor\" data-id=\"c3a4d1f\" data-element_type=\"widget\" data-widget_type=\"text-editor.default\">\n\t\t\t\t<div class=\"elementor-widget-container\">\n\t\t\t\t\t\t\t\t\t<h4 class=\"MsoNormal\"><strong>Histoire de l&rsquo;Alliance Fran\u00e7aise de J\u00f6nk\u00f6ping<\/strong><\/h4><p class=\"MsoNormal\">L&rsquo;Alliance fran\u00e7aise de J\u00f6nk\u00f6ping a \u00e9t\u00e9 fond\u00e9e \u00e0 l&rsquo;automne 1928. On raconte que notre premier conf\u00e9rencier de l&rsquo;Alliance fran\u00e7aise de Paris, arriv\u00e9 \u00e0 la gare de J\u00f6nk\u00f6ping le 13 d\u00e9cembre, un jour de Saint Lucie glacial et durant une temp\u00eate sur le lac V\u00e4ttern, a re\u00e7u un accueil qui l&rsquo;a beaucoup impressionn\u00e9. Peu apr\u00e8s sa descente du train, il a crois\u00e9 un train Lucia et s&rsquo;est exclam\u00e9 : \u00ab\u00a0L&rsquo;autre ville lumi\u00e8re\u00a0\u00bb ! Un beau compliment, car pour tous les Fran\u00e7ais, la \u00ab\u00a0Ville Lumi\u00e8re\u00a0\u00bb, c&rsquo;est Paris.<\/p><p class=\"MsoNormal\">\u00a0<\/p><h4 class=\"MsoNormal\"><strong>Aujourd&rsquo;hui<\/strong><\/h4><p class=\"MsoNormal\">Aujourd&rsquo;hui, l&rsquo;Alliance fran\u00e7aise est une association o\u00f9 tous ceux qui s&rsquo;int\u00e9ressent \u00e0 la France et \u00e0 la langue fran\u00e7aise se rencontrent pour socialiser, \u00e9couter du fran\u00e7ais, parler si vous le souhaitez. Beaucoup de nos membres sont originaires de pays francophones.<\/p><p class=\"MsoNormal\">Les r\u00e9unions ont lieu environ une fois par mois en soir\u00e9e, souvent avec un invit\u00e9 de France qui donne une conf\u00e9rence sur un sujet li\u00e9 \u00e0 la langue fran\u00e7aise. Nous organisons \u00e9galement des d\u00e9gustations de vin et des discours en su\u00e9dois sur des sujets tels que l&rsquo;art et la litt\u00e9rature fran\u00e7aise. Ensuite, un repas l\u00e9ger est servi \u00e0 prix co\u00fbtant pour ceux qui le souhaitent. La langue de communication entre les membres est bien s\u00fbr le su\u00e9dois, mais pour profiter des conf\u00e9rences et autres activit\u00e9s, vous devez avoir une certaine connaissance du fran\u00e7ais. Et si vous voulez pratiquer votre fran\u00e7ais, vous pouvez le faire.<\/p><p class=\"MsoNormal\">L&rsquo;organisation est politiquement et religieusement ind\u00e9pendante. Elle ne re\u00e7oit aucune subvention, \u00e0 l&rsquo;exception d&rsquo;une subvention d&rsquo;association de la municipalit\u00e9 de J\u00f6nk\u00f6ping, et d\u00e9pend financi\u00e8rement des cotisations de ses membres. Le conseil d&rsquo;administration ne per\u00e7oit pas d&rsquo;honoraires.<\/p>\t\t\t\t\t\t\t\t<\/div>\n\t\t\t\t<\/div>\n\t\t\t\t\t<\/div>\n\t\t<\/div>\n\t\t\t\t\t<\/div>\n\t\t<\/section>\n\t\t\t\t<section class=\"elementor-section elementor-top-section elementor-element elementor-element-2e1b036 elementor-section-boxed elementor-section-height-default elementor-section-height-default\" data-id=\"2e1b036\" data-element_type=\"section\">\n\t\t\t\t\t\t<div class=\"elementor-container elementor-column-gap-default\">\n\t\t\t\t\t<div class=\"elementor-column elementor-col-100 elementor-top-column elementor-element elementor-element-701edb3\" data-id=\"701edb3\" data-element_type=\"column\">\n\t\t\t<div class=\"elementor-widget-wrap elementor-element-populated\">\n\t\t\t\t\t\t<div class=\"elementor-element elementor-element-e7a8d71 elementor-widget elementor-widget-text-editor\" data-id=\"e7a8d71\" data-element_type=\"widget\" data-widget_type=\"text-editor.default\">\n\t\t\t\t<div class=\"elementor-widget-container\">\n\t\t\t\t\t\t\t\t\t<h3><strong>Notre comit\u00e9<\/strong><\/h3>\n<p><strong>Pr\u00e9sident<\/strong><br>Constantin Dragan<\/p>\n<p><strong>Vice \u2013 pr\u00e9sident<\/strong><br>Ann Bj\u00f6rnfjord<\/p>\n<p><strong>Secr\u00e9taire<\/strong><br>Ellinor Norberg<\/p>\n<p><b>Vice-secr\u00e9taire<\/b><br>Lena Knutsson<\/p>\n<p><strong>Tr\u00e9sorier<\/strong><br>\u00c5sa Timarson<\/p>\n<p><strong>Vice-tr\u00e9sorier<\/strong><br>Agneta Marklinger<\/p>\n<p><strong>Membre repr\u00e9sentant<br><\/strong>Ann Garming<\/p>\t\t\t\t\t\t\t\t<\/div>\n\t\t\t\t<\/div>\n\t\t\t\t\t<\/div>\n\t\t<\/div>\n\t\t\t\t\t<\/div>\n\t\t<\/section>\n\t\t\t\t<\/div>\n\t\t","protected":false},"excerpt":{"rendered":"<p>Mouvement associatif fond\u00e9 en 1883 \u00e0 Paris, l\u2019Alliance fran\u00e7aise couvre le monde entier. Le r\u00e9seau des Alliances fran\u00e7aises est pr\u00e9sent dans 137 pays. L&rsquo;Alliance Fran\u00e7aise est statutairement libre de tout lien politique et religieux. Elle a pour objectif de mieux faire conna\u00eetre la culture fran\u00e7aise et les cultures francophones, dans toutes les dimensions, et de favoriser la diversit\u00e9 culturelle en mettant en valeur toutes les cultures. Francophone? Francophile? Curieux? Soyez les bienvenus comme membres de\u00a0l\u2019Alliance Fran\u00e7aise m\u00eame si votre fran\u00e7ais n\u2019est pas parfait.Retrouvez-nous autour d&rsquo;une conf\u00e9rence, d&rsquo;une activit\u00e9 en relation avec la France et le monde de la francophonie. De nouveaux membres sont toujours les bienvenus dans notre association \u00e0 J\u00f6nk\u00f6ping, et c&rsquo;est avec beaucoup de plaisir que nous les accueillerons. Histoire de l&rsquo;Alliance Fran\u00e7aise de J\u00f6nk\u00f6ping L&rsquo;Alliance fran\u00e7aise de J\u00f6nk\u00f6ping a \u00e9t\u00e9 fond\u00e9e \u00e0 l&rsquo;automne 1928. On raconte que notre premier conf\u00e9rencier de l&rsquo;Alliance fran\u00e7aise de Paris, arriv\u00e9 \u00e0 la gare de J\u00f6nk\u00f6ping le 13 d\u00e9cembre, un jour de Saint Lucie glacial et durant une temp\u00eate sur le lac V\u00e4ttern, a re\u00e7u un accueil qui l&rsquo;a beaucoup impressionn\u00e9. Peu apr\u00e8s sa descente du train, il a crois\u00e9 un train Lucia et s&rsquo;est exclam\u00e9 : \u00ab\u00a0L&rsquo;autre ville lumi\u00e8re\u00a0\u00bb ! Un beau compliment, car pour tous les Fran\u00e7ais, la \u00ab\u00a0Ville Lumi\u00e8re\u00a0\u00bb, c&rsquo;est Paris. \u00a0 Aujourd&rsquo;hui Aujourd&rsquo;hui, l&rsquo;Alliance fran\u00e7aise est une association o\u00f9 tous ceux qui s&rsquo;int\u00e9ressent \u00e0 la France et \u00e0 la langue fran\u00e7aise se rencontrent pour socialiser, \u00e9couter du fran\u00e7ais, parler si vous le souhaitez. Beaucoup de nos membres sont originaires de pays francophones. Les r\u00e9unions ont lieu environ une fois par mois en soir\u00e9e, souvent avec un invit\u00e9 de France qui donne une conf\u00e9rence sur un sujet li\u00e9 \u00e0 la langue fran\u00e7aise. Nous organisons \u00e9galement des d\u00e9gustations de vin et des discours en su\u00e9dois sur des sujets tels que l&rsquo;art et la litt\u00e9rature fran\u00e7aise. Ensuite, un repas l\u00e9ger est servi \u00e0 prix co\u00fbtant pour ceux qui le souhaitent. La langue de communication entre les membres est bien s\u00fbr le su\u00e9dois, mais pour profiter des conf\u00e9rences et autres activit\u00e9s, vous devez avoir une certaine connaissance du fran\u00e7ais. Et si vous voulez pratiquer votre fran\u00e7ais, vous pouvez le faire. L&rsquo;organisation est politiquement et religieusement ind\u00e9pendante. Elle ne re\u00e7oit aucune subvention, \u00e0 l&rsquo;exception d&rsquo;une subvention d&rsquo;association de la municipalit\u00e9 de J\u00f6nk\u00f6ping, et d\u00e9pend financi\u00e8rement des cotisations de ses membres. Le conseil d&rsquo;administration ne per\u00e7oit pas d&rsquo;honoraires. Notre comit\u00e9 Pr\u00e9sidentConstantin Dragan Vice \u2013 pr\u00e9sidentAnn Bj\u00f6rnfjord Secr\u00e9taireEllinor Norberg Vice-secr\u00e9taireLena Knutsson Tr\u00e9sorier\u00c5sa Timarson Vice-tr\u00e9sorierAgneta Marklinger Membre repr\u00e9sentantAnn Garming<\/p>\n","protected":false},"author":1,"featured_media":0,"parent":0,"menu_order":0,"comment_status":"closed","ping_status":"closed","template":"","meta":{"om_disable_all_campaigns":false,"_monsterinsights_skip_tracking":false,"_monsterinsights_sitenote_active":false,"_monsterinsights_sitenote_note":"","_monsterinsights_sitenote_category":0,"_uf_show_specific_survey":0,"_uf_disable_surveys":false,"footnotes":""},"class_list":["post-1043","page","type-page","status-publish","hentry"],"aioseo_notices":[],"rttpg_featured_image_url":null,"rttpg_author":{"display_name":"Super.admin","author_link":"https:\/\/alliancefr.se\/jonkoping\/author\/admin2174\/"},"rttpg_comment":0,"rttpg_category":" <a href=\"https:\/\/alliancefr.se\/jonkoping\/\" rel=\"tag\">Fran\u00e7ais<\/a>","rttpg_excerpt":"Mouvement associatif fond\u00e9 en 1883 \u00e0 Paris, l\u2019Alliance fran\u00e7aise couvre le monde entier. Le r\u00e9seau des Alliances fran\u00e7aises est pr\u00e9sent dans 137 pays. L&rsquo;Alliance Fran\u00e7aise est statutairement libre de tout lien politique et religieux. Elle a pour objectif de mieux faire conna\u00eetre la culture fran\u00e7aise et les cultures francophones, dans toutes les dimensions, et de\u2026","_links":{"self":[{"href":"https:\/\/alliancefr.se\/jonkoping\/wp-json\/wp\/v2\/pages\/1043","targetHints":{"allow":["GET"]}}],"collection":[{"href":"https:\/\/alliancefr.se\/jonkoping\/wp-json\/wp\/v2\/pages"}],"about":[{"href":"https:\/\/alliancefr.se\/jonkoping\/wp-json\/wp\/v2\/types\/page"}],"author":[{"embeddable":true,"href":"https:\/\/alliancefr.se\/jonkoping\/wp-json\/wp\/v2\/users\/1"}],"replies":[{"embeddable":true,"href":"https:\/\/alliancefr.se\/jonkoping\/wp-json\/wp\/v2\/comments?post=1043"}],"version-history":[{"count":22,"href":"https:\/\/alliancefr.se\/jonkoping\/wp-json\/wp\/v2\/pages\/1043\/revisions"}],"predecessor-version":[{"id":2342,"href":"https:\/\/alliancefr.se\/jonkoping\/wp-json\/wp\/v2\/pages\/1043\/revisions\/2342"}],"wp:attachment":[{"href":"https:\/\/alliancefr.se\/jonkoping\/wp-json\/wp\/v2\/media?parent=1043"}],"curies":[{"name":"wp","href":"https:\/\/api.w.org\/{rel}","templated":true}]}}