{"id":122,"date":"2019-06-06T16:32:15","date_gmt":"2019-06-06T16:32:15","guid":{"rendered":"http:\/\/alliancefr.se\/halmstad\/qui-sommes-nous\/"},"modified":"2024-09-26T14:43:03","modified_gmt":"2024-09-26T12:43:03","slug":"qui-sommes-nous","status":"publish","type":"page","link":"https:\/\/alliancefr.se\/halmstad\/qui-sommes-nous\/","title":{"rendered":"Qui sommes-nous ?"},"content":{"rendered":"\t\t<div data-elementor-type=\"wp-page\" data-elementor-id=\"122\" class=\"elementor elementor-122\">\n\t\t\t\t\t\t<section class=\"elementor-section elementor-top-section elementor-element elementor-element-581cb9db elementor-section-boxed elementor-section-height-default elementor-section-height-default\" data-id=\"581cb9db\" data-element_type=\"section\">\n\t\t\t\t\t\t<div class=\"elementor-container elementor-column-gap-default\">\n\t\t\t\t\t<div class=\"elementor-column elementor-col-100 elementor-top-column elementor-element elementor-element-f0264\" data-id=\"f0264\" data-element_type=\"column\">\n\t\t\t<div class=\"elementor-widget-wrap elementor-element-populated\">\n\t\t\t\t\t\t<div class=\"elementor-element elementor-element-5d96b51d elementor-widget elementor-widget-text-editor\" data-id=\"5d96b51d\" data-element_type=\"widget\" data-widget_type=\"text-editor.default\">\n\t\t\t\t<div class=\"elementor-widget-container\">\n\t\t\t\t\t\t\t\t\t<p><strong>L&rsquo;Alliance Fran\u00e7aise<\/strong> a pour but de promouvoir la langue et la culture fran\u00e7aises. L&rsquo;association existe \u00e0 Halmstad depuis 1929, mais l&rsquo;Alliance Fran\u00e7aise de Paris a \u00e9t\u00e9 fond\u00e9e en 1883 et il existe des associations locales dans le monde entier.<\/p><p>Il y a 17 Alliances Fran\u00e7aises en Su\u00e8de, pour d\u00e9couvrir le r\u00e9seau des Alliances Fran\u00e7aises de Su\u00e8de <a href=\"http:\/\/alliancefr.se\/\">c&rsquo;est ici.<\/a><\/p><p><strong>\u00c0 l&rsquo;Alliance Fran\u00e7aise d&rsquo;Halmstad<\/strong>, nous organisons g\u00e9n\u00e9ralement <strong>trois ou quatre activit\u00e9s par trimestre<\/strong>. Il peut s&rsquo;agir de conf\u00e9rences sur tout ce qui a un lien avec la France, comme la culture fran\u00e7aise, les pays francophones ou les vins fran\u00e7ais.<\/p><p>Les activit\u00e9s se d\u00e9roulent g\u00e9n\u00e9ralement <strong>en fran\u00e7ais,<\/strong> mais il n&rsquo;est pas n\u00e9cessaire de parler couramment cette langue pour y participer, car il y a g\u00e9n\u00e9ralement quelqu&rsquo;un qui peut traduire. Lorsque nous organisons des projections de films fran\u00e7ais en collaboration avec la biblioth\u00e8que et l&rsquo;Institut Fran\u00e7ais, <strong>les films sont sous-titr\u00e9s en anglais.<\/strong><\/p><p>L&rsquo;adh\u00e9sion co\u00fbte :<\/p><ul><li>250:-\/an pour les membres individuels,<\/li><li>350:-\/an pour les familles,<\/li><li>Le droit d&rsquo;entr\u00e9e pour les non-membres est de 60 kr.<\/li><\/ul><p>Vous souhaitez devenir membre ?<\/p><p>Contactez-nous via le formulaire \u00ab\u00a0<a href=\"https:\/\/alliancefr.se\/halmstad\/devenir-membre\/\" target=\"_blank\" rel=\"noopener\">Devenir membre<\/a>\u00a0\u00bb et payez la cotisation \u00e0 <strong>PlusGirot 54 77 50-0 AF Halmstad<\/strong>, en indiquant votre nom et pr\u00e9nom.<\/p>\t\t\t\t\t\t\t\t<\/div>\n\t\t\t\t<\/div>\n\t\t\t\t\t<\/div>\n\t\t<\/div>\n\t\t\t\t\t<\/div>\n\t\t<\/section>\n\t\t\t\t<\/div>\n\t\t","protected":false},"excerpt":{"rendered":"<p>L&rsquo;Alliance Fran\u00e7aise a pour but de promouvoir la langue et la culture fran\u00e7aises. L&rsquo;association existe \u00e0 Halmstad depuis 1929, mais l&rsquo;Alliance Fran\u00e7aise de Paris a \u00e9t\u00e9 fond\u00e9e en 1883 et il existe des associations locales dans le monde entier. Il y a 17 Alliances Fran\u00e7aises en Su\u00e8de, pour d\u00e9couvrir le r\u00e9seau des Alliances Fran\u00e7aises de Su\u00e8de c&rsquo;est ici. \u00c0 l&rsquo;Alliance Fran\u00e7aise d&rsquo;Halmstad, nous organisons g\u00e9n\u00e9ralement trois ou quatre activit\u00e9s par trimestre. Il peut s&rsquo;agir de conf\u00e9rences sur tout ce qui a un lien avec la France, comme la culture fran\u00e7aise, les pays francophones ou les vins fran\u00e7ais. Les activit\u00e9s se d\u00e9roulent g\u00e9n\u00e9ralement en fran\u00e7ais, mais il n&rsquo;est pas n\u00e9cessaire de parler couramment cette langue pour y participer, car il y a g\u00e9n\u00e9ralement quelqu&rsquo;un qui peut traduire. Lorsque nous organisons des projections de films fran\u00e7ais en collaboration avec la biblioth\u00e8que et l&rsquo;Institut Fran\u00e7ais, les films sont sous-titr\u00e9s en anglais. L&rsquo;adh\u00e9sion co\u00fbte : 250:-\/an pour les membres individuels, 350:-\/an pour les familles, Le droit d&rsquo;entr\u00e9e pour les non-membres est de 60 kr. Vous souhaitez devenir membre ? Contactez-nous via le formulaire \u00ab\u00a0Devenir membre\u00a0\u00bb et payez la cotisation \u00e0 PlusGirot 54 77 50-0 AF Halmstad, en indiquant votre nom et pr\u00e9nom.<\/p>\n","protected":false},"author":1,"featured_media":0,"parent":0,"menu_order":0,"comment_status":"closed","ping_status":"closed","template":"","meta":{"om_disable_all_campaigns":false,"_monsterinsights_skip_tracking":false,"_monsterinsights_sitenote_active":false,"_monsterinsights_sitenote_note":"","_monsterinsights_sitenote_category":0,"_uf_show_specific_survey":0,"_uf_disable_surveys":false,"footnotes":""},"class_list":["post-122","page","type-page","status-publish","hentry"],"aioseo_notices":[],"rttpg_featured_image_url":null,"rttpg_author":{"display_name":"Super.admin","author_link":"https:\/\/alliancefr.se\/halmstad\/author\/admin2174\/"},"rttpg_comment":0,"rttpg_category":" <a href=\"https:\/\/alliancefr.se\/halmstad\/\" rel=\"tag\">Fran\u00e7ais<\/a>","rttpg_excerpt":"L&rsquo;Alliance Fran\u00e7aise a pour but de promouvoir la langue et la culture fran\u00e7aises. L&rsquo;association existe \u00e0 Halmstad depuis 1929, mais l&rsquo;Alliance Fran\u00e7aise de Paris a \u00e9t\u00e9 fond\u00e9e en 1883 et il existe des associations locales dans le monde entier. Il y a 17 Alliances Fran\u00e7aises en Su\u00e8de, pour d\u00e9couvrir le r\u00e9seau des Alliances Fran\u00e7aises de\u2026","_links":{"self":[{"href":"https:\/\/alliancefr.se\/halmstad\/wp-json\/wp\/v2\/pages\/122","targetHints":{"allow":["GET"]}}],"collection":[{"href":"https:\/\/alliancefr.se\/halmstad\/wp-json\/wp\/v2\/pages"}],"about":[{"href":"https:\/\/alliancefr.se\/halmstad\/wp-json\/wp\/v2\/types\/page"}],"author":[{"embeddable":true,"href":"https:\/\/alliancefr.se\/halmstad\/wp-json\/wp\/v2\/users\/1"}],"replies":[{"embeddable":true,"href":"https:\/\/alliancefr.se\/halmstad\/wp-json\/wp\/v2\/comments?post=122"}],"version-history":[{"count":22,"href":"https:\/\/alliancefr.se\/halmstad\/wp-json\/wp\/v2\/pages\/122\/revisions"}],"predecessor-version":[{"id":1010,"href":"https:\/\/alliancefr.se\/halmstad\/wp-json\/wp\/v2\/pages\/122\/revisions\/1010"}],"wp:attachment":[{"href":"https:\/\/alliancefr.se\/halmstad\/wp-json\/wp\/v2\/media?parent=122"}],"curies":[{"name":"wp","href":"https:\/\/api.w.org\/{rel}","templated":true}]}}