{"id":84,"date":"2017-03-31T13:00:55","date_gmt":"2017-03-31T12:00:55","guid":{"rendered":"http:\/\/alliancefr.se\/falun\/natverket-2\/"},"modified":"2023-11-08T15:37:36","modified_gmt":"2023-11-08T14:37:36","slug":"natverket-2","status":"publish","type":"page","link":"https:\/\/alliancefr.se\/falun\/sv\/natverket-2\/","title":{"rendered":"N\u00e4tverket"},"content":{"rendered":"\t\t<div data-elementor-type=\"wp-post\" data-elementor-id=\"84\" class=\"elementor elementor-84\">\n\t\t\t\t\t\t<section class=\"elementor-section elementor-top-section elementor-element elementor-element-c3e9810 elementor-section-boxed elementor-section-height-default elementor-section-height-default\" data-id=\"c3e9810\" data-element_type=\"section\">\n\t\t\t\t\t\t<div class=\"elementor-container elementor-column-gap-default\">\n\t\t\t\t\t<div class=\"elementor-column elementor-col-50 elementor-top-column elementor-element elementor-element-3f40a52\" data-id=\"3f40a52\" data-element_type=\"column\">\n\t\t\t<div class=\"elementor-widget-wrap elementor-element-populated\">\n\t\t\t\t\t\t<div class=\"elementor-element elementor-element-9dd6480 elementor-widget elementor-widget-image\" data-id=\"9dd6480\" data-element_type=\"widget\" data-widget_type=\"image.default\">\n\t\t\t\t<div class=\"elementor-widget-container\">\n\t\t\t\t\t\t\t\t\t\t\t\t\t\t\t<img fetchpriority=\"high\" decoding=\"async\" width=\"200\" height=\"300\" src=\"https:\/\/alliancefr.se\/falun\/wp-content\/uploads\/sites\/7\/2023\/11\/FAF-200x300.jpg\" class=\"attachment-medium size-medium wp-image-816\" alt=\"\" \/>\t\t\t\t\t\t\t\t\t\t\t\t\t\t\t<\/div>\n\t\t\t\t<\/div>\n\t\t\t\t\t<\/div>\n\t\t<\/div>\n\t\t\t\t<div class=\"elementor-column elementor-col-50 elementor-top-column elementor-element elementor-element-b3e19e8\" data-id=\"b3e19e8\" data-element_type=\"column\">\n\t\t\t<div class=\"elementor-widget-wrap elementor-element-populated\">\n\t\t\t\t\t\t<div class=\"elementor-element elementor-element-4a79b47 elementor-widget elementor-widget-image\" data-id=\"4a79b47\" data-element_type=\"widget\" data-widget_type=\"image.default\">\n\t\t\t\t<div class=\"elementor-widget-container\">\n\t\t\t\t\t\t\t\t\t\t\t\t\t\t\t\t<a href=\"http:\/\/alliancefr.se\/sv\">\n\t\t\t\t\t\t\t<img decoding=\"async\" width=\"960\" height=\"714\" src=\"https:\/\/alliancefr.se\/falun\/wp-content\/uploads\/sites\/7\/2023\/11\/AF_Classique_Suede-1024x762.png\" class=\"attachment-large size-large wp-image-809\" alt=\"\" \/>\t\t\t\t\t\t\t\t<\/a>\n\t\t\t\t\t\t\t\t\t\t\t\t\t\t\t<\/div>\n\t\t\t\t<\/div>\n\t\t\t\t\t<\/div>\n\t\t<\/div>\n\t\t\t\t\t<\/div>\n\t\t<\/section>\n\t\t\t\t<section class=\"elementor-section elementor-top-section elementor-element elementor-element-1c236432 elementor-section-boxed elementor-section-height-default elementor-section-height-default\" data-id=\"1c236432\" data-element_type=\"section\">\n\t\t\t\t\t\t<div class=\"elementor-container elementor-column-gap-default\">\n\t\t\t\t\t<div class=\"elementor-column elementor-col-100 elementor-top-column elementor-element elementor-element-16f81ffb\" data-id=\"16f81ffb\" data-element_type=\"column\">\n\t\t\t<div class=\"elementor-widget-wrap elementor-element-populated\">\n\t\t\t\t\t\t<div class=\"elementor-element elementor-element-5b0f13e elementor-widget elementor-widget-text-editor\" data-id=\"5b0f13e\" data-element_type=\"widget\" data-widget_type=\"text-editor.default\">\n\t\t\t\t<div class=\"elementor-widget-container\">\n\t\t\t\t\t\t\t\t\t<h3>N\u00e4tverkets historia<\/h3><p>Alliance Fran\u00e7aise grundades 1883 i Paris f\u00f6r att fr\u00e4mja det franska spr\u00e5ket och den franska kulturen runt hela v\u00e4rlden efter det franska nederlaget mot Preussen 1870. Det h\u00e4r fransktalande globala n\u00e4tverket fungerar p\u00e5 ett franchisesystem, som inneb\u00e4r att skapandet av en ny Alliance Fran\u00e7aise kommer fr\u00e5n ett lokalt initiativ och det inneb\u00e4r ocks\u00e5 att f\u00f6reningarna regleras av lokala lagar, \u00e4r sj\u00e4lvst\u00e4ndiga och finansierar sig sj\u00e4lv.<\/p><p>Idag omfattar n\u00e4tverket mer \u00e4n 800 Alliance Fran\u00e7aise i 136 l\u00e4nder. Det har som fr\u00e4mstam\u00e5l att ge kurser i franska och att erbjuda ett fransktalande kulturprogram. Sedan 2007 \u00e4r alla Alliance Fran\u00e7aise under beskydd av Fondation Alliance Fran\u00e7aise i Paris, som \u00e4r ett st\u00f6d och en referens f\u00f6r alla f\u00f6reningar.<\/p><h3>N\u00e4tverket i Sverige<\/h3><p>I Stockholm grundades 1889 den f\u00f6rsta svenska Alliance Fran\u00e7aise. Den f\u00f6ljdes snabbt av Alliance Fran\u00e7aise i Uppsala och i G\u00f6teborg. Idag omfattar det svenska Alliance Fran\u00e7aises n\u00e4tverket 16 f\u00f6reningar, som har en s\u00e4rskild st\u00e4llning i fr\u00e4mjandet av den fransktalande v\u00e4rlden. P\u00e5 grund av den st\u00f6rra svenska traditionen av studief\u00f6rbund som Medborgarskolan och Folkh\u00f6gskolan, erbjuder de svenska Alliance Fran\u00e7aise inga kurser i franska. Dock f\u00f6resl\u00e5r de m\u00e5nga aktiviteter och konferenser i franska och svenska om fransktalande kulturer. Som en del av samarbetet mellan de olika Alliance Fran\u00e7aise i Sverige, h\u00e5lls ett nationellt m\u00f6te varje \u00e5r i en n\u00e4tverksmedlems stad. \u00c5r 2016 \u00e4gde detta m\u00f6te rum i Falun. H\u00e4r diskuteras tidigare och framtida projekt, s\u00e5som utveckling av partnerskap eller utbyte av f\u00f6rel\u00e4sare mellan de olika Alliance Fran\u00e7aise och st\u00e4der i Sverige.<\/p>\t\t\t\t\t\t\t\t<\/div>\n\t\t\t\t<\/div>\n\t\t\t\t\t<\/div>\n\t\t<\/div>\n\t\t\t\t\t<\/div>\n\t\t<\/section>\n\t\t\t\t<section class=\"elementor-section elementor-top-section elementor-element elementor-element-68fbd0d elementor-section-boxed elementor-section-height-default elementor-section-height-default\" data-id=\"68fbd0d\" data-element_type=\"section\">\n\t\t\t\t\t\t<div class=\"elementor-container elementor-column-gap-default\">\n\t\t\t\t\t<div class=\"elementor-column elementor-col-100 elementor-top-column elementor-element elementor-element-7625b92\" data-id=\"7625b92\" data-element_type=\"column\">\n\t\t\t<div class=\"elementor-widget-wrap elementor-element-populated\">\n\t\t\t\t\t\t<div class=\"elementor-element elementor-element-c2600d9 elementor-widget elementor-widget-text-editor\" data-id=\"c2600d9\" data-element_type=\"widget\" data-widget_type=\"text-editor.default\">\n\t\t\t\t<div class=\"elementor-widget-container\">\n\t\t\t\t\t\t\t\t\t<p><a href=\"http:\/\/alliancefr.se\/sv\">Uppt\u00e4ck kartan \u00f6ver Alliance Fran\u00e7aise n\u00e4tverk i Sverige h\u00e4r<\/a><\/p>\t\t\t\t\t\t\t\t<\/div>\n\t\t\t\t<\/div>\n\t\t\t\t\t<\/div>\n\t\t<\/div>\n\t\t\t\t\t<\/div>\n\t\t<\/section>\n\t\t\t\t<\/div>\n\t\t","protected":false},"excerpt":{"rendered":"<p>N\u00e4tverkets historia Alliance Fran\u00e7aise grundades 1883 i Paris f\u00f6r att fr\u00e4mja det franska spr\u00e5ket och den franska kulturen runt hela v\u00e4rlden efter det franska nederlaget mot Preussen 1870. Det h\u00e4r fransktalande globala n\u00e4tverket fungerar p\u00e5 ett franchisesystem, som inneb\u00e4r att skapandet av en ny Alliance Fran\u00e7aise kommer fr\u00e5n ett lokalt initiativ och det inneb\u00e4r ocks\u00e5 att f\u00f6reningarna regleras av lokala lagar, \u00e4r sj\u00e4lvst\u00e4ndiga och finansierar sig sj\u00e4lv. Idag omfattar n\u00e4tverket mer \u00e4n 800 Alliance Fran\u00e7aise i 136 l\u00e4nder. Det har som fr\u00e4mstam\u00e5l att ge kurser i franska och att erbjuda ett fransktalande kulturprogram. Sedan 2007 \u00e4r alla Alliance Fran\u00e7aise under beskydd av Fondation Alliance Fran\u00e7aise i Paris, som \u00e4r ett st\u00f6d och en referens f\u00f6r alla f\u00f6reningar. N\u00e4tverket i Sverige I Stockholm grundades 1889 den f\u00f6rsta svenska Alliance Fran\u00e7aise. Den f\u00f6ljdes snabbt av Alliance Fran\u00e7aise i Uppsala och i G\u00f6teborg. Idag omfattar det svenska Alliance Fran\u00e7aises n\u00e4tverket 16 f\u00f6reningar, som har en s\u00e4rskild st\u00e4llning i fr\u00e4mjandet av den fransktalande v\u00e4rlden. P\u00e5 grund av den st\u00f6rra svenska traditionen av studief\u00f6rbund som Medborgarskolan och Folkh\u00f6gskolan, erbjuder de svenska Alliance Fran\u00e7aise inga kurser i franska. Dock f\u00f6resl\u00e5r de m\u00e5nga aktiviteter och konferenser i franska och svenska om fransktalande kulturer. Som en del av samarbetet mellan de olika Alliance Fran\u00e7aise i Sverige, h\u00e5lls ett nationellt m\u00f6te varje \u00e5r i en n\u00e4tverksmedlems stad. \u00c5r 2016 \u00e4gde detta m\u00f6te rum i Falun. H\u00e4r diskuteras tidigare och framtida projekt, s\u00e5som utveckling av partnerskap eller utbyte av f\u00f6rel\u00e4sare mellan de olika Alliance Fran\u00e7aise och st\u00e4der i Sverige. Uppt\u00e4ck kartan \u00f6ver Alliance Fran\u00e7aise n\u00e4tverk i Sverige h\u00e4r<\/p>\n","protected":false},"author":1,"featured_media":0,"parent":0,"menu_order":0,"comment_status":"closed","ping_status":"closed","template":"","meta":{"om_disable_all_campaigns":false,"_monsterinsights_skip_tracking":false,"_monsterinsights_sitenote_active":false,"_monsterinsights_sitenote_note":"","_monsterinsights_sitenote_category":0,"_uf_show_specific_survey":0,"_uf_disable_surveys":false,"footnotes":""},"class_list":["post-84","page","type-page","status-publish","hentry"],"aioseo_notices":[],"rttpg_featured_image_url":null,"rttpg_author":{"display_name":"Super.admin","author_link":"https:\/\/alliancefr.se\/falun\/author\/admin2174\/"},"rttpg_comment":0,"rttpg_category":" <a href=\"https:\/\/alliancefr.se\/falun\/sv\/\" rel=\"tag\">Svenska<\/a>","rttpg_excerpt":"N\u00e4tverkets historia Alliance Fran\u00e7aise grundades 1883 i Paris f\u00f6r att fr\u00e4mja det franska spr\u00e5ket och den franska kulturen runt hela v\u00e4rlden efter det franska nederlaget mot Preussen 1870. Det h\u00e4r fransktalande globala n\u00e4tverket fungerar p\u00e5 ett franchisesystem, som inneb\u00e4r att skapandet av en ny Alliance Fran\u00e7aise kommer fr\u00e5n ett lokalt initiativ och det inneb\u00e4r ocks\u00e5\u2026","_links":{"self":[{"href":"https:\/\/alliancefr.se\/falun\/wp-json\/wp\/v2\/pages\/84","targetHints":{"allow":["GET"]}}],"collection":[{"href":"https:\/\/alliancefr.se\/falun\/wp-json\/wp\/v2\/pages"}],"about":[{"href":"https:\/\/alliancefr.se\/falun\/wp-json\/wp\/v2\/types\/page"}],"author":[{"embeddable":true,"href":"https:\/\/alliancefr.se\/falun\/wp-json\/wp\/v2\/users\/1"}],"replies":[{"embeddable":true,"href":"https:\/\/alliancefr.se\/falun\/wp-json\/wp\/v2\/comments?post=84"}],"version-history":[{"count":18,"href":"https:\/\/alliancefr.se\/falun\/wp-json\/wp\/v2\/pages\/84\/revisions"}],"predecessor-version":[{"id":879,"href":"https:\/\/alliancefr.se\/falun\/wp-json\/wp\/v2\/pages\/84\/revisions\/879"}],"wp:attachment":[{"href":"https:\/\/alliancefr.se\/falun\/wp-json\/wp\/v2\/media?parent=84"}],"curies":[{"name":"wp","href":"https:\/\/api.w.org\/{rel}","templated":true}]}}