{"id":74,"date":"2023-11-06T19:33:36","date_gmt":"2023-11-06T18:33:36","guid":{"rendered":"https:\/\/alliancefr.se\/angermanland\/?page_id=74"},"modified":"2026-03-08T19:17:54","modified_gmt":"2026-03-08T18:17:54","slug":"program-och-aktiviteter","status":"publish","type":"page","link":"https:\/\/alliancefr.se\/angermanland\/sv\/program-och-aktiviteter\/","title":{"rendered":"Program och aktiviteter"},"content":{"rendered":"\t\t<div data-elementor-type=\"wp-page\" data-elementor-id=\"74\" class=\"elementor elementor-74\">\n\t\t\t\t\t\t<section class=\"elementor-section elementor-top-section elementor-element elementor-element-d88b1a5 elementor-section-boxed elementor-section-height-default elementor-section-height-default\" data-id=\"d88b1a5\" data-element_type=\"section\">\n\t\t\t\t\t\t<div class=\"elementor-container elementor-column-gap-default\">\n\t\t\t\t\t<div class=\"elementor-column elementor-col-100 elementor-top-column elementor-element elementor-element-d46f3de\" data-id=\"d46f3de\" data-element_type=\"column\">\n\t\t\t<div class=\"elementor-widget-wrap elementor-element-populated\">\n\t\t\t\t\t\t<div class=\"elementor-element elementor-element-8934503 elementor-widget__width-initial elementor-widget elementor-widget-text-editor\" data-id=\"8934503\" data-element_type=\"widget\" data-widget_type=\"text-editor.default\">\n\t\t\t\t<div class=\"elementor-widget-container\">\n\t\t\t\t\t\t\t\t\t<h3><b>\u00c5RSM\u00d6TE 2026<\/b><\/h3><p>S\u00f6ndagen den 22 mars kl. 16 00 \u00e4r ni v\u00e4lkomna till v\u00e5rt \u00e5rsm\u00f6te. Vi tr\u00e4ffas som vanligt p\u00e5 Vuxenskolan i H\u00e4rn\u00f6sand (Brunnshusgatan 6).<\/p><p><span style=\"letter-spacing: 0px\">\u00c5rsm\u00f6teshandlingar kommer att finnas p\u00e5 plats.<\/span><\/p><p><span style=\"letter-spacing: 0px\">Efter avslutat \u00e5rsm\u00f6te, kl. 17 00 blir det filmvisning i samarbete med Franska Institutet utifr\u00e5n \u201dLe mois de la Francophonie\u201d.<\/span><\/p><p><span style=\"letter-spacing: 0px\">Vi kommer att visa filmen\u201d Sara Bernhardt, la divine\u201d d\u00e5 temat i \u00e5r \u00e4r \u201dLa Francophonie avec Elles\u201d.<\/span><\/p><p><span style=\"letter-spacing: 0px\">Filmen utspelar sig i Paris i slutet av 1800-talet d\u00e5 Sarah Bernardt st\u00e5r p\u00e5 h\u00f6jden av sin ber\u00f6mmelse. Hon var inte bara en k\u00e4nd sk\u00e5despelerska<\/span><\/p><p><span style=\"letter-spacing: 0px\">och stj\u00e4rna utan \u00e4ven en fri, modern och passionerad kvinna som trotsade konventionerna.<\/span><\/p><p><span style=\"letter-spacing: 0px\">Efter filmvisningen f\u00f6ljer en diskussion och fr\u00e5gesport om filmen.<\/span><\/p><p><span style=\"letter-spacing: 0px\">Kv\u00e4llen avslutas med den sedvanliga ost-sup\u00e9n men som subventioneras med 50 % f\u00f6r de medlemmar som deltagit i \u00e5rsm\u00f6tet.<\/span><\/p><p><span style=\"letter-spacing: 0px\">Anm\u00e4lan till sup\u00e9n g\u00f6rs till Catharina Ros\u00e9n innan den 19 mars (E-post: catharinarosen9@gmail.com).<\/span><\/p><p><span style=\"letter-spacing: 0px\">Filmen \u00e4r gratis f\u00f6r medlemmar (icke medlemmar 100 kr). Sup\u00e9n kostar 120 kr f\u00f6r medlemmar (200 kr f\u00f6r icke-medlemmar).<\/span><\/p><p><span data-olk-copy-source=\"MessageBody\">\u00a0<\/span><\/p><p><span data-olk-copy-source=\"MessageBody\">\u00a0<\/span><\/p><p><span data-olk-copy-source=\"MessageBody\">Hej Af-medlemmar,<\/span><\/p><p>S\u00f6ndagen den 15\/6 kl. 14 00 tr\u00e4ffas vi vid boulebanorna bredvid simhallen f\u00f6r v\u00e5r \u00e5rliga\u00a0<b>bouleturnering<\/b>.<\/p><p>Priser till vinnarna blir \u00e4ven i \u00e5r olika\u00a0<b>chokladaskar<\/b>.<\/p><p>Efter turneringen har vi en\u00a0<b>picknick<\/b>\u00a0i gr\u00f6ngr\u00e4set tillsammans (finns \u00e4ven b\u00e4nkar)<\/p><p>och alla tar med sig vad man vill dricka och \u00e4ta.<\/p><p>I \u00e5r kommer vi ocks\u00e5 att ta med\u00a0<b>bouleklot f\u00f6r barn<\/b>\u00a0s\u00e5 ta g\u00e4rna med er barn eller barnbarn.<\/p><p>Anm\u00e4lan<b>\u00a0<\/b>g\u00f6rs till\u00a0Catharina Ros\u00e9n (Tfn 076-815 21 06, E-post:\u00a0<a title=\"mailto:catharinarosen9@gmail.com\" href=\"mailto:catharinarosen9@gmail.com\">catharinarosen9@gmail.com<\/a>).<\/p><p>Deltagandet i boulet\u00e4vlingen \u00e4r gratis.<\/p><p>\u00a0<\/p>\t\t\t\t\t\t\t\t<\/div>\n\t\t\t\t<\/div>\n\t\t\t\t\t<\/div>\n\t\t<\/div>\n\t\t\t\t\t<\/div>\n\t\t<\/section>\n\t\t\t\t<\/div>\n\t\t","protected":false},"excerpt":{"rendered":"<p>\u00c5RSM\u00d6TE 2026 S\u00f6ndagen den 22 mars kl. 16 00 \u00e4r ni v\u00e4lkomna till v\u00e5rt \u00e5rsm\u00f6te. Vi tr\u00e4ffas som vanligt p\u00e5 Vuxenskolan i H\u00e4rn\u00f6sand (Brunnshusgatan 6). \u00c5rsm\u00f6teshandlingar kommer att finnas p\u00e5 plats. Efter avslutat \u00e5rsm\u00f6te, kl. 17 00 blir det filmvisning i samarbete med Franska Institutet utifr\u00e5n \u201dLe mois de la Francophonie\u201d. Vi kommer att visa filmen\u201d Sara Bernhardt, la divine\u201d d\u00e5 temat i \u00e5r \u00e4r \u201dLa Francophonie avec Elles\u201d. Filmen utspelar sig i Paris i slutet av 1800-talet d\u00e5 Sarah Bernardt st\u00e5r p\u00e5 h\u00f6jden av sin ber\u00f6mmelse. Hon var inte bara en k\u00e4nd sk\u00e5despelerska och stj\u00e4rna utan \u00e4ven en fri, modern och passionerad kvinna som trotsade konventionerna. Efter filmvisningen f\u00f6ljer en diskussion och fr\u00e5gesport om filmen. Kv\u00e4llen avslutas med den sedvanliga ost-sup\u00e9n men som subventioneras med 50 % f\u00f6r de medlemmar som deltagit i \u00e5rsm\u00f6tet. Anm\u00e4lan till sup\u00e9n g\u00f6rs till Catharina Ros\u00e9n innan den 19 mars (E-post: catharinarosen9@gmail.com). Filmen \u00e4r gratis f\u00f6r medlemmar (icke medlemmar 100 kr). Sup\u00e9n kostar 120 kr f\u00f6r medlemmar (200 kr f\u00f6r icke-medlemmar). \u00a0 \u00a0 Hej Af-medlemmar, S\u00f6ndagen den 15\/6 kl. 14 00 tr\u00e4ffas vi vid boulebanorna bredvid simhallen f\u00f6r v\u00e5r \u00e5rliga\u00a0bouleturnering. Priser till vinnarna blir \u00e4ven i \u00e5r olika\u00a0chokladaskar. Efter turneringen har vi en\u00a0picknick\u00a0i gr\u00f6ngr\u00e4set tillsammans (finns \u00e4ven b\u00e4nkar) och alla tar med sig vad man vill dricka och \u00e4ta. I \u00e5r kommer vi ocks\u00e5 att ta med\u00a0bouleklot f\u00f6r barn\u00a0s\u00e5 ta g\u00e4rna med er barn eller barnbarn. Anm\u00e4lan\u00a0g\u00f6rs till\u00a0Catharina Ros\u00e9n (Tfn 076-815 21 06, E-post:\u00a0catharinarosen9@gmail.com). Deltagandet i boulet\u00e4vlingen \u00e4r gratis. \u00a0<\/p>\n","protected":false},"author":1,"featured_media":0,"parent":0,"menu_order":0,"comment_status":"closed","ping_status":"closed","template":"","meta":{"om_disable_all_campaigns":false,"_monsterinsights_skip_tracking":false,"_monsterinsights_sitenote_active":false,"_monsterinsights_sitenote_note":"","_monsterinsights_sitenote_category":0,"_uf_show_specific_survey":0,"_uf_disable_surveys":false,"footnotes":""},"class_list":["post-74","page","type-page","status-publish","hentry"],"aioseo_notices":[],"rttpg_featured_image_url":null,"rttpg_author":{"display_name":"Super.admin","author_link":"https:\/\/alliancefr.se\/angermanland\/author\/admin2174\/"},"rttpg_comment":0,"rttpg_category":" <a href=\"https:\/\/alliancefr.se\/angermanland\/sv\/\" rel=\"tag\">Svenska<\/a>","rttpg_excerpt":"\u00c5RSM\u00d6TE 2026 S\u00f6ndagen den 22 mars kl. 16 00 \u00e4r ni v\u00e4lkomna till v\u00e5rt \u00e5rsm\u00f6te. Vi tr\u00e4ffas som vanligt p\u00e5 Vuxenskolan i H\u00e4rn\u00f6sand (Brunnshusgatan 6). \u00c5rsm\u00f6teshandlingar kommer att finnas p\u00e5 plats. Efter avslutat \u00e5rsm\u00f6te, kl. 17 00 blir det filmvisning i samarbete med Franska Institutet utifr\u00e5n \u201dLe mois de la Francophonie\u201d. Vi kommer att visa\u2026","_links":{"self":[{"href":"https:\/\/alliancefr.se\/angermanland\/wp-json\/wp\/v2\/pages\/74","targetHints":{"allow":["GET"]}}],"collection":[{"href":"https:\/\/alliancefr.se\/angermanland\/wp-json\/wp\/v2\/pages"}],"about":[{"href":"https:\/\/alliancefr.se\/angermanland\/wp-json\/wp\/v2\/types\/page"}],"author":[{"embeddable":true,"href":"https:\/\/alliancefr.se\/angermanland\/wp-json\/wp\/v2\/users\/1"}],"replies":[{"embeddable":true,"href":"https:\/\/alliancefr.se\/angermanland\/wp-json\/wp\/v2\/comments?post=74"}],"version-history":[{"count":71,"href":"https:\/\/alliancefr.se\/angermanland\/wp-json\/wp\/v2\/pages\/74\/revisions"}],"predecessor-version":[{"id":362,"href":"https:\/\/alliancefr.se\/angermanland\/wp-json\/wp\/v2\/pages\/74\/revisions\/362"}],"wp:attachment":[{"href":"https:\/\/alliancefr.se\/angermanland\/wp-json\/wp\/v2\/media?parent=74"}],"curies":[{"name":"wp","href":"https:\/\/api.w.org\/{rel}","templated":true}]}}