{"id":21,"date":"2023-11-02T16:23:50","date_gmt":"2023-11-02T15:23:50","guid":{"rendered":"http:\/\/alliancefr.se\/angermanland\/?page_id=21"},"modified":"2023-11-06T19:43:14","modified_gmt":"2023-11-06T18:43:14","slug":"le-reseau-des-alliances-francaises","status":"publish","type":"page","link":"https:\/\/alliancefr.se\/angermanland\/le-reseau-des-alliances-francaises\/","title":{"rendered":"Le r\u00e9seau des Alliances Fran\u00e7aises"},"content":{"rendered":"\t\t<div data-elementor-type=\"wp-page\" data-elementor-id=\"21\" class=\"elementor elementor-21\">\n\t\t\t\t\t\t<section class=\"elementor-section elementor-top-section elementor-element elementor-element-7d58bbb elementor-section-boxed elementor-section-height-default elementor-section-height-default\" data-id=\"7d58bbb\" data-element_type=\"section\">\n\t\t\t\t\t\t<div class=\"elementor-container elementor-column-gap-default\">\n\t\t\t\t\t<div class=\"elementor-column elementor-col-100 elementor-top-column elementor-element elementor-element-226683a\" data-id=\"226683a\" data-element_type=\"column\">\n\t\t\t<div class=\"elementor-widget-wrap elementor-element-populated\">\n\t\t\t\t\t\t<div class=\"elementor-element elementor-element-97325de elementor-widget elementor-widget-text-editor\" data-id=\"97325de\" data-element_type=\"widget\" data-widget_type=\"text-editor.default\">\n\t\t\t\t<div class=\"elementor-widget-container\">\n\t\t\t\t\t\t\t\t\t<p>L\u2019Alliance Fran\u00e7aise dans le monde\u00a0<\/p><p>L\u2019Alliance fran\u00e7aise a \u00e9t\u00e9 fond\u00e9e en 1883 \u00e0 Paris, pour promouvoir la langue et la culture fran\u00e7aise \u00e0 travers le monde suite \u00e0 la d\u00e9faite de la France face \u00e0 la Prusse en 1870. Ce r\u00e9seau mondial francophone fonctionne sur un syst\u00e8me de franchise, c\u2019est \u00e0 dire que la cr\u00e9ation d\u2019une nouvelle Alliance fran\u00e7aise provient d\u2019une initiative locale, et que les associations, qui sont r\u00e9gies par le droit local sont autonomes et se financent elles-m\u00eames.<br \/>Aujourd\u2019hui le r\u00e9seau comporte plus de 850 Alliances fran\u00e7aises r\u00e9parties dans 136 pays. Elles ont vocation \u00e0 donner des cours de fran\u00e7ais, et \u00e0 proposer un programme culturel francophone. Depuis 2007, les Alliances fran\u00e7aises du monde entier sont r\u00e9unies autour de la Fondation Alliance fran\u00e7aise, qui est un soutien et une r\u00e9f\u00e9rence pour toutes les associations.<\/p><p><a href=\"http:\/\/alliancefr.se\/\">D\u00e9couvrez ici la carte du r\u00e9seau des Alliances Fran\u00e7aises de Su\u00e8de<\/a><\/p>\t\t\t\t\t\t\t\t<\/div>\n\t\t\t\t<\/div>\n\t\t\t\t\t<\/div>\n\t\t<\/div>\n\t\t\t\t\t<\/div>\n\t\t<\/section>\n\t\t\t\t<section class=\"elementor-section elementor-top-section elementor-element elementor-element-5924e38 elementor-section-boxed elementor-section-height-default elementor-section-height-default\" data-id=\"5924e38\" data-element_type=\"section\">\n\t\t\t\t\t\t<div class=\"elementor-container elementor-column-gap-default\">\n\t\t\t\t\t<div class=\"elementor-column elementor-col-100 elementor-top-column elementor-element elementor-element-7f6bc16\" data-id=\"7f6bc16\" data-element_type=\"column\">\n\t\t\t<div class=\"elementor-widget-wrap elementor-element-populated\">\n\t\t\t\t\t\t<div class=\"elementor-element elementor-element-f21bb53 elementor-widget elementor-widget-image\" data-id=\"f21bb53\" data-element_type=\"widget\" data-widget_type=\"image.default\">\n\t\t\t\t<div class=\"elementor-widget-container\">\n\t\t\t\t\t\t\t\t\t\t\t\t\t\t\t\t<a href=\"http:\/\/alliancefr.se\/\">\n\t\t\t\t\t\t\t<img fetchpriority=\"high\" decoding=\"async\" width=\"300\" height=\"223\" src=\"https:\/\/alliancefr.se\/angermanland\/wp-content\/uploads\/sites\/10\/2023\/11\/AF_Classique_Suede-300x223.png\" class=\"attachment-medium size-medium wp-image-23\" alt=\"\" \/>\t\t\t\t\t\t\t\t<\/a>\n\t\t\t\t\t\t\t\t\t\t\t\t\t\t\t<\/div>\n\t\t\t\t<\/div>\n\t\t\t\t\t<\/div>\n\t\t<\/div>\n\t\t\t\t\t<\/div>\n\t\t<\/section>\n\t\t\t\t<\/div>\n\t\t","protected":false},"excerpt":{"rendered":"<p>L\u2019Alliance Fran\u00e7aise dans le monde\u00a0 L\u2019Alliance fran\u00e7aise a \u00e9t\u00e9 fond\u00e9e en 1883 \u00e0 Paris, pour promouvoir la langue et la culture fran\u00e7aise \u00e0 travers le monde suite \u00e0 la d\u00e9faite de la France face \u00e0 la Prusse en 1870. Ce r\u00e9seau mondial francophone fonctionne sur un syst\u00e8me de franchise, c\u2019est \u00e0 dire que la cr\u00e9ation d\u2019une nouvelle Alliance fran\u00e7aise provient d\u2019une initiative locale, et que les associations, qui sont r\u00e9gies par le droit local sont autonomes et se financent elles-m\u00eames.Aujourd\u2019hui le r\u00e9seau comporte plus de 850 Alliances fran\u00e7aises r\u00e9parties dans 136 pays. Elles ont vocation \u00e0 donner des cours de fran\u00e7ais, et \u00e0 proposer un programme culturel francophone. Depuis 2007, les Alliances fran\u00e7aises du monde entier sont r\u00e9unies autour de la Fondation Alliance fran\u00e7aise, qui est un soutien et une r\u00e9f\u00e9rence pour toutes les associations. D\u00e9couvrez ici la carte du r\u00e9seau des Alliances Fran\u00e7aises de Su\u00e8de<\/p>\n","protected":false},"author":1,"featured_media":0,"parent":0,"menu_order":0,"comment_status":"closed","ping_status":"closed","template":"","meta":{"om_disable_all_campaigns":false,"_monsterinsights_skip_tracking":false,"_monsterinsights_sitenote_active":false,"_monsterinsights_sitenote_note":"","_monsterinsights_sitenote_category":0,"_uf_show_specific_survey":0,"_uf_disable_surveys":false,"footnotes":""},"class_list":["post-21","page","type-page","status-publish","hentry"],"aioseo_notices":[],"rttpg_featured_image_url":null,"rttpg_author":{"display_name":"Super.admin","author_link":"https:\/\/alliancefr.se\/angermanland\/author\/admin2174\/"},"rttpg_comment":0,"rttpg_category":" <a href=\"https:\/\/alliancefr.se\/angermanland\/\" rel=\"tag\">Fran\u00e7ais<\/a>","rttpg_excerpt":"L\u2019Alliance Fran\u00e7aise dans le monde\u00a0 L\u2019Alliance fran\u00e7aise a \u00e9t\u00e9 fond\u00e9e en 1883 \u00e0 Paris, pour promouvoir la langue et la culture fran\u00e7aise \u00e0 travers le monde suite \u00e0 la d\u00e9faite de la France face \u00e0 la Prusse en 1870. Ce r\u00e9seau mondial francophone fonctionne sur un syst\u00e8me de franchise, c\u2019est \u00e0 dire que la cr\u00e9ation\u2026","_links":{"self":[{"href":"https:\/\/alliancefr.se\/angermanland\/wp-json\/wp\/v2\/pages\/21","targetHints":{"allow":["GET"]}}],"collection":[{"href":"https:\/\/alliancefr.se\/angermanland\/wp-json\/wp\/v2\/pages"}],"about":[{"href":"https:\/\/alliancefr.se\/angermanland\/wp-json\/wp\/v2\/types\/page"}],"author":[{"embeddable":true,"href":"https:\/\/alliancefr.se\/angermanland\/wp-json\/wp\/v2\/users\/1"}],"replies":[{"embeddable":true,"href":"https:\/\/alliancefr.se\/angermanland\/wp-json\/wp\/v2\/comments?post=21"}],"version-history":[{"count":7,"href":"https:\/\/alliancefr.se\/angermanland\/wp-json\/wp\/v2\/pages\/21\/revisions"}],"predecessor-version":[{"id":104,"href":"https:\/\/alliancefr.se\/angermanland\/wp-json\/wp\/v2\/pages\/21\/revisions\/104"}],"wp:attachment":[{"href":"https:\/\/alliancefr.se\/angermanland\/wp-json\/wp\/v2\/media?parent=21"}],"curies":[{"name":"wp","href":"https:\/\/api.w.org\/{rel}","templated":true}]}}