{"id":314,"date":"2019-05-21T13:26:00","date_gmt":"2019-05-21T11:26:00","guid":{"rendered":"http:\/\/alliancefr.se\/ostersund\/programme-printemps-2018\/"},"modified":"2023-10-03T16:24:38","modified_gmt":"2023-10-03T14:24:38","slug":"programme-printemps-2018","status":"publish","type":"page","link":"http:\/\/alliancefr.se\/ostersund\/programme-printemps-2018\/","title":{"rendered":"Programme Printemps 2018"},"content":{"rendered":"<p>L\u2019alliance fran\u00e7aise d&rsquo;\u00d6stersund c\u2019est un programme culturel riche et vari\u00e9 en fran\u00e7ais ou en su\u00e9dois sur le monde francophone. Que cela soit pour parler d\u2019une r\u00e9gion, d\u2019un pays, d\u2019une personnalit\u00e9 ou m\u00eame d\u2019un concept ces \u00e9v\u00e8nements r\u00e9guliers rythment la vie de notre association.<\/p>\n<p>L\u2019Alliance fran\u00e7aise d&rsquo;\u00d6stersund c\u2019est aussi tout un ensemble d\u2019autres activit\u00e9s qui permettent de d\u00e9couvrir le fran\u00e7ais et ses cultures de mani\u00e8re conviviale \u00e0 \u00d6stersund que l\u2019on soit francophone ou non, d\u00e9couvrez donc les activit\u00e9s organis\u00e9es par nos b\u00e9n\u00e9voles\u00a0:<\/p>\n<h3 style=\"text-align: center\"><strong>Jouons au Scrabble !<\/strong><\/h3>\n<p style=\"text-align: center\">Jeudi 24 Mai 2018 \u00e0 18h30 au Lyc\u00e9e du J\u00e4mtland Wargentin<\/p>\n<p style=\"text-align: center\">Pr\u00e9sentation par Stephan Wininger<\/p>\n<p><img fetchpriority=\"high\" decoding=\"async\" src=\"http:\/\/www.alliancefrancaise-ostersund.eu\/wp-content\/uploads\/2018\/04\/Scrabble.jpg\" alt=\"\" width=\"276\" height=\"183\" \/><\/p>\n<p>Ce jeu mythique est extr\u00eamement populaire en France et les aficionados ont cr\u00e9\u00e9 des clubs dans toute la France pour jouer en solo, en bin\u00f4me ou voir plus. Pour cette soir\u00e9e, nous ferons une partie en commun. Chacun jouera en paire de deux personnes mais nous prendrons en compte le meilleur r\u00e9sultat \u00e0 chaque fois. Chaque paire aura ses propres points. Au final, un prix sera d\u00e9cern\u00e9 au premier. Nous commencerons \u00e0 jouer \u00e0 18:30! Venez nombreux!<\/p>\n<p>Apr\u00e8s la conf\u00e9rence, nous vous proposons un repas pour la somme de 140 kr boissons incluses (120 kr sans alcool). Il faut s\u2019inscrire aupr\u00e8s de St\u00e9phan Wininger soit par t\u00e9l\u00e9phone (073-720 93 14) ou par mail stephanwin@hotmail.com ou aussi sur notre page facebook, Alliance Fran\u00e7aise d\u2019\u00d6stersund avant le 20 Mai 2018<\/p>\n<p><em>Mercredi le <strong>24 Mai 2018 \u00e0 18h30<\/strong> au Lyc\u00e9e du J\u00e4mtland Wargentin<\/em><\/p>\n<h3 style=\"text-align: center\"><strong>La Haute-Normandie<\/strong><\/h3>\n<p style=\"text-align: center\">Mercredi le 25 Avril 2018 \u00e0 18h30 au Lyc\u00e9e du J\u00e4mtland Wargentin<\/p>\n<p style=\"text-align: center\">Pr\u00e9sentation par Alexandre Campion<\/p>\n<p><img decoding=\"async\" src=\"http:\/\/www.alliancefrancaise-ostersund.eu\/wp-content\/uploads\/2018\/04\/Blason_Normandie.svg_-273x300.png\" alt=\"\" width=\"273\" height=\"300\" \/><\/p>\n<p>Alexandre nous fera d\u00e9couvrir sa r\u00e9gion natale de Rouen \u00e0 Dieppe en passant par l\u2019estuaire de la Seine, les falaises d\u2019Etretat et le c\u00e9l\u00e8bre port du Havre. N\u2019oublions pas les d\u00e9licieuses sp\u00e9cialit\u00e9s locales comme le cidre ou encore le fromage de Neufch\u00e2tel. Alexandre nous guidera dans cette r\u00e9gion de m\u00e9andres et de magnifiques falaises sur la Manche.<\/p>\n<p>Apr\u00e8s la conf\u00e9rence, nous vous proposons un repas pour la somme de 140 kr boissons incluses (120 kr sans alcool). Il faut s\u2019inscrire aupr\u00e8s de St\u00e9phan Wininger soit par t\u00e9l\u00e9phone (073-720 93 14) ou par mail stephanwin@hotmail.com ou aussi sur notre page facebook, Alliance Fran\u00e7aise d\u2019\u00d6stersund avant le 20 Avril 2018<\/p>\n<p><em>Mercredi le <strong>25 Avril 2018 \u00e0 18h30<\/strong> au Lyc\u00e9e du J\u00e4mtland Wargentin<\/em><\/p>\n<h3 style=\"text-align: center\"><strong>Projection du film <em>Les Beaux Jours<\/em>\u00a0(version sous-titr\u00e9e en fran\u00e7ais)<\/strong><\/h3>\n<p style=\"text-align: center\">Mercredi le 22 mars 2018 \u00e0 18h30 au Lyc\u00e9e du J\u00e4mtland Wargentin<\/p>\n<p style=\"text-align: center\">Film de\u00a0Marion Vernoux<\/p>\n<p><img decoding=\"async\" src=\"http:\/\/www.alliancefrancaise-ostersund.eu\/wp-content\/uploads\/2018\/03\/les-beaux-jours-221x300.jpg\" alt=\"\" width=\"221\" height=\"300\" \/><\/p>\n<p>Le film \u201dLes beaux jours\u201d est un drame romantique de 2013.<br \/>En voici un court r\u00e9sum\u00e9:<br \/>Des beaux jours? Caroline, fra\u00eechement retrait\u00e9e, n\u2019a que \u00e7a devant elle: du temps libre et encore du temps libre.<br \/>La belle vie? Pas si simple\u2026 Comment alors tout r\u00e9inventer?<br \/>Transgresser les r\u00e8gles, provoquer de nouvelles rencontres, ou bien simplement remplir son agenda?<br \/>A moins que tout soit d\u00e9j\u00e0 l\u00e0?&#8230;<\/p>\n<p>Apr\u00e8s la projection, nous pourrons d\u00e9battre du film autour d\u2019un verre de vin et d\u2019une petite assiette de fromages pour la somme de 100 kr (80 kr sans alcool). Il faut s\u2019inscrire au plus tard le 20 mars 2018 aupr\u00e8s de St\u00e9phan Wininger au 073-720 93 14, par email stephanwin@hotmail.com ou sur notre page facebook Alliance Fran\u00e7aise d\u2019\u00d6stersund.<\/p>\n<p><em>Mercredi le <strong>22 mars 2018 \u00e0 18h30<\/strong> au Lyc\u00e9e du J\u00e4mtland Wargentin<\/em><\/p>\n<p><em>Attention! L\u2019entr\u00e9e se fera par Regemensgatan puisque nous<\/em><br \/><em>regarderons le film dans la salle Ekerwald.<br \/><\/em><\/p>\n<h2 style=\"text-align: center\"><strong>La Guyane Fran\u00e7aise<\/strong><\/h2>\n<p style=\"text-align: center\">Mercredi le 21 f\u00e9vrier 2018 \u00e0 18h30 au Lyc\u00e9e du J\u00e4mtland Wargentin<\/p>\n<p style=\"text-align: center\">Presentation par Nicolas Ribot<\/p>\n<p><img loading=\"lazy\" decoding=\"async\" src=\"http:\/\/www.alliancefrancaise-ostersund.eu\/wp-content\/uploads\/2018\/03\/Guyane_map-en.svg_-249x300.png\" alt=\"\" width=\"249\" height=\"300\" \/><\/p>\n<p>D\u00e9partement d\u2019outre mer, la Guyane est une soci\u00e9t\u00e9 compos\u00e9e de diverses communaut\u00e9s qui ont des r\u00f4les distincts. Il nous parlera des caract\u00e9ristiques g\u00e9ographiques, de la richesse de la biodiversit\u00e9 et des menaces qui p\u00e8sent sur elle.<\/p>\n<p>Apr\u00e8s la conf\u00e9rence, nous vous proposons un repas pour la somme de 140 kr boissons incluses (120 kr sans alcool). Il faut s\u2019inscrire aupr\u00e8s de St\u00e9phan Wininger soit par t\u00e9l\u00e9phone (073-720 93 14) ou par mail stephanwin@hotmail.com ou aussi sur notre page facebook, Alliance Fran\u00e7aise d\u2019\u00d6stersund avant le 18 f\u00e9vrier 2018<\/p>\n<p><em>Mercredi le <strong>21 f\u00e9vrier 2018 \u00e0 18h30<\/strong> au Lyc\u00e9e du J\u00e4mtland Wargentin<\/em><\/p>\n","protected":false},"excerpt":{"rendered":"<p>L\u2019alliance fran\u00e7aise d&rsquo;\u00d6stersund c\u2019est un programme culturel riche et vari\u00e9 en fran\u00e7ais ou en su\u00e9dois sur le monde francophone. Que cela soit pour parler d\u2019une r\u00e9gion, d\u2019un pays, d\u2019une personnalit\u00e9 ou m\u00eame d\u2019un concept ces \u00e9v\u00e8nements r\u00e9guliers rythment la vie de notre association. L\u2019Alliance fran\u00e7aise d&rsquo;\u00d6stersund c\u2019est aussi tout un ensemble d\u2019autres activit\u00e9s qui permettent de d\u00e9couvrir le fran\u00e7ais et ses cultures de mani\u00e8re conviviale \u00e0 \u00d6stersund que l\u2019on soit francophone ou non, d\u00e9couvrez donc les activit\u00e9s organis\u00e9es par nos b\u00e9n\u00e9voles\u00a0: Jouons au Scrabble ! Jeudi 24 Mai 2018 \u00e0 18h30 au Lyc\u00e9e du J\u00e4mtland Wargentin Pr\u00e9sentation par Stephan Wininger Ce jeu mythique est extr\u00eamement populaire en France et les aficionados ont cr\u00e9\u00e9 des clubs dans toute la France pour jouer en solo, en bin\u00f4me ou voir plus. Pour cette soir\u00e9e, nous ferons une partie en commun. Chacun jouera en paire de deux personnes mais nous prendrons en compte le meilleur r\u00e9sultat \u00e0 chaque fois. Chaque paire aura ses propres points. Au final, un prix sera d\u00e9cern\u00e9 au premier. Nous commencerons \u00e0 jouer \u00e0 18:30! Venez nombreux! Apr\u00e8s la conf\u00e9rence, nous vous proposons un repas pour la somme de 140 kr boissons incluses (120 kr sans alcool). Il faut s\u2019inscrire aupr\u00e8s de St\u00e9phan Wininger soit par t\u00e9l\u00e9phone (073-720 93 14) ou par mail stephanwin@hotmail.com ou aussi sur notre page facebook, Alliance Fran\u00e7aise d\u2019\u00d6stersund avant le 20 Mai 2018 Mercredi le 24 Mai 2018 \u00e0 18h30 au Lyc\u00e9e du J\u00e4mtland Wargentin La Haute-Normandie Mercredi le 25 Avril 2018 \u00e0 18h30 au Lyc\u00e9e du J\u00e4mtland Wargentin Pr\u00e9sentation par Alexandre Campion Alexandre nous fera d\u00e9couvrir sa r\u00e9gion natale de Rouen \u00e0 Dieppe en passant par l\u2019estuaire de la Seine, les falaises d\u2019Etretat et le c\u00e9l\u00e8bre port du Havre. N\u2019oublions pas les d\u00e9licieuses sp\u00e9cialit\u00e9s locales comme le cidre ou encore le fromage de Neufch\u00e2tel. Alexandre nous guidera dans cette r\u00e9gion de m\u00e9andres et de magnifiques falaises sur la Manche. Apr\u00e8s la conf\u00e9rence, nous vous proposons un repas pour la somme de 140 kr boissons incluses (120 kr sans alcool). Il faut s\u2019inscrire aupr\u00e8s de St\u00e9phan Wininger soit par t\u00e9l\u00e9phone (073-720 93 14) ou par mail stephanwin@hotmail.com ou aussi sur notre page facebook, Alliance Fran\u00e7aise d\u2019\u00d6stersund avant le 20 Avril 2018 Mercredi le 25 Avril 2018 \u00e0 18h30 au Lyc\u00e9e du J\u00e4mtland Wargentin Projection du film Les Beaux Jours\u00a0(version sous-titr\u00e9e en fran\u00e7ais) Mercredi le 22 mars 2018 \u00e0 18h30 au Lyc\u00e9e du J\u00e4mtland Wargentin Film de\u00a0Marion Vernoux Le film \u201dLes beaux jours\u201d est un drame romantique de 2013.En voici un court r\u00e9sum\u00e9:Des beaux jours? Caroline, fra\u00eechement retrait\u00e9e, n\u2019a que \u00e7a devant elle: du temps libre et encore du temps libre.La belle vie? Pas si simple\u2026 Comment alors tout r\u00e9inventer?Transgresser les r\u00e8gles, provoquer de nouvelles rencontres, ou bien simplement remplir son agenda?A moins que tout soit d\u00e9j\u00e0 l\u00e0?&#8230; Apr\u00e8s la projection, nous pourrons d\u00e9battre du film autour d\u2019un verre de vin et d\u2019une petite assiette de fromages pour la somme de 100 kr (80 kr sans alcool). Il faut s\u2019inscrire au plus tard le 20 mars 2018 aupr\u00e8s de St\u00e9phan Wininger au 073-720 93 14, par email stephanwin@hotmail.com ou sur notre page facebook Alliance Fran\u00e7aise d\u2019\u00d6stersund. Mercredi le 22 mars 2018 \u00e0 18h30 au Lyc\u00e9e du J\u00e4mtland Wargentin Attention! L\u2019entr\u00e9e se fera par Regemensgatan puisque nousregarderons le film dans la salle Ekerwald. La Guyane Fran\u00e7aise Mercredi le 21 f\u00e9vrier 2018 \u00e0 18h30 au Lyc\u00e9e du J\u00e4mtland Wargentin Presentation par Nicolas Ribot D\u00e9partement d\u2019outre mer, la Guyane est une soci\u00e9t\u00e9 compos\u00e9e de diverses communaut\u00e9s qui ont des r\u00f4les distincts. Il nous parlera des caract\u00e9ristiques g\u00e9ographiques, de la richesse de la biodiversit\u00e9 et des menaces qui p\u00e8sent sur elle. Apr\u00e8s la conf\u00e9rence, nous vous proposons un repas pour la somme de 140 kr boissons incluses (120 kr sans alcool). Il faut s\u2019inscrire aupr\u00e8s de St\u00e9phan Wininger soit par t\u00e9l\u00e9phone (073-720 93 14) ou par mail stephanwin@hotmail.com ou aussi sur notre page facebook, Alliance Fran\u00e7aise d\u2019\u00d6stersund avant le 18 f\u00e9vrier 2018 Mercredi le 21 f\u00e9vrier 2018 \u00e0 18h30 au Lyc\u00e9e du J\u00e4mtland Wargentin<\/p>\n","protected":false},"author":4,"featured_media":0,"parent":0,"menu_order":0,"comment_status":"closed","ping_status":"closed","template":"","meta":{"om_disable_all_campaigns":false,"_monsterinsights_skip_tracking":false,"_monsterinsights_sitenote_active":false,"_monsterinsights_sitenote_note":"","_monsterinsights_sitenote_category":0,"_uf_show_specific_survey":0,"_uf_disable_surveys":false,"footnotes":""},"class_list":["post-314","page","type-page","status-publish","hentry"],"aioseo_notices":[],"rttpg_featured_image_url":null,"rttpg_author":{"display_name":"admin","author_link":"http:\/\/alliancefr.se\/ostersund\/author\/admin\/"},"rttpg_comment":0,"rttpg_category":" <a href=\"http:\/\/alliancefr.se\/ostersund\/\" rel=\"tag\">Fran\u00e7ais<\/a>","rttpg_excerpt":"L\u2019alliance fran\u00e7aise d&rsquo;\u00d6stersund c\u2019est un programme culturel riche et vari\u00e9 en fran\u00e7ais ou en su\u00e9dois sur le monde francophone. Que cela soit pour parler d\u2019une r\u00e9gion, d\u2019un pays, d\u2019une personnalit\u00e9 ou m\u00eame d\u2019un concept ces \u00e9v\u00e8nements r\u00e9guliers rythment la vie de notre association. L\u2019Alliance fran\u00e7aise d&rsquo;\u00d6stersund c\u2019est aussi tout un ensemble d\u2019autres activit\u00e9s qui permettent\u2026","_links":{"self":[{"href":"http:\/\/alliancefr.se\/ostersund\/wp-json\/wp\/v2\/pages\/314","targetHints":{"allow":["GET"]}}],"collection":[{"href":"http:\/\/alliancefr.se\/ostersund\/wp-json\/wp\/v2\/pages"}],"about":[{"href":"http:\/\/alliancefr.se\/ostersund\/wp-json\/wp\/v2\/types\/page"}],"author":[{"embeddable":true,"href":"http:\/\/alliancefr.se\/ostersund\/wp-json\/wp\/v2\/users\/4"}],"replies":[{"embeddable":true,"href":"http:\/\/alliancefr.se\/ostersund\/wp-json\/wp\/v2\/comments?post=314"}],"version-history":[{"count":1,"href":"http:\/\/alliancefr.se\/ostersund\/wp-json\/wp\/v2\/pages\/314\/revisions"}],"predecessor-version":[{"id":609,"href":"http:\/\/alliancefr.se\/ostersund\/wp-json\/wp\/v2\/pages\/314\/revisions\/609"}],"wp:attachment":[{"href":"http:\/\/alliancefr.se\/ostersund\/wp-json\/wp\/v2\/media?parent=314"}],"curies":[{"name":"wp","href":"https:\/\/api.w.org\/{rel}","templated":true}]}}