{"id":736,"date":"2023-10-30T17:01:11","date_gmt":"2023-10-30T16:01:11","guid":{"rendered":"http:\/\/alliancefr.se\/halmstad\/?page_id=736"},"modified":"2023-10-30T17:02:43","modified_gmt":"2023-10-30T16:02:43","slug":"programme-printemps-2017","status":"publish","type":"page","link":"http:\/\/alliancefr.se\/halmstad\/programme-printemps-2017\/","title":{"rendered":"Programme printemps 2017"},"content":{"rendered":"\t\t<div data-elementor-type=\"wp-page\" data-elementor-id=\"736\" class=\"elementor elementor-736\">\n\t\t\t\t\t\t<section class=\"elementor-section elementor-top-section elementor-element elementor-element-eb183cb elementor-section-boxed elementor-section-height-default elementor-section-height-default\" data-id=\"eb183cb\" data-element_type=\"section\">\n\t\t\t\t\t\t<div class=\"elementor-container elementor-column-gap-default\">\n\t\t\t\t\t<div class=\"elementor-column elementor-col-100 elementor-top-column elementor-element elementor-element-600a305\" data-id=\"600a305\" data-element_type=\"column\">\n\t\t\t<div class=\"elementor-widget-wrap elementor-element-populated\">\n\t\t\t\t\t\t<div class=\"elementor-element elementor-element-66f2fa5 elementor-widget elementor-widget-text-editor\" data-id=\"66f2fa5\" data-element_type=\"widget\" data-widget_type=\"text-editor.default\">\n\t\t\t\t<div class=\"elementor-widget-container\">\n\t\t\t\t\t\t\t\t\t<p><strong>Cin\u00e9club<\/strong><br \/>\u00a0<br \/>Notre Cin\u00e9club fran\u00e7ais (des films fran\u00e7ais sous-titr\u00e9s en anglais) ouvert \u00e0 tout le monde continue au printemps, \u00e0 la biblioth\u00e8que de S\u00f6ndrum.\/ V\u00e5r franska filmklubb (\u00f6ppen f\u00f6r alla!) forts\u00e4tter under v\u00e5ren, p\u00e5 S\u00f6ndrums bibliotek. Fika och samtal fr\u00e5n 18.30, film kl.19.<br \/>\u00a0<br \/>Filmerna \u00e4r textade till engelska. Fri entr\u00e9. I samarbete med Institut Fran\u00e7ais, Folkuniversitetet och S\u00f6ndrums bibliotek i Halmstad. Info \u00e4ven p\u00e5 bibliotekets hemsida.<br \/>\u00a0<br \/><strong>Jeudi 16 f\u00e9vrier<\/strong><br \/><strong>21 nuits avec Pattie<\/strong>, 2015, com\u00e9die des fr\u00e8res Larrieu, avec Karin Viard, Andr\u00e9 Dussolier, dur\u00e9e 1h55<br \/><em>Caroline d\u00e9barque dans un village du sud de la France. Elle doit organiser les fun\u00e9railles de sa m\u00e8re, avec qui elle avait eu peu de contact. Elle est accueillie par la volage Pattie, qui lui raconte toutes ses exp\u00e9riences sexuelles avec les hommes du coin. Alors que toute la vall\u00e9e se pr\u00e9pare pour les fameuses f\u00eates du 15 ao\u00fbt, le corps de la d\u00e9funte dispara\u00eet soudainement.<\/em><br \/>\u00a0<br \/>\u00a0<br \/><strong>Jeudi 16 mars<\/strong><br \/><strong>Rapt,\u00a0<\/strong>2009, policier de Lucas Belveau, avec Yvan Attal et Fran\u00e7oise Fabian. Dur\u00e9e 2h05<br \/><em>Homme d\u2019industrie et de pouvoir, Stanislas Graff est enlev\u00e9 un matin comme les autres devant son immeuble par un commando de truands. Commence alors un calvaire qui durera plusieurs semaines. Amput\u00e9, humili\u00e9, ni\u00e9 dans son humanit\u00e9, il r\u00e9siste en ne laissant aucune prise \u00e0 ses ravisseurs. Il accepte tout sans r\u00e9volte, sans cri, sans plainte, c\u2019est par la dignit\u00e9 qu\u2019il r\u00e9pond \u00e0 la barbarie.<\/em><br \/>\u00a0<br \/><strong>Jeudi 20 avril<\/strong><br \/><strong>Les Ch\u00e2teaux de sable,\u00a0<\/strong>2015, drame d\u2019Olivier Jahan avec Emma de Caunes, Yannick Renier. Dur\u00e9e 1h42<br \/><em>\u00c9l\u00e9onore, la trentaine, vient de perdre son p\u00e8re. Il lui a l\u00e9gu\u00e9 sa maison en Bretagne, dans les C\u00f4tes d\u2019Armor. Elle est photographe, a connu un certain succ\u00e8s mais les affaires ne marchent plus comme avant. Il faut absolument qu\u2019elle vende cette maison. Elle demande alors \u00e0 Samuel, son ancien petit ami, de l\u2019y accompagner. Le couple va vivre un week-end riche en surprises et en \u00e9motions.<\/em><br \/>\u00a0<br \/>\u00a0<br \/><strong>Conf\u00e9rences<\/strong><br \/>\u00a0<br \/>Lieu : Folkuniversitet, \u00c5kersgr\u00e4nd 1 &#8211; entr\u00e9e gratuite pour les membres, 60kr pour non-membres\u00a0\u00a0<em>Icke medlem 60 kr\/ tillf\u00e4lle<\/em>.<br \/>\u00a0<br \/><strong>Lundi 6 f\u00e9vrier<\/strong><br \/>18h R\u00e9union annuelle,<br \/>18h30 ap\u00e9ritif ouvert \u00e0 tous les participants<br \/>\u00a0<br \/>19h<br \/><strong>Ana Maria Iglesias Botran<\/strong><br \/>Histoire de France au travers de ses chansons<br \/><em>f\u00f6redrag p\u00e5 franska<\/em><br \/>\u00a0<br \/>\u00a0<br \/>\u00a0<br \/><strong>Mardi 14 mars (attention, la conf\u00e9rence aura lieu au bar \u00e0 champagne A Little Party)<\/strong><br \/>\u00a0<br \/>18h30<br \/><strong>Magnus Fritzell,<\/strong><strong>\u00a0le monde du Champagne<\/strong><br \/><em>f\u00f6redrag p\u00e5 svenska<\/em><br \/>\u00a0<br \/>Conf\u00e9rence sur l\u2019exp\u00e9rience d\u2019un importateur et connaisseur de Champagne en Su\u00e8de, autour d\u2019une d\u00e9gustation d\u2019un verre de champagne (80 kr) et d\u2019amuses-bouches.<br \/>Nombre de participants limit\u00e9 \u00e0 30 personnes- priorit\u00e9 aux membres \u00e0 jour de leur cotisation- pri\u00e8re de s\u2019inscrire par mail avant le 10 mars \u00e0 l\u2019adresse hugues.combes@bredband.net<br \/>\u00a0<br \/>\u00a0<br \/><strong>Mardi 18 avril<\/strong><br \/>18h30 verre de l\u2019amiti\u00e9 (30kr)<br \/>\u00a0<br \/>19h<br \/><strong>Odile Mombelli<\/strong><br \/>L\u2019histoire de France en jupons, portraits des grandes femmes de l\u2019histoire de France<br \/><em>f\u00f6redrag p\u00e5 franska<\/em><br \/>\u00a0<br \/>\u00a0<br \/>\u00a0<br \/>\u00a0<br \/><strong>Autres \u00e9v\u00e8nements<\/strong><br \/>A titre d\u2019information, nous aurons la possibilit\u00e9 de visiter le bateau \u00e0 voile d\u2019entra\u00eenement des officiers de la marine fran\u00e7aise la Belle-Poule \u00e0 l\u2019occasion du Tall Ships race 2017 (du 30 juin au 3 juillet). Un cocktail pour 50 personnes (membres de l\u2019Alliance Fran\u00e7aise Halmstad uniquement) sera gracieusement offert par le commandant. Inscription hugues.combes@bredband.net<br \/>(vendredi 30 juin sous r\u00e9serve &#8211; plus de d\u00e9tails ult\u00e9rieurement)<br \/>\u00a0<br \/>\u00a0<br \/>Un concours de dessin sera organis\u00e9 aupr\u00e8s des \u00e9l\u00e8ves de la commune. Prix pour les meilleurs dessins<br \/>\u00a0<\/p><p>Un pic-nique familial sera organis\u00e9 fin mai \u00e0 Galgberget.<br \/><br \/><\/p>\t\t\t\t\t\t\t\t<\/div>\n\t\t\t\t<\/div>\n\t\t\t\t\t<\/div>\n\t\t<\/div>\n\t\t\t\t\t<\/div>\n\t\t<\/section>\n\t\t\t\t<\/div>\n\t\t","protected":false},"excerpt":{"rendered":"<p>Cin\u00e9club\u00a0Notre Cin\u00e9club fran\u00e7ais (des films fran\u00e7ais sous-titr\u00e9s en anglais) ouvert \u00e0 tout le monde continue au printemps, \u00e0 la biblioth\u00e8que de S\u00f6ndrum.\/ V\u00e5r franska filmklubb (\u00f6ppen f\u00f6r alla!) forts\u00e4tter under v\u00e5ren, p\u00e5 S\u00f6ndrums bibliotek. Fika och samtal fr\u00e5n 18.30, film kl.19.\u00a0Filmerna \u00e4r textade till engelska. Fri entr\u00e9. I samarbete med Institut Fran\u00e7ais, Folkuniversitetet och S\u00f6ndrums bibliotek i Halmstad. Info \u00e4ven p\u00e5 bibliotekets hemsida.\u00a0Jeudi 16 f\u00e9vrier21 nuits avec Pattie, 2015, com\u00e9die des fr\u00e8res Larrieu, avec Karin Viard, Andr\u00e9 Dussolier, dur\u00e9e 1h55Caroline d\u00e9barque dans un village du sud de la France. Elle doit organiser les fun\u00e9railles de sa m\u00e8re, avec qui elle avait eu peu de contact. Elle est accueillie par la volage Pattie, qui lui raconte toutes ses exp\u00e9riences sexuelles avec les hommes du coin. Alors que toute la vall\u00e9e se pr\u00e9pare pour les fameuses f\u00eates du 15 ao\u00fbt, le corps de la d\u00e9funte dispara\u00eet soudainement.\u00a0\u00a0Jeudi 16 marsRapt,\u00a02009, policier de Lucas Belveau, avec Yvan Attal et Fran\u00e7oise Fabian. Dur\u00e9e 2h05Homme d\u2019industrie et de pouvoir, Stanislas Graff est enlev\u00e9 un matin comme les autres devant son immeuble par un commando de truands. Commence alors un calvaire qui durera plusieurs semaines. Amput\u00e9, humili\u00e9, ni\u00e9 dans son humanit\u00e9, il r\u00e9siste en ne laissant aucune prise \u00e0 ses ravisseurs. Il accepte tout sans r\u00e9volte, sans cri, sans plainte, c\u2019est par la dignit\u00e9 qu\u2019il r\u00e9pond \u00e0 la barbarie.\u00a0Jeudi 20 avrilLes Ch\u00e2teaux de sable,\u00a02015, drame d\u2019Olivier Jahan avec Emma de Caunes, Yannick Renier. Dur\u00e9e 1h42\u00c9l\u00e9onore, la trentaine, vient de perdre son p\u00e8re. Il lui a l\u00e9gu\u00e9 sa maison en Bretagne, dans les C\u00f4tes d\u2019Armor. Elle est photographe, a connu un certain succ\u00e8s mais les affaires ne marchent plus comme avant. Il faut absolument qu\u2019elle vende cette maison. Elle demande alors \u00e0 Samuel, son ancien petit ami, de l\u2019y accompagner. Le couple va vivre un week-end riche en surprises et en \u00e9motions.\u00a0\u00a0Conf\u00e9rences\u00a0Lieu : Folkuniversitet, \u00c5kersgr\u00e4nd 1 &#8211; entr\u00e9e gratuite pour les membres, 60kr pour non-membres\u00a0\u00a0Icke medlem 60 kr\/ tillf\u00e4lle.\u00a0Lundi 6 f\u00e9vrier18h R\u00e9union annuelle,18h30 ap\u00e9ritif ouvert \u00e0 tous les participants\u00a019hAna Maria Iglesias BotranHistoire de France au travers de ses chansonsf\u00f6redrag p\u00e5 franska\u00a0\u00a0\u00a0Mardi 14 mars (attention, la conf\u00e9rence aura lieu au bar \u00e0 champagne A Little Party)\u00a018h30Magnus Fritzell,\u00a0le monde du Champagnef\u00f6redrag p\u00e5 svenska\u00a0Conf\u00e9rence sur l\u2019exp\u00e9rience d\u2019un importateur et connaisseur de Champagne en Su\u00e8de, autour d\u2019une d\u00e9gustation d\u2019un verre de champagne (80 kr) et d\u2019amuses-bouches.Nombre de participants limit\u00e9 \u00e0 30 personnes- priorit\u00e9 aux membres \u00e0 jour de leur cotisation- pri\u00e8re de s\u2019inscrire par mail avant le 10 mars \u00e0 l\u2019adresse hugues.combes@bredband.net\u00a0\u00a0Mardi 18 avril18h30 verre de l\u2019amiti\u00e9 (30kr)\u00a019hOdile MombelliL\u2019histoire de France en jupons, portraits des grandes femmes de l\u2019histoire de Francef\u00f6redrag p\u00e5 franska\u00a0\u00a0\u00a0\u00a0Autres \u00e9v\u00e8nementsA titre d\u2019information, nous aurons la possibilit\u00e9 de visiter le bateau \u00e0 voile d\u2019entra\u00eenement des officiers de la marine fran\u00e7aise la Belle-Poule \u00e0 l\u2019occasion du Tall Ships race 2017 (du 30 juin au 3 juillet). Un cocktail pour 50 personnes (membres de l\u2019Alliance Fran\u00e7aise Halmstad uniquement) sera gracieusement offert par le commandant. Inscription hugues.combes@bredband.net(vendredi 30 juin sous r\u00e9serve &#8211; plus de d\u00e9tails ult\u00e9rieurement)\u00a0\u00a0Un concours de dessin sera organis\u00e9 aupr\u00e8s des \u00e9l\u00e8ves de la commune. Prix pour les meilleurs dessins\u00a0 Un pic-nique familial sera organis\u00e9 fin mai \u00e0 Galgberget.<\/p>\n","protected":false},"author":1,"featured_media":0,"parent":0,"menu_order":0,"comment_status":"closed","ping_status":"closed","template":"","meta":{"om_disable_all_campaigns":false,"_monsterinsights_skip_tracking":false,"_monsterinsights_sitenote_active":false,"_monsterinsights_sitenote_note":"","_monsterinsights_sitenote_category":0,"_uf_show_specific_survey":0,"_uf_disable_surveys":false,"footnotes":""},"class_list":["post-736","page","type-page","status-publish","hentry"],"aioseo_notices":[],"rttpg_featured_image_url":null,"rttpg_author":{"display_name":"Super.admin","author_link":"http:\/\/alliancefr.se\/halmstad\/author\/admin2174\/"},"rttpg_comment":0,"rttpg_category":" <a href=\"http:\/\/alliancefr.se\/halmstad\/\" rel=\"tag\">Fran\u00e7ais<\/a>","rttpg_excerpt":"Cin\u00e9club\u00a0Notre Cin\u00e9club fran\u00e7ais (des films fran\u00e7ais sous-titr\u00e9s en anglais) ouvert \u00e0 tout le monde continue au printemps, \u00e0 la biblioth\u00e8que de S\u00f6ndrum.\/ V\u00e5r franska filmklubb (\u00f6ppen f\u00f6r alla!) forts\u00e4tter under v\u00e5ren, p\u00e5 S\u00f6ndrums bibliotek. Fika och samtal fr\u00e5n 18.30, film kl.19.\u00a0Filmerna \u00e4r textade till engelska. Fri entr\u00e9. I samarbete med Institut Fran\u00e7ais, Folkuniversitetet och S\u00f6ndrums\u2026","_links":{"self":[{"href":"http:\/\/alliancefr.se\/halmstad\/wp-json\/wp\/v2\/pages\/736","targetHints":{"allow":["GET"]}}],"collection":[{"href":"http:\/\/alliancefr.se\/halmstad\/wp-json\/wp\/v2\/pages"}],"about":[{"href":"http:\/\/alliancefr.se\/halmstad\/wp-json\/wp\/v2\/types\/page"}],"author":[{"embeddable":true,"href":"http:\/\/alliancefr.se\/halmstad\/wp-json\/wp\/v2\/users\/1"}],"replies":[{"embeddable":true,"href":"http:\/\/alliancefr.se\/halmstad\/wp-json\/wp\/v2\/comments?post=736"}],"version-history":[{"count":4,"href":"http:\/\/alliancefr.se\/halmstad\/wp-json\/wp\/v2\/pages\/736\/revisions"}],"predecessor-version":[{"id":740,"href":"http:\/\/alliancefr.se\/halmstad\/wp-json\/wp\/v2\/pages\/736\/revisions\/740"}],"wp:attachment":[{"href":"http:\/\/alliancefr.se\/halmstad\/wp-json\/wp\/v2\/media?parent=736"}],"curies":[{"name":"wp","href":"https:\/\/api.w.org\/{rel}","templated":true}]}}