{"id":716,"date":"2023-10-30T16:49:41","date_gmt":"2023-10-30T15:49:41","guid":{"rendered":"http:\/\/alliancefr.se\/halmstad\/?page_id=716"},"modified":"2023-10-30T16:53:35","modified_gmt":"2023-10-30T15:53:35","slug":"programme-printemps-2023","status":"publish","type":"page","link":"http:\/\/alliancefr.se\/halmstad\/programme-printemps-2023\/","title":{"rendered":"Programme printemps 2023"},"content":{"rendered":"\t\t<div data-elementor-type=\"wp-page\" data-elementor-id=\"716\" class=\"elementor elementor-716\">\n\t\t\t\t\t\t<section class=\"elementor-section elementor-top-section elementor-element elementor-element-8dcdfc7 elementor-section-boxed elementor-section-height-default elementor-section-height-default\" data-id=\"8dcdfc7\" data-element_type=\"section\">\n\t\t\t\t\t\t<div class=\"elementor-container elementor-column-gap-default\">\n\t\t\t\t\t<div class=\"elementor-column elementor-col-100 elementor-top-column elementor-element elementor-element-df1fed9\" data-id=\"df1fed9\" data-element_type=\"column\">\n\t\t\t<div class=\"elementor-widget-wrap elementor-element-populated\">\n\t\t\t\t\t\t<div class=\"elementor-element elementor-element-b3e6fd4 elementor-widget elementor-widget-text-editor\" data-id=\"b3e6fd4\" data-element_type=\"widget\" data-widget_type=\"text-editor.default\">\n\t\t\t\t<div class=\"elementor-widget-container\">\n\t\t\t\t\t\t\t\t\t<p><strong>Mercredi 25 janvier, \u00e0 18 heures<\/strong>&nbsp;<strong>R\u00e9union annuelle suivie par un quiz traditionnel<\/strong><br>Lieu: A&nbsp;Little Party<\/p>\n<p><strong>Vendredi 3 mars, 18 heures<\/strong>&nbsp;<strong>Le Canada de Pierre-Elliott \u00e0 Justin Trudeau<\/strong><br>Andr\u00e9 Leblanc, professeur de fran\u00e7ais de l&rsquo;Acad\u00e9mie de Falun, viendra faire un<br>expos\u00e9 sur l\u2019importance des deux Trudeaux.<br>Tel p\u00e8re, tel fils? Pierre Elliott Trudeau, premier ministre du Canada de 1968 \u00e0&nbsp;1984, a \u00e9t\u00e9 l\u2019un des dirigeants occidentaux les plus connus de son temps, au&nbsp;point qu\u2019on parlait de Trudeaumanie. Son fils Justin, au pouvoir depuis 2015,&nbsp;suscite-t-il le m\u00eame engouement? On verra que le Canada d&rsquo;aujourd&rsquo;hui a \u00e9t\u00e9&nbsp;largement fa\u00e7onn\u00e9 par le p\u00e8re (multiculturalisme, bilinguisme, centralisme) et que&nbsp;c\u2019est au fils qu\u2019il revient de g\u00e9rer cet h\u00e9ritage qui est parfois compliqu\u00e9.<\/p>\n<p><strong>Mercredi<\/strong>&nbsp;<strong>10 mai, 18 heures&nbsp;<\/strong><strong>Femmes en bulles&nbsp;<\/strong><br>Anne-Marie Pauleau, conf\u00e9renci\u00e8re exp\u00e9riment\u00e9e et appr\u00e9ci\u00e9e nous rendra&nbsp;visite. Nous nous r\u00e9jouissons \u00e0 l\u2019avance de cet expos\u00e9 sur les bandes dessin\u00e9es faites par les femmes, qui sera certainement tr\u00e8s int\u00e9ressant. Anne-Marie Pauleau habite actuellement \u00e0 Paris.<\/p>\n<p><strong>En \u00e9t\u00e9 Pique-nique \u00e0 Galgberget<\/strong><br>L\u2019Alliance Fran\u00e7aise de Halmstad invite tous ceux qui s\u2019int\u00e9ressent \u00e0 la&nbsp;culture fran\u00e7aise \u00e0 participer \u00e0 un pique-nique \u00e0 Galgberget. \u00c7a sera une&nbsp;occasion pour des personnes de tous \u00e2ges de se fr\u00e9quenter.<\/p>\t\t\t\t\t\t\t\t<\/div>\n\t\t\t\t<\/div>\n\t\t\t\t\t<\/div>\n\t\t<\/div>\n\t\t\t\t\t<\/div>\n\t\t<\/section>\n\t\t\t\t<\/div>\n\t\t","protected":false},"excerpt":{"rendered":"<p>Mercredi 25 janvier, \u00e0 18 heures&nbsp;R\u00e9union annuelle suivie par un quiz traditionnelLieu: A&nbsp;Little Party Vendredi 3 mars, 18 heures&nbsp;Le Canada de Pierre-Elliott \u00e0 Justin TrudeauAndr\u00e9 Leblanc, professeur de fran\u00e7ais de l&rsquo;Acad\u00e9mie de Falun, viendra faire unexpos\u00e9 sur l\u2019importance des deux Trudeaux.Tel p\u00e8re, tel fils? Pierre Elliott Trudeau, premier ministre du Canada de 1968 \u00e0&nbsp;1984, a \u00e9t\u00e9 l\u2019un des dirigeants occidentaux les plus connus de son temps, au&nbsp;point qu\u2019on parlait de Trudeaumanie. Son fils Justin, au pouvoir depuis 2015,&nbsp;suscite-t-il le m\u00eame engouement? On verra que le Canada d&rsquo;aujourd&rsquo;hui a \u00e9t\u00e9&nbsp;largement fa\u00e7onn\u00e9 par le p\u00e8re (multiculturalisme, bilinguisme, centralisme) et que&nbsp;c\u2019est au fils qu\u2019il revient de g\u00e9rer cet h\u00e9ritage qui est parfois compliqu\u00e9. Mercredi&nbsp;10 mai, 18 heures&nbsp;Femmes en bulles&nbsp;Anne-Marie Pauleau, conf\u00e9renci\u00e8re exp\u00e9riment\u00e9e et appr\u00e9ci\u00e9e nous rendra&nbsp;visite. Nous nous r\u00e9jouissons \u00e0 l\u2019avance de cet expos\u00e9 sur les bandes dessin\u00e9es faites par les femmes, qui sera certainement tr\u00e8s int\u00e9ressant. Anne-Marie Pauleau habite actuellement \u00e0 Paris. En \u00e9t\u00e9 Pique-nique \u00e0 GalgbergetL\u2019Alliance Fran\u00e7aise de Halmstad invite tous ceux qui s\u2019int\u00e9ressent \u00e0 la&nbsp;culture fran\u00e7aise \u00e0 participer \u00e0 un pique-nique \u00e0 Galgberget. \u00c7a sera une&nbsp;occasion pour des personnes de tous \u00e2ges de se fr\u00e9quenter.<\/p>\n","protected":false},"author":1,"featured_media":0,"parent":0,"menu_order":0,"comment_status":"closed","ping_status":"closed","template":"","meta":{"om_disable_all_campaigns":false,"_monsterinsights_skip_tracking":false,"_monsterinsights_sitenote_active":false,"_monsterinsights_sitenote_note":"","_monsterinsights_sitenote_category":0,"_uf_show_specific_survey":0,"_uf_disable_surveys":false,"footnotes":""},"class_list":["post-716","page","type-page","status-publish","hentry"],"aioseo_notices":[],"rttpg_featured_image_url":null,"rttpg_author":{"display_name":"Super.admin","author_link":"http:\/\/alliancefr.se\/halmstad\/author\/admin2174\/"},"rttpg_comment":0,"rttpg_category":" <a href=\"http:\/\/alliancefr.se\/halmstad\/\" rel=\"tag\">Fran\u00e7ais<\/a>","rttpg_excerpt":"Mercredi 25 janvier, \u00e0 18 heures&nbsp;R\u00e9union annuelle suivie par un quiz traditionnelLieu: A&nbsp;Little Party Vendredi 3 mars, 18 heures&nbsp;Le Canada de Pierre-Elliott \u00e0 Justin TrudeauAndr\u00e9 Leblanc, professeur de fran\u00e7ais de l&rsquo;Acad\u00e9mie de Falun, viendra faire unexpos\u00e9 sur l\u2019importance des deux Trudeaux.Tel p\u00e8re, tel fils? Pierre Elliott Trudeau, premier ministre du Canada de 1968 \u00e0&nbsp;1984, a\u2026","_links":{"self":[{"href":"http:\/\/alliancefr.se\/halmstad\/wp-json\/wp\/v2\/pages\/716","targetHints":{"allow":["GET"]}}],"collection":[{"href":"http:\/\/alliancefr.se\/halmstad\/wp-json\/wp\/v2\/pages"}],"about":[{"href":"http:\/\/alliancefr.se\/halmstad\/wp-json\/wp\/v2\/types\/page"}],"author":[{"embeddable":true,"href":"http:\/\/alliancefr.se\/halmstad\/wp-json\/wp\/v2\/users\/1"}],"replies":[{"embeddable":true,"href":"http:\/\/alliancefr.se\/halmstad\/wp-json\/wp\/v2\/comments?post=716"}],"version-history":[{"count":4,"href":"http:\/\/alliancefr.se\/halmstad\/wp-json\/wp\/v2\/pages\/716\/revisions"}],"predecessor-version":[{"id":720,"href":"http:\/\/alliancefr.se\/halmstad\/wp-json\/wp\/v2\/pages\/716\/revisions\/720"}],"wp:attachment":[{"href":"http:\/\/alliancefr.se\/halmstad\/wp-json\/wp\/v2\/media?parent=716"}],"curies":[{"name":"wp","href":"https:\/\/api.w.org\/{rel}","templated":true}]}}