{"id":414,"date":"2020-01-19T11:09:04","date_gmt":"2020-01-19T10:09:04","guid":{"rendered":"http:\/\/alliancefr.se\/falun\/elementor-414\/"},"modified":"2025-04-28T08:05:02","modified_gmt":"2025-04-28T06:05:02","slug":"elementor-414","status":"publish","type":"page","link":"http:\/\/alliancefr.se\/falun\/elementor-414\/","title":{"rendered":"Qui sommes-nous?"},"content":{"rendered":"\t\t<div data-elementor-type=\"wp-post\" data-elementor-id=\"414\" class=\"elementor elementor-414\">\n\t\t\t\t\t\t<section class=\"elementor-section elementor-top-section elementor-element elementor-element-31f0ad62 elementor-section-boxed elementor-section-height-default elementor-section-height-default\" data-id=\"31f0ad62\" data-element_type=\"section\">\n\t\t\t\t\t\t<div class=\"elementor-container elementor-column-gap-default\">\n\t\t\t\t\t<div class=\"elementor-column elementor-col-100 elementor-top-column elementor-element elementor-element-1ec0dc1e\" data-id=\"1ec0dc1e\" data-element_type=\"column\">\n\t\t\t<div class=\"elementor-widget-wrap elementor-element-populated\">\n\t\t\t\t\t\t<div class=\"elementor-element elementor-element-35b81494 elementor-widget elementor-widget-text-editor\" data-id=\"35b81494\" data-element_type=\"widget\" data-widget_type=\"text-editor.default\">\n\t\t\t\t<div class=\"elementor-widget-container\">\n\t\t\t\t\t\t\t\t\t<p>L&rsquo;Alliance Fran\u00e7aise de Falun a \u00e9t\u00e9 fond\u00e9 le 17 Avril 1937.<\/p><p>D\u00e9couvrez l&rsquo;historique de notre alliance via ce lien:\u00a0 &gt; <a href=\"http:\/\/alliancefr.se\/falun\/wp-content\/uploads\/sites\/7\/2019\/04\/Historique-AF-Falun.pdf\"><strong>Historique AF Falun<\/strong><\/a> &lt;<\/p><p>Le bureau en 2025 est compos\u00e9 de :<\/p><ul><li>Andr\u00e9 Leblanc (pr\u00e9sident)<\/li><li>C\u00e9line Rocher-Hahlin (secr\u00e9taire)<\/li><li>Margret Skog (tr\u00e9sori\u00e8re)<\/li><li>Fran\u00e7oise Sule<\/li><li>Anna M\u00e5rtensson Bjerned<\/li><li>Lars-Olof \u00ab\u00a0Loe\u00a0\u00bb Ersson<\/li><\/ul>\t\t\t\t\t\t\t\t<\/div>\n\t\t\t\t<\/div>\n\t\t\t\t\t<\/div>\n\t\t<\/div>\n\t\t\t\t\t<\/div>\n\t\t<\/section>\n\t\t\t\t<\/div>\n\t\t","protected":false},"excerpt":{"rendered":"<p>L&rsquo;Alliance Fran\u00e7aise de Falun a \u00e9t\u00e9 fond\u00e9 le 17 Avril 1937. D\u00e9couvrez l&rsquo;historique de notre alliance via ce lien:\u00a0 &gt; Historique AF Falun &lt; Le bureau en 2025 est compos\u00e9 de : Andr\u00e9 Leblanc (pr\u00e9sident) C\u00e9line Rocher-Hahlin (secr\u00e9taire) Margret Skog (tr\u00e9sori\u00e8re) Fran\u00e7oise Sule Anna M\u00e5rtensson Bjerned Lars-Olof \u00ab\u00a0Loe\u00a0\u00bb Ersson<\/p>\n","protected":false},"author":1,"featured_media":0,"parent":0,"menu_order":0,"comment_status":"closed","ping_status":"closed","template":"","meta":{"om_disable_all_campaigns":false,"_monsterinsights_skip_tracking":false,"_monsterinsights_sitenote_active":false,"_monsterinsights_sitenote_note":"","_monsterinsights_sitenote_category":0,"_uf_show_specific_survey":0,"_uf_disable_surveys":false,"footnotes":""},"class_list":["post-414","page","type-page","status-publish","hentry"],"aioseo_notices":[],"rttpg_featured_image_url":null,"rttpg_author":{"display_name":"Super.admin","author_link":"http:\/\/alliancefr.se\/falun\/author\/admin2174\/"},"rttpg_comment":0,"rttpg_category":" <a href=\"http:\/\/alliancefr.se\/falun\/\" rel=\"tag\">Fran\u00e7ais<\/a>","rttpg_excerpt":"L&rsquo;Alliance Fran\u00e7aise de Falun a \u00e9t\u00e9 fond\u00e9 le 17 Avril 1937. D\u00e9couvrez l&rsquo;historique de notre alliance via ce lien:\u00a0 &gt; Historique AF Falun &lt; Le bureau en 2025 est compos\u00e9 de : Andr\u00e9 Leblanc (pr\u00e9sident) C\u00e9line Rocher-Hahlin (secr\u00e9taire) Margret Skog (tr\u00e9sori\u00e8re) Fran\u00e7oise Sule Anna M\u00e5rtensson Bjerned Lars-Olof \u00ab\u00a0Loe\u00a0\u00bb Ersson","_links":{"self":[{"href":"http:\/\/alliancefr.se\/falun\/wp-json\/wp\/v2\/pages\/414","targetHints":{"allow":["GET"]}}],"collection":[{"href":"http:\/\/alliancefr.se\/falun\/wp-json\/wp\/v2\/pages"}],"about":[{"href":"http:\/\/alliancefr.se\/falun\/wp-json\/wp\/v2\/types\/page"}],"author":[{"embeddable":true,"href":"http:\/\/alliancefr.se\/falun\/wp-json\/wp\/v2\/users\/1"}],"replies":[{"embeddable":true,"href":"http:\/\/alliancefr.se\/falun\/wp-json\/wp\/v2\/comments?post=414"}],"version-history":[{"count":15,"href":"http:\/\/alliancefr.se\/falun\/wp-json\/wp\/v2\/pages\/414\/revisions"}],"predecessor-version":[{"id":927,"href":"http:\/\/alliancefr.se\/falun\/wp-json\/wp\/v2\/pages\/414\/revisions\/927"}],"wp:attachment":[{"href":"http:\/\/alliancefr.se\/falun\/wp-json\/wp\/v2\/media?parent=414"}],"curies":[{"name":"wp","href":"https:\/\/api.w.org\/{rel}","templated":true}]}}